{"id":8474,"date":"2021-10-18T12:09:12","date_gmt":"2021-10-18T10:09:12","guid":{"rendered":"https:\/\/serveiseducatius.xtec.cat\/cda-tuixent\/?page_id=8474"},"modified":"2026-02-20T13:25:41","modified_gmt":"2026-02-20T12:25:41","slug":"maleta-pedagogica","status":"publish","type":"page","link":"https:\/\/serveiseducatius.xtec.cat\/cda-tuixent\/ambits\/maleta-pedagogica\/","title":{"rendered":"Maleta pedag\u00f2gica"},"content":{"rendered":"<p><strong>QU\u00c8 \u00c9S LA MALETA PEDAG\u00d2GICA?<\/strong><\/p>\n<p style=\"text-align: justify;\"><span style=\"font-weight: 400;\">Una maleta pedag\u00f2gica \u00e9s un material did\u00e0ctic i educatiu que incorpora material per a la realitzaci\u00f3 d\u2019una activitat concreta. Aquesta est\u00e0 composta de totes les eines necess\u00e0ries per dur a terme l\u2019activitat en qualsevol entorn, aula o espai. Aquesta activitat es realitza amb l\u2019ajuda d\u2019un professional amb coneixements de la mat\u00e8ria.<\/span><\/p>\n<p style=\"text-align: justify;\">Aix\u00ed doncs, aquesta activitat \u00e9s apta per dur-se a terme a qualsevol dels centres educatius de la zona: Alt Urgell, Solson\u00e8s, Cerdanya i Bergued\u00e0. Si no saps si podria dur-se a terme al teu centre educatiu, posa&#8217;t en contacte amb nosaltres i respondrem qualsevol dubte!<\/p>\n<p><strong>A la nostra maleta disposem de diferents\u00a0 tallers: <\/strong><\/p>\n<ul>\n<li><strong>EDUCACI\u00d3 INFANTIL<\/strong>\n<ul>\n<li style=\"list-style-type: none;\">\n<ul>\n<li><strong>Maria, la trementinaire: <\/strong>L&#8217;alumnat coneixer\u00e0 la Maria, una trementinaire que els hi explicar\u00e0 el seu ofici i els proposar\u00e0 d&#8217;elaborar uns saquets arom\u00e0tics barrejant diferents plantes per tal d&#8217;experimentar amb textures i aromes diferents.<\/li>\n<li><strong>Josa, l&#8217;artista despistada<\/strong>: L&#8217;alumnat ajudar\u00e0 la Josa a buscar la seva obra d&#8217;art, que ha perdut pel pati de l&#8217;escola, posteriorment recolliran pel pati el material natural: branques, fulles&#8230; amb el que cadasc\u00fa far\u00e0 la seva pr\u00f2pia obra d&#8217;art.<\/li>\n<li><strong>Eudald, el guardabosc<\/strong>: L&#8217;alumnat ajudar\u00e0 l&#8217;Eudald a descobrir quins animals s&#8217;han reunit al pati de l&#8217;escola aquesta nit a partir de l&#8217;estudi d&#8217;una s\u00e8rie de rastres, i deduiran quin de tots ells era un animal que s&#8217;havia perdut.<\/li>\n<\/ul>\n<\/li>\n<\/ul>\n<\/li>\n<\/ul>\n<ul>\n<li><strong>EDUCACI\u00d3\u00a0 PRIM\u00c0RIA<\/strong>\n<ul>\n<li style=\"list-style-type: none;\">\n<ul>\n<li><strong>Pomada de cal\u00e8ndula:<\/strong> Coneixerem la cal\u00e8ndula, sabrem distingir els seus elements i experimentarem amb el tractament d&#8217;aquesta planta per obtenir un producte final amb propietats hidratants.<\/li>\n<li><strong>Tresors geol\u00f2gics de l&#8217;entorn:<\/strong> A partir de diferents mostres de roques coneixerem els principals tipus de roques, el seu proc\u00e9s de formaci\u00f3, l&#8217;edat de cada roca i l&#8217;inter\u00e8s geol\u00f2gic de cadascuna, per tal de posar en valor el patrimoni geol\u00f2gic de l&#8217;entorn proper.<\/li>\n<\/ul>\n<\/li>\n<\/ul>\n<\/li>\n<\/ul>\n<ul>\n<li><strong>EDUCACI\u00d3 SECUND\u00c0RIA<\/strong><br \/>\n<ul>\n<li style=\"list-style-type: none;\">\n<ul>\n<li><strong>Pomada de cal\u00e8ndula:<\/strong> Coneixerem la cal\u00e8ndula, sabrem distingir els seus elements i experimentarem amb el tractament d&#8217;aquesta planta per obtenir un producte final amb propietats hidratants.<\/li>\n<li><strong>Tresors geol\u00f2gics de l&#8217;entorn:<\/strong> A partir de diferents mostres de roques coneixerem els principals tipus de roques, el seu proc\u00e9s de formaci\u00f3, l&#8217;edat de cada roca i l&#8217;inter\u00e8s geol\u00f2gic de cadascuna, per tal de posar en valor el patrimoni geol\u00f2gic de l&#8217;entorn proper.<\/li>\n<\/ul>\n<\/li>\n<\/ul>\n<\/li>\n<\/ul>\n<ul>\n<li><strong>BATXILLERAT<\/strong><br \/>\n<ul>\n<li style=\"list-style-type: none;\">\n<ul>\n<li><strong>Tresors geol\u00f2gics de l&#8217;entorn:<\/strong> A partir de diferents mostres de roques coneixerem els principals tipus de roques, el seu proc\u00e9s de formaci\u00f3, l&#8217;edat de cada roca i l&#8217;inter\u00e8s geol\u00f2gic de cadascuna, per tal de posar en valor el patrimoni geol\u00f2gic de l&#8217;entorn proper.<\/li>\n<\/ul>\n<\/li>\n<\/ul>\n<\/li>\n<\/ul>\n\n\n<p><\/p>\n","protected":false},"excerpt":{"rendered":"<p>QU\u00c8 \u00c9S LA MALETA PEDAG\u00d2GICA? Una maleta pedag\u00f2gica \u00e9s un material did\u00e0ctic i educatiu que incorpora material per a la [&hellip;]<\/p>\n","protected":false},"author":1,"featured_media":0,"parent":8235,"menu_order":0,"comment_status":"closed","ping_status":"closed","template":"","meta":{"_bbp_topic_count":0,"_bbp_reply_count":0,"_bbp_total_topic_count":0,"_bbp_total_reply_count":0,"_bbp_voice_count":0,"_bbp_anonymous_reply_count":0,"_bbp_topic_count_hidden":0,"_bbp_reply_count_hidden":0,"_bbp_forum_subforum_count":0,"site-sidebar-layout":"default","site-content-layout":"","ast-site-content-layout":"default","site-content-style":"default","site-sidebar-style":"default","ast-global-header-display":"","ast-banner-title-visibility":"","ast-main-header-display":"","ast-hfb-above-header-display":"","ast-hfb-below-header-display":"","ast-hfb-mobile-header-display":"","site-post-title":"","ast-breadcrumbs-content":"","ast-featured-img":"","footer-sml-layout":"","theme-transparent-header-meta":"","adv-header-id-meta":"","stick-header-meta":"","header-above-stick-meta":"","header-main-stick-meta":"","header-below-stick-meta":"","astra-migrate-meta-layouts":"set","ast-page-background-enabled":"default","ast-page-background-meta":{"desktop":{"background-color":"var(--ast-global-color-4)","background-image":"","background-repeat":"repeat","background-position":"center center","background-size":"auto","background-attachment":"scroll","background-type":"","background-media":"","overlay-type":"","overlay-color":"","overlay-opacity":"","overlay-gradient":""},"tablet":{"background-color":"","background-image":"","background-repeat":"repeat","background-position":"center center","background-size":"auto","background-attachment":"scroll","background-type":"","background-media":"","overlay-type":"","overlay-color":"","overlay-opacity":"","overlay-gradient":""},"mobile":{"background-color":"","background-image":"","background-repeat":"repeat","background-position":"center center","background-size":"auto","background-attachment":"scroll","background-type":"","background-media":"","overlay-type":"","overlay-color":"","overlay-opacity":"","overlay-gradient":""}},"ast-content-background-meta":{"desktop":{"background-color":"var(--ast-global-color-5)","background-image":"","background-repeat":"repeat","background-position":"center center","background-size":"auto","background-attachment":"scroll","background-type":"","background-media":"","overlay-type":"","overlay-color":"","overlay-opacity":"","overlay-gradient":""},"tablet":{"background-color":"var(--ast-global-color-5)","background-image":"","background-repeat":"repeat","background-position":"center center","background-size":"auto","background-attachment":"scroll","background-type":"","background-media":"","overlay-type":"","overlay-color":"","overlay-opacity":"","overlay-gradient":""},"mobile":{"background-color":"var(--ast-global-color-5)","background-image":"","background-repeat":"repeat","background-position":"center center","background-size":"auto","background-attachment":"scroll","background-type":"","background-media":"","overlay-type":"","overlay-color":"","overlay-opacity":"","overlay-gradient":""}},"footnotes":""},"class_list":["post-8474","page","type-page","status-publish","hentry"],"post_mailing_queue_ids":[],"_links":{"self":[{"href":"https:\/\/serveiseducatius.xtec.cat\/cda-tuixent\/wp-json\/wp\/v2\/pages\/8474","targetHints":{"allow":["GET"]}}],"collection":[{"href":"https:\/\/serveiseducatius.xtec.cat\/cda-tuixent\/wp-json\/wp\/v2\/pages"}],"about":[{"href":"https:\/\/serveiseducatius.xtec.cat\/cda-tuixent\/wp-json\/wp\/v2\/types\/page"}],"author":[{"embeddable":true,"href":"https:\/\/serveiseducatius.xtec.cat\/cda-tuixent\/wp-json\/wp\/v2\/users\/1"}],"replies":[{"embeddable":true,"href":"https:\/\/serveiseducatius.xtec.cat\/cda-tuixent\/wp-json\/wp\/v2\/comments?post=8474"}],"version-history":[{"count":6,"href":"https:\/\/serveiseducatius.xtec.cat\/cda-tuixent\/wp-json\/wp\/v2\/pages\/8474\/revisions"}],"predecessor-version":[{"id":9579,"href":"https:\/\/serveiseducatius.xtec.cat\/cda-tuixent\/wp-json\/wp\/v2\/pages\/8474\/revisions\/9579"}],"up":[{"embeddable":true,"href":"https:\/\/serveiseducatius.xtec.cat\/cda-tuixent\/wp-json\/wp\/v2\/pages\/8235"}],"wp:attachment":[{"href":"https:\/\/serveiseducatius.xtec.cat\/cda-tuixent\/wp-json\/wp\/v2\/media?parent=8474"}],"curies":[{"name":"wp","href":"https:\/\/api.w.org\/{rel}","templated":true}]}}