{"id":254,"date":"2013-11-16T11:47:36","date_gmt":"2013-11-16T10:47:36","guid":{"rendered":"http:\/\/blocs.xtec.cat\/cdaaltbergueda\/?page_id=254"},"modified":"2025-04-22T09:54:17","modified_gmt":"2025-04-22T07:54:17","slug":"inscripcio","status":"publish","type":"page","link":"https:\/\/serveiseducatius.xtec.cat\/cda-tuixent\/inscripcio\/","title":{"rendered":"Inscripci\u00f3"},"content":{"rendered":"<p>El calendari d&#8217;inscripci\u00f3 \u00e9s el seg\u00fcent:<\/p>\n<ul>\n<li>Sol\u00b7licituds\u00a0d\u2019inscripci\u00f3 en\u00a0<strong>per\u00edode ordinari<\/strong>:\u00a0<strong>del 2 de maig al 31 de maig de 2025<\/strong><\/li>\n<li>Sol\u00b7licituds\u00a0<b><\/b>d\u2019inscripci\u00f3 en\u00a0<strong>per\u00edode extraordinari<\/strong>:\u00a0<strong>de l\u20191 de juny de 2025 a l\u20191 de juny de 2026<\/strong><\/li>\n<li><strong>Assignaci\u00f3<\/strong>\u00a0de les sol\u00b7licituds:\u00a0<strong>de l\u20191 al 25 de juny de 2025<\/strong><\/li>\n<li><strong>Acceptaci\u00f3<\/strong>\u00a0de l\u2019assignaci\u00f3 per part del\u00a0<strong>centre<\/strong>:\u00a0<strong>del 26 de juny de 2025 al 10 de juliol de 2026<\/strong><\/li>\n<li><strong>Inscripci\u00f3<\/strong>: el centre educatiu quedar\u00e0 inscrit, nom\u00e9s, si s\u2019ha fet un bon moment 1 en acord entre el centre educatiu i el CdA\/EdA i si accepta l\u2019assignaci\u00f3.<\/li>\n<\/ul>\n<p><strong>Sol\u00b7licituds en per\u00edode ordinari a l\u2019<a href=\"https:\/\/aplicacions.gestioeducativa.gencat.cat\/siteminderagent\/forms\/gicar2021\/loginCorpCmo2021v17.fcc?TYPE=33554433&amp;REALMOID=06-0008efb0-d968-1192-92c3-802b0a340000&amp;GUID=&amp;SMAUTHREASON=0&amp;METHOD=GET&amp;SMAGENTNAME=-SM-JQBOjQHFW32qhaFzfRxvjZBRwb35kvzx9Hh2XI9ZV%2bvTKy0PMQ2oZJVwbVTWDc9d&amp;TARGET=-SM-HTTPS%3a%2f%2faplicacions%2eensenyament%2egencat%2ecat%2fpls%2fapex%2fapex_authentication%2ecallback%3fp_session_id%3d310281731549281%26p_app_id%3d151%26p_ajax_identifier%3deyiOE7vI0PhrFZ1q9ET0bZSwH79CYk_aV0scpqe4LaE%26p_page_id%3d501\">aplicaci\u00f3 CAMPS<\/a>\u00a0<\/strong>(Cal accedir-hi amb el codi i contrasenya que el centre t\u00e9 a la XTEC)<\/p>\n<h1><strong style=\"color: #000000;\">Inscripci\u00f3 fora de per\u00edode<\/strong><\/h1>\n<p>Per demanar sortides (un dia) o estades (m\u00e9s d&#8217;un dia) fora del per\u00edode d&#8217;inscripci\u00f3, podeu consultar la disponibilitat al nostre calendari o enviar-nos un correu a cda-tuixent@xtec.cat<\/p>\n<h1><strong>Quotes<\/strong><\/h1>\n<p>Les quotes de l&#8217;Entorn d&#8217;Aprenentatge de Tuixent s\u00f3n oficials a tots els Camps i entorns d&#8217;Aprenentatge d&#8217;arreu de Catalunya, i corresponen a un import de 3\u20ac per alumne i dia.<\/p>\n<p>Per altra banda, els preus de l&#8217;Alberg Can Cortina estan explicades a l&#8217;apartat &#8220;Quotes&#8221; dins la pestanya &#8220;amb els centres&#8221;.<\/p>\n","protected":false},"excerpt":{"rendered":"<p>El calendari d&#8217;inscripci\u00f3 \u00e9s el seg\u00fcent: Sol\u00b7licituds\u00a0d\u2019inscripci\u00f3 en\u00a0per\u00edode ordinari:\u00a0del 2 de maig al 31 de maig de 2025 Sol\u00b7licituds\u00a0d\u2019inscripci\u00f3 en\u00a0per\u00edode [&hellip;]<\/p>\n","protected":false},"author":1,"featured_media":0,"parent":0,"menu_order":0,"comment_status":"closed","ping_status":"closed","template":"","meta":{"_bbp_topic_count":0,"_bbp_reply_count":0,"_bbp_total_topic_count":0,"_bbp_total_reply_count":0,"_bbp_voice_count":0,"_bbp_anonymous_reply_count":0,"_bbp_topic_count_hidden":0,"_bbp_reply_count_hidden":0,"_bbp_forum_subforum_count":0,"site-sidebar-layout":"default","site-content-layout":"","ast-site-content-layout":"default","site-content-style":"default","site-sidebar-style":"default","ast-global-header-display":"","ast-banner-title-visibility":"","ast-main-header-display":"","ast-hfb-above-header-display":"","ast-hfb-below-header-display":"","ast-hfb-mobile-header-display":"","site-post-title":"","ast-breadcrumbs-content":"","ast-featured-img":"","footer-sml-layout":"","theme-transparent-header-meta":"","adv-header-id-meta":"","stick-header-meta":"","header-above-stick-meta":"","header-main-stick-meta":"","header-below-stick-meta":"","astra-migrate-meta-layouts":"set","ast-page-background-enabled":"default","ast-page-background-meta":{"desktop":{"background-color":"var(--ast-global-color-4)","background-image":"","background-repeat":"repeat","background-position":"center center","background-size":"auto","background-attachment":"scroll","background-type":"","background-media":"","overlay-type":"","overlay-color":"","overlay-opacity":"","overlay-gradient":""},"tablet":{"background-color":"","background-image":"","background-repeat":"repeat","background-position":"center center","background-size":"auto","background-attachment":"scroll","background-type":"","background-media":"","overlay-type":"","overlay-color":"","overlay-opacity":"","overlay-gradient":""},"mobile":{"background-color":"","background-image":"","background-repeat":"repeat","background-position":"center center","background-size":"auto","background-attachment":"scroll","background-type":"","background-media":"","overlay-type":"","overlay-color":"","overlay-opacity":"","overlay-gradient":""}},"ast-content-background-meta":{"desktop":{"background-color":"var(--ast-global-color-5)","background-image":"","background-repeat":"repeat","background-position":"center center","background-size":"auto","background-attachment":"scroll","background-type":"","background-media":"","overlay-type":"","overlay-color":"","overlay-opacity":"","overlay-gradient":""},"tablet":{"background-color":"var(--ast-global-color-5)","background-image":"","background-repeat":"repeat","background-position":"center center","background-size":"auto","background-attachment":"scroll","background-type":"","background-media":"","overlay-type":"","overlay-color":"","overlay-opacity":"","overlay-gradient":""},"mobile":{"background-color":"var(--ast-global-color-5)","background-image":"","background-repeat":"repeat","background-position":"center center","background-size":"auto","background-attachment":"scroll","background-type":"","background-media":"","overlay-type":"","overlay-color":"","overlay-opacity":"","overlay-gradient":""}},"footnotes":""},"class_list":["post-254","page","type-page","status-publish","hentry"],"post_mailing_queue_ids":[],"_links":{"self":[{"href":"https:\/\/serveiseducatius.xtec.cat\/cda-tuixent\/wp-json\/wp\/v2\/pages\/254","targetHints":{"allow":["GET"]}}],"collection":[{"href":"https:\/\/serveiseducatius.xtec.cat\/cda-tuixent\/wp-json\/wp\/v2\/pages"}],"about":[{"href":"https:\/\/serveiseducatius.xtec.cat\/cda-tuixent\/wp-json\/wp\/v2\/types\/page"}],"author":[{"embeddable":true,"href":"https:\/\/serveiseducatius.xtec.cat\/cda-tuixent\/wp-json\/wp\/v2\/users\/1"}],"replies":[{"embeddable":true,"href":"https:\/\/serveiseducatius.xtec.cat\/cda-tuixent\/wp-json\/wp\/v2\/comments?post=254"}],"version-history":[{"count":6,"href":"https:\/\/serveiseducatius.xtec.cat\/cda-tuixent\/wp-json\/wp\/v2\/pages\/254\/revisions"}],"predecessor-version":[{"id":9228,"href":"https:\/\/serveiseducatius.xtec.cat\/cda-tuixent\/wp-json\/wp\/v2\/pages\/254\/revisions\/9228"}],"wp:attachment":[{"href":"https:\/\/serveiseducatius.xtec.cat\/cda-tuixent\/wp-json\/wp\/v2\/media?parent=254"}],"curies":[{"name":"wp","href":"https:\/\/api.w.org\/{rel}","templated":true}]}}