{"id":8466,"date":"2016-12-27T11:42:01","date_gmt":"2016-12-27T10:42:01","guid":{"rendered":"http:\/\/serveiseducatius.xtec.cat\/cda-tremp\/?page_id=8466"},"modified":"2025-03-21T14:15:17","modified_gmt":"2025-03-21T13:15:17","slug":"quotes-i-pagaments","status":"publish","type":"page","link":"https:\/\/serveiseducatius.xtec.cat\/cda-tremp\/amb-els-centres\/quotes-i-pagaments\/","title":{"rendered":"Quotes i pagaments"},"content":{"rendered":"<p>Els preus a pagar per les activitats realitzades al CdA de Tremp, aix\u00ed com de l\u2019allotjament i manutenci\u00f3 a l\u2019Alberg del Pallars, estan regulats per llei pel Departament d\u2019Educaci\u00f3, i publicats a la seg\u00fcent p\u00e0gina web: <a href=\"http:\/\/xtec.gencat.cat\/ca\/serveis\/sesc\/cda\/inscripcio\/\" target=\"_blank\" rel=\"noopener\"><span style=\"color: #e64a19;\"> http:\/\/xtec.gencat.cat\/ca\/serveis\/cda\/inscripcio\/<\/span><\/a><\/p>\n\t\t\t\t\t\t<style>\r\n\t\t\t\t\r\n\t\t\t\t\t#tab_container_10184 {\r\n\toverflow:hidden;\r\n\tdisplay:block;\r\n\twidth:100%;\r\n\tborder:0px solid #ddd;\r\n\tmargin-bottom:30px;\r\n\t}\r\n\r\n#tab_container_10184 .tab-content{\r\n\tpadding:20px;\r\n\tborder: 1px solid #ccc6c1 !important;\r\n\tmargin-top: 0px;\r\n\tbackground-color:#e5dfda !important;\r\n\tcolor: #000000 !important;\r\n\tfont-size:14px !important;\r\n\tfont-family: Arial !important;\r\n\t\r\n\t\tborder: 1px solid #ccc6c1 !important;\r\n\t}\r\n#tab_container_10184 .wpsm_nav-tabs {\r\n    border-bottom: 0px solid #ddd;\r\n}\r\n#tab_container_10184 .wpsm_nav-tabs > li.active > a, #tab_container_10184 .wpsm_nav-tabs > li.active > a:hover, #tab_container_10184 .wpsm_nav-tabs > li.active > a:focus {\r\n\tcolor: #000000 !important;\r\n\tcursor: default;\r\n\tbackground-color: #e5dfda !important;\r\n\tborder: 1px solid #ccc6c1 !important;\r\n}\r\n\r\n#tab_container_10184 .wpsm_nav-tabs > li > a {\r\n    margin-right: 0px !important; \r\n    line-height: 1.42857143 !important;\r\n    border: 1px solid #97430b !important;\r\n    border-radius: 0px 0px 0 0 !important; \r\n\tbackground-color: #aa561e !important;\r\n\tcolor: #000000 !important;\r\n\tpadding: 15px 18px 15px 18px !important;\r\n\ttext-decoration: none !important;\r\n\tfont-size: 16px !important;\r\n\ttext-align:center !important;\r\n\tfont-family: Arial !important;\r\n}\r\n#tab_container_10184 .wpsm_nav-tabs > li > a:focus {\r\noutline: 0px !important;\r\n}\r\n\r\n#tab_container_10184 .wpsm_nav-tabs > li > a:before {\r\n\tdisplay:none !important;\r\n}\r\n#tab_container_10184 .wpsm_nav-tabs > li > a:after {\r\n\tdisplay:none !important ;\r\n}\r\n#tab_container_10184 .wpsm_nav-tabs > li{\r\npadding:0px !important ;\r\nmargin:0px;\r\n}\r\n\r\n#tab_container_10184 .wpsm_nav-tabs > li > a:hover , #tab_container_10184 .wpsm_nav-tabs > li > a:focus {\r\n    color: #000000 !important;\r\n    background-color: #aa561e !important;\r\n\tborder: 1px solid #97430b !important;\r\n\t\r\n}\r\n#tab_container_10184 .wpsm_nav-tabs > li > a .fa{\r\n\r\nmargin-right:5px !important;\r\n\r\nmargin-left:5px !important;\r\n\r\n\r\n}\r\n\r\n\t\t#tab_container_10184 .wpsm_nav-tabs a{\r\n\t\t\tbackground-image: none;\r\n\t\t\tbackground-position: 0 0;\r\n\t\t\tbackground-repeat: repeat-x;\r\n\t\t}\r\n\t\t\t\r\n\r\n\r\n#tab_container_10184 .wpsm_nav-tabs > li {\r\n    float: left;\r\n    margin-bottom: -1px !important;\r\n\tmargin-right:0px !important; \r\n}\r\n\r\n\r\n#tab_container_10184 .tab-content{\r\noverflow:hidden !important;\r\n}\r\n\r\n\r\n@media (min-width: 769px) {\r\n\r\n\t#tab_container_10184 .wpsm_nav-tabs > li{\r\n\t\tfloat:left !important ;\r\n\t\t\t\tmargin-right:-1px !important;\r\n\t\t\t\t\t}\r\n\t#tab_container_10184 .wpsm_nav-tabs{\r\n\t\tfloat:none !important;\r\n\t\tmargin:0px !important;\r\n\t}\r\n\r\n\t#tab_container_10184 .wpsm_nav-tabs > li {\r\n\t\t\t\t\r\n\t}\r\n\t#tab_container_10184 .wpsm_nav{\r\n\t\t\t}\r\n\r\n}\r\n\r\n\r\n\r\n@media (max-width: 768px) {\r\n\t#tab_container_10184 .wpsm_nav-tabs > li {\r\n\t\t\t\t\r\n\t}\r\n\t#tab_container_10184 .wpsm_nav{\r\n\t\t\t}\r\n}\r\n\r\n\r\n\t.wpsm_nav-tabs li:before{\r\n\t\tdisplay:none !important;\r\n\t}\r\n\r\n\t@media (max-width: 768px) {\r\n\t\t\t\t\r\n\t\t\t\t.wpsm_nav-tabs{\r\n\t\t\tmargin-left:0px !important;\r\n\t\t\tmargin-right:0px !important; \r\n\t\t\t\r\n\t\t}\r\n\t\t\t\t#tab_container_10184 .wpsm_nav-tabs > li{\r\n\t\t\tfloat:none !important;\r\n\t\t}\r\n\t\t\t\r\n\t}\t\t\t\t<\/style>\r\n\t\t\t\t<div id=\"tab_container_10184\" >\r\n\t \r\n\t\t\t\t\t<ul class=\"wpsm_nav wpsm_nav-tabs\" role=\"tablist\" id=\"myTab_10184\">\r\n\t\t\t\t\t\t\t\r\n\t\t\t\t\t\t\t<li role=\"presentation\"  class=\"active\"  onclick=\"do_resize()\">\r\n\r\n\t\t\t\t\t\t\t\t<!-- XTEC ************ MODIFICAT - Disable scrolling on tab change. Fixes error in option \"Tabs Description Animation\" -->\r\n\t\t\t\t\t\t\t\t<!-- 2021.12.01 @aginard -->\r\n\t\t\t\t\t\t\t\t<a href=\"javascript:void(0);\" aria-controls=\"tabs_desc_10184_1\" role=\"tab\" data-toggle=\"tab\" data-target=\"#tabs_desc_10184_1\">\r\n\t\t\t\t\t\t\t\t<!-- ORIGINAL\r\n\t\t\t\t\t\t\t\t<a href=\"#tabs_desc_10184_1\" aria-controls=\"tabs_desc_10184_1\" role=\"tab\" data-toggle=\"tab\">\r\n\t\t\t\t\t\t\t\t-->\r\n\t\t\t\t\t\t\t\t<!-- ************ FI -->\r\n\t\t\t\t\t\t\t\t\t\r\n\t\t\t\t\t\t\t\t\t\t\t\t\t\t\t\t\t\t\t\t\t\t\t\t\t\t\t\t\t\t\t<i class=\"fa fa-leaf\"><\/i> \t\t\t\t\t\t\t\t\t\t\t\t\t\t\t\t\t\t\t\r\n\t\t\t\t\t\t\t\t\t\t\t\t\t\t\t\t\t\t\r\n\t\t\t\t\t\t\t\t\t<span>Activitats<\/span>\r\n\t\t\t\t\t\t\t\t\t\r\n\t\t\t\t\t\t\t\t\t\t\t\t\t\t\t\t\t\t\r\n\t\t\t\t\t\t\t\t\t\t\t\t\t\t\t\t\t\t\t\t\r\n\t\t\t\t\t\t\t\t\t\r\n\t\t\t\t\t\t\t\t<\/a>\r\n\t\t\t\t\t\t\t<\/li>\r\n\t\t\t\t\t\t\t\r\n\t\t\t\t\t\t\t<li role=\"presentation\"  onclick=\"do_resize()\">\r\n\r\n\t\t\t\t\t\t\t\t<!-- XTEC ************ MODIFICAT - Disable scrolling on tab change. Fixes error in option \"Tabs Description Animation\" -->\r\n\t\t\t\t\t\t\t\t<!-- 2021.12.01 @aginard -->\r\n\t\t\t\t\t\t\t\t<a href=\"javascript:void(0);\" aria-controls=\"tabs_desc_10184_2\" role=\"tab\" data-toggle=\"tab\" data-target=\"#tabs_desc_10184_2\">\r\n\t\t\t\t\t\t\t\t<!-- ORIGINAL\r\n\t\t\t\t\t\t\t\t<a href=\"#tabs_desc_10184_2\" aria-controls=\"tabs_desc_10184_2\" role=\"tab\" data-toggle=\"tab\">\r\n\t\t\t\t\t\t\t\t-->\r\n\t\t\t\t\t\t\t\t<!-- ************ FI -->\r\n\t\t\t\t\t\t\t\t\t\r\n\t\t\t\t\t\t\t\t\t\t\t\t\t\t\t\t\t\t\t\t\t\t\t\t\t\t\t\t\t\t\t<i class=\"fa fa-home\"><\/i> \t\t\t\t\t\t\t\t\t\t\t\t\t\t\t\t\t\t\t\r\n\t\t\t\t\t\t\t\t\t\t\t\t\t\t\t\t\t\t\r\n\t\t\t\t\t\t\t\t\t<span>Allotjament i manutenci\u00f3<\/span>\r\n\t\t\t\t\t\t\t\t\t\r\n\t\t\t\t\t\t\t\t\t\t\t\t\t\t\t\t\t\t\r\n\t\t\t\t\t\t\t\t\t\t\t\t\t\t\t\t\t\t\t\t\r\n\t\t\t\t\t\t\t\t\t\r\n\t\t\t\t\t\t\t\t<\/a>\r\n\t\t\t\t\t\t\t<\/li>\r\n\t\t\t\t\t\t\t\r\n\t\t\t\t\t\t\t<li role=\"presentation\"  onclick=\"do_resize()\">\r\n\r\n\t\t\t\t\t\t\t\t<!-- XTEC ************ MODIFICAT - Disable scrolling on tab change. Fixes error in option \"Tabs Description Animation\" -->\r\n\t\t\t\t\t\t\t\t<!-- 2021.12.01 @aginard -->\r\n\t\t\t\t\t\t\t\t<a href=\"javascript:void(0);\" aria-controls=\"tabs_desc_10184_3\" role=\"tab\" data-toggle=\"tab\" data-target=\"#tabs_desc_10184_3\">\r\n\t\t\t\t\t\t\t\t<!-- ORIGINAL\r\n\t\t\t\t\t\t\t\t<a href=\"#tabs_desc_10184_3\" aria-controls=\"tabs_desc_10184_3\" role=\"tab\" data-toggle=\"tab\">\r\n\t\t\t\t\t\t\t\t-->\r\n\t\t\t\t\t\t\t\t<!-- ************ FI -->\r\n\t\t\t\t\t\t\t\t\t\r\n\t\t\t\t\t\t\t\t\t\t\t\t\t\t\t\t\t\t\t\t\t\t\t\t\t\t\t\t\t\t\t<i class=\"fa fa-automobile\"><\/i> \t\t\t\t\t\t\t\t\t\t\t\t\t\t\t\t\t\t\t\r\n\t\t\t\t\t\t\t\t\t\t\t\t\t\t\t\t\t\t\r\n\t\t\t\t\t\t\t\t\t<span>Despla\u00e7aments<\/span>\r\n\t\t\t\t\t\t\t\t\t\r\n\t\t\t\t\t\t\t\t\t\t\t\t\t\t\t\t\t\t\r\n\t\t\t\t\t\t\t\t\t\t\t\t\t\t\t\t\t\t\t\t\r\n\t\t\t\t\t\t\t\t\t\r\n\t\t\t\t\t\t\t\t<\/a>\r\n\t\t\t\t\t\t\t<\/li>\r\n\t\t\t\t\t\t\t\t\t\t\t <\/ul>\r\n\r\n\t\t\t\t\t  <!-- Tab panes -->\r\n\t\t\t\t\t  <div class=\"tab-content\" id=\"tab-content_10184\">\r\n\t\t\t\t\t\t\t\t\t\t\t\t <div role=\"tabpanel\" class=\"tab-pane  in active \" id=\"tabs_desc_10184_1\">\r\n\t\t\t\t\t\t\t\t<h6 style=\"text-align: justify\"><strong>Segons l'ORDRE ENS\/163\/2016, les quotes d\u2019activitats d\u2019ensenyament-aprenentatge s\u00f3n les seg\u00fcents:<\/strong><\/h6>\n<table style=\"background-color: #f6eeec;width: 465px\" width=\"556\">\n<tbody>\n<tr>\n<td style=\"background-color: #d1b8b8;width: 267.517px\"><strong>Tipus d\u2019activitat<\/strong><\/td>\n<td style=\"background-color: #d1b8b8;width: 190.017px\"><strong>Import per alumne i dia<\/strong><\/td>\n<\/tr>\n<tr>\n<td style=\"background-color: #f0d5c7;width: 267.517px\">Activitats d\u2019un dia (sense estada)<\/td>\n<td style=\"background-color: #f0d5c7;width: 190.017px\">\u00a0 3 \u20ac per alumne<\/td>\n<\/tr>\n<tr style=\"background-color: #fafcff\">\n<td style=\"background-color: #f0d5c7;width: 267.517px\">Activitats en el marc d\u2019una estada<\/td>\n<td style=\"background-color: #f0d5c7;width: 190.017px\">\u00a0 3 \u20ac per alumne i dia<\/td>\n<\/tr>\n<\/tbody>\n<\/table>\n<p style=\"text-align: justify\">Aquest abonament es realitzar\u00e0 mitjan\u00e7ant transfer\u00e8ncia bancaria al compte corrent del CdA de Tremp:<\/p>\n<p style=\"text-align: center\"><strong>ES65 2100 0030 8102 0159 0202<br \/>\n<\/strong><\/p>\n<p style=\"text-align: justify\"><strong>Algunes activitats espec\u00edfiques<\/strong>, en les que es visiten o treballen espais no vinculats directament al CdA de Tremp, <strong>tenen un rec\u00e0rrec al preu oficial<\/strong>, especificat en la p\u00e0gina on es descriu aquesta.<\/p>\n<p>En el cas de tenir alumnat amb dret a bonificaci\u00f3 o exempci\u00f3, el centre ho haur\u00e0 de comunicar al CdA de Tremp amb anterioritat a la sortida o estada:<\/p>\n<table style=\"height: 205px;width: 854px\">\n<tbody>\n<tr style=\"height: 10px\">\n<td style=\"width: 322.483px;height: 10px;background-color: #d1b8b8;text-align: center\"><strong>Bonificacions del 50%:<\/strong><\/td>\n<td style=\"width: 523.917px;height: 10px;background-color: #d1b8b8;text-align: center\"><strong>Exempcions:<\/strong><\/td>\n<\/tr>\n<tr style=\"height: 216px\">\n<td style=\"width: 322.483px;height: 216px;background-color: #f0d5c7\">Tenen dret a una bonificaci\u00f3 del 50% de l'import del preu p\u00fablic, els membres de fam\u00edlia nombrosa de categoria general i els membres de fam\u00edlia monoparental.<\/td>\n<td style=\"width: 523.917px;height: 216px;background-color: #f0d5c7\">a) Els membres de fam\u00edlia nombrosa de categoria especial.<\/p>\n<p>b) Les persones que tinguin una discapacitat acreditada igual o superior al 33%.<\/p>\n<p>c) Els membres de fam\u00edlies v\u00edctimes de viol\u00e8ncia de g\u00e8nere.<\/p>\n<p>d) Les v\u00edctimes d'actes terroristes, els seus c\u00f2njuges i els seus fills o filles.<\/p>\n<p>e) Els alumnes de centres que tinguin la consideraci\u00f3 de complexitat m\u00e0xima<\/td>\n<\/tr>\n<\/tbody>\n<\/table>\n\t\t\t\t\t\t <\/div>\r\n\t\t\t\t\t\t\t\t\t\t\t\t <div role=\"tabpanel\" class=\"tab-pane \" id=\"tabs_desc_10184_2\">\r\n\t\t\t\t\t\t\t\t<p>Les <span style=\"color: #e64a19\"><span style=\"color: #000000\">quotes especials d\u2019allotjament i manutenci\u00f3 de l\u2019<\/span><a href=\"https:\/\/xanascat.gencat.cat\/ca\/albergs\/albergs\/tremp-xanascat\" target=\"_blank\" rel=\"noopener\">alberg de Tremp<\/a><\/span> (pertanyent a la xarxa d\u2019albergs de la Generalitat de Catalunya XANASCAT) per als alumnes de prim\u00e0ria i secund\u00e0ria que assisteixen als Camps i Entorns d'Aprenentatge, s\u00f3n les seg\u00fcents (consultar els preus per a mestres, professorat i universitaris):<\/p>\n<table style=\"height: 168px;width: 512px\" width=\"566\">\n<tbody>\n<tr style=\"height: 34px\">\n<td style=\"background-color: #d1b8b8;width: 320.483px;height: 34px\"><strong>Concepte<\/strong><\/td>\n<td style=\"background-color: #d1b8b8;width: 183.283px;height: 34px;text-align: center\"><strong>Import \/ dia<br \/>\n<\/strong><\/td>\n<\/tr>\n<tr style=\"background-color: #ffffff\">\n<td style=\"background-color: #f0d5c7;width: 320.483px;height: 34px\">Pensi\u00f3 completa (allotjament i manutenci\u00f3)<\/td>\n<td style=\"background-color: #f0d5c7;width: 183.283px;height: 34px;text-align: center\">\u00a0 36,00 \u20ac<\/td>\n<\/tr>\n<tr style=\"height: 34px\">\n<td style=\"background-color: #f0d5c7;width: 320.483px;height: 34px\">Mitja pensi\u00f3<\/td>\n<td style=\"background-color: #f0d5c7;width: 183.283px;height: 34px;text-align: center\">\u00a0 28,50 \u20ac<\/td>\n<\/tr>\n<tr style=\"height: 33px\">\n<td style=\"background-color: #f0d5c7;width: 320.483px;height: 33px\">Dormir i esmorzar<\/td>\n<td style=\"background-color: #f0d5c7;width: 183.283px;height: 33px;text-align: center\">\u00a0 16,50 \u20ac<\/td>\n<\/tr>\n<tr style=\"height: 33px\">\n<td style=\"background-color: #f0d5c7;width: 320.483px;height: 33px\">\u00c0pat addicional (dinar o sopar)<\/td>\n<td style=\"background-color: #f0d5c7;width: 183.283px;height: 33px;text-align: center\">\u00a0\u00a0\u00a0 12,00 \u20ac<\/td>\n<\/tr>\n<\/tbody>\n<\/table>\n<p><span style=\"font-family: inherit;font-size: 1em;text-align: justify\">(Acordat amb l\u2019Ag\u00e8ncia Catalana de la Joventut)<\/span><\/p>\n<p style=\"text-align: justify\">Abans d\u2019acabar el mes de setembre s\u2019ha d\u2019ingressar una bestreta del 10% de l\u2019import total a pagar a l\u2019alberg de Joventut per tal de confirmar la reserva.<\/p>\n\t\t\t\t\t\t <\/div>\r\n\t\t\t\t\t\t\t\t\t\t\t\t <div role=\"tabpanel\" class=\"tab-pane \" id=\"tabs_desc_10184_3\">\r\n\t\t\t\t\t\t\t\t<p>El despla\u00e7ament entre el centre docent i el CdA de Tremp <strong>va a c\u00e0rrec del propi centre docent<\/strong>.<br \/>\nEls despla\u00e7aments corresponents a algunes activitats espec\u00edfiques (assenyalats a la web) fora del casc urb\u00e0 de Tremp, o dels seus voltants, poden requerir un cost addicional en concepte de transport que ha d\u2019assumir el centre educatiu.<\/p>\n\t\t\t\t\t\t <\/div>\r\n\t\t\t\t\t\t\t\r\n\t\t\t\t\t <\/div>\r\n\t\t\t\t\t \r\n\t\t\t\t <\/div>\r\n <script>\r\n\t\tjQuery(function () {\r\n\t\t\tjQuery('#myTab_10184 a:first').tab('show')\r\n\t\t});\r\n\t\t\r\n\t\t\t\tjQuery(function(){\r\n\t\t\tvar b=\"fadeIn\";\r\n\t\t\tvar c;\r\n\t\t\tvar a;\r\n\t\t\td(jQuery(\"#myTab_10184 a\"),jQuery(\"#tab-content_10184\"));function d(e,f,g){\r\n\t\t\t\te.click(function(i){\r\n\t\t\t\t\ti.preventDefault();\r\n\t\t\t\t\tjQuery(this).tab(\"show\");\r\n\t\t\t\t\tvar h=jQuery(this).data(\"easein\");\r\n\t\t\t\t\tif(c){c.removeClass(a);}\r\n\t\t\t\t\tif(h){f.find(\"div.active\").addClass(\"animated \"+h);a=h;}\r\n\t\t\t\t\telse{if(g){f.find(\"div.active\").addClass(\"animated \"+g);a=g;}else{f.find(\"div.active\").addClass(\"animated \"+b);a=b;}}c=f.find(\"div.active\");\r\n\t\t\t\t});\r\n\t\t\t}\r\n\t\t});\r\n\t\t\r\n\r\n\t\tfunction do_resize(){\r\n\r\n\t\t\tvar width=jQuery( '.tab-content .tab-pane iframe' ).width();\r\n\t\t\tvar height=jQuery( '.tab-content .tab-pane iframe' ).height();\r\n\r\n\t\t\tvar toggleSize = true;\r\n\t\t\tjQuery('iframe').animate({\r\n\t\t\t    width: toggleSize ? width : 640,\r\n\t\t\t    height: toggleSize ? height : 360\r\n\t\t\t  }, 250);\r\n\r\n\t\t\t  toggleSize = !toggleSize;\r\n\t\t}\r\n\r\n\r\n\t<\/script>\r\n\t\t\t\t\r\n\t\t\t\n<p style=\"text-align: justify;\">\n","protected":false},"excerpt":{"rendered":"<p>Els preus a pagar per les activitats realitzades al CdA de Tremp, aix\u00ed com de l\u2019allotjament i manutenci\u00f3 a l\u2019Alberg [&hellip;]<\/p>\n","protected":false},"author":1,"featured_media":0,"parent":8272,"menu_order":2,"comment_status":"closed","ping_status":"closed","template":"","meta":{"_bbp_topic_count":0,"_bbp_reply_count":0,"_bbp_total_topic_count":0,"_bbp_total_reply_count":0,"_bbp_voice_count":0,"_bbp_anonymous_reply_count":0,"_bbp_topic_count_hidden":0,"_bbp_reply_count_hidden":0,"_bbp_forum_subforum_count":0,"site-sidebar-layout":"default","site-content-layout":"","ast-site-content-layout":"default","site-content-style":"default","site-sidebar-style":"default","ast-global-header-display":"","ast-banner-title-visibility":"","ast-main-header-display":"","ast-hfb-above-header-display":"","ast-hfb-below-header-display":"","ast-hfb-mobile-header-display":"","site-post-title":"","ast-breadcrumbs-content":"","ast-featured-img":"","footer-sml-layout":"","theme-transparent-header-meta":"default","adv-header-id-meta":"","stick-header-meta":"","header-above-stick-meta":"","header-main-stick-meta":"","header-below-stick-meta":"","astra-migrate-meta-layouts":"set","ast-page-background-enabled":"default","ast-page-background-meta":{"desktop":{"background-color":"var(--ast-global-color-4)","background-image":"","background-repeat":"repeat","background-position":"center center","background-size":"auto","background-attachment":"scroll","background-type":"","background-media":"","overlay-type":"","overlay-color":"","overlay-opacity":"","overlay-gradient":""},"tablet":{"background-color":"","background-image":"","background-repeat":"repeat","background-position":"center center","background-size":"auto","background-attachment":"scroll","background-type":"","background-media":"","overlay-type":"","overlay-color":"","overlay-opacity":"","overlay-gradient":""},"mobile":{"background-color":"","background-image":"","background-repeat":"repeat","background-position":"center center","background-size":"auto","background-attachment":"scroll","background-type":"","background-media":"","overlay-type":"","overlay-color":"","overlay-opacity":"","overlay-gradient":""}},"ast-content-background-meta":{"desktop":{"background-color":"var(--ast-global-color-5)","background-image":"","background-repeat":"repeat","background-position":"center center","background-size":"auto","background-attachment":"scroll","background-type":"","background-media":"","overlay-type":"","overlay-color":"","overlay-opacity":"","overlay-gradient":""},"tablet":{"background-color":"var(--ast-global-color-5)","background-image":"","background-repeat":"repeat","background-position":"center center","background-size":"auto","background-attachment":"scroll","background-type":"","background-media":"","overlay-type":"","overlay-color":"","overlay-opacity":"","overlay-gradient":""},"mobile":{"background-color":"var(--ast-global-color-5)","background-image":"","background-repeat":"repeat","background-position":"center center","background-size":"auto","background-attachment":"scroll","background-type":"","background-media":"","overlay-type":"","overlay-color":"","overlay-opacity":"","overlay-gradient":""}},"footnotes":""},"class_list":["post-8466","page","type-page","status-publish","hentry"],"post_mailing_queue_ids":[],"_links":{"self":[{"href":"https:\/\/serveiseducatius.xtec.cat\/cda-tremp\/wp-json\/wp\/v2\/pages\/8466","targetHints":{"allow":["GET"]}}],"collection":[{"href":"https:\/\/serveiseducatius.xtec.cat\/cda-tremp\/wp-json\/wp\/v2\/pages"}],"about":[{"href":"https:\/\/serveiseducatius.xtec.cat\/cda-tremp\/wp-json\/wp\/v2\/types\/page"}],"author":[{"embeddable":true,"href":"https:\/\/serveiseducatius.xtec.cat\/cda-tremp\/wp-json\/wp\/v2\/users\/1"}],"replies":[{"embeddable":true,"href":"https:\/\/serveiseducatius.xtec.cat\/cda-tremp\/wp-json\/wp\/v2\/comments?post=8466"}],"version-history":[{"count":6,"href":"https:\/\/serveiseducatius.xtec.cat\/cda-tremp\/wp-json\/wp\/v2\/pages\/8466\/revisions"}],"predecessor-version":[{"id":10861,"href":"https:\/\/serveiseducatius.xtec.cat\/cda-tremp\/wp-json\/wp\/v2\/pages\/8466\/revisions\/10861"}],"up":[{"embeddable":true,"href":"https:\/\/serveiseducatius.xtec.cat\/cda-tremp\/wp-json\/wp\/v2\/pages\/8272"}],"wp:attachment":[{"href":"https:\/\/serveiseducatius.xtec.cat\/cda-tremp\/wp-json\/wp\/v2\/media?parent=8466"}],"curies":[{"name":"wp","href":"https:\/\/api.w.org\/{rel}","templated":true}]}}