{"id":10141,"date":"2020-11-25T16:44:44","date_gmt":"2020-11-25T15:44:44","guid":{"rendered":"http:\/\/serveiseducatius.xtec.cat\/cda-tremp\/?page_id=10141"},"modified":"2025-04-03T15:23:05","modified_gmt":"2025-04-03T13:23:05","slug":"els-secrets-de-mur-scape-mur","status":"publish","type":"page","link":"https:\/\/serveiseducatius.xtec.cat\/cda-tremp\/ambits\/pedraforca\/els-secrets-de-mur-scape-mur\/","title":{"rendered":"Els secrets de Mur. Scape Mur."},"content":{"rendered":"<h4><strong>Joc de resoluci\u00f3 de reptes a la col\u00b7legiata de Sta Maria de Mur i visita al castell.<\/strong><\/h4>\n<h6><a href=\"https:\/\/serveiseducatius.xtec.cat\/cda-tremp\/wp-content\/uploads\/usu1371\/2021\/01\/IMG-20201210-WA0011.jpg\"><img loading=\"lazy\" decoding=\"async\" class=\"wp-image-10215 alignleft\" src=\"https:\/\/serveiseducatius.xtec.cat\/cda-tremp\/wp-content\/uploads\/usu1371\/2021\/01\/IMG-20201210-WA0011.jpg\" alt=\"\" width=\"261\" height=\"196\" \/><\/a><strong>Nivell<\/strong><\/h6>\n<p>Cicle Superior d&#8217;Educaci\u00f3 Prim\u00e0ria i ESO\u00a0 (es pot adaptar a altres nivells)<\/p>\n<p><strong>Durada<\/strong><\/p>\n<p>Un mat\u00ed (3 hores)<\/p>\n<h6><strong>\u00c0rea\/Mat\u00e8ria<\/strong><\/h6>\n<p>Ci\u00e8ncies Socials i Hist\u00f2ria de l&#8217;art<\/p>\n<h6><strong>Objectius<\/strong><\/h6>\n<ul>\n<li>Relacionar els edificis visitats amb el context hist\u00f2ric de l&#8217;\u00e8poca.<\/li>\n<li>Recon\u00e8ixer les caracter\u00edstiques i elements del rom\u00e0nic civil i religi\u00f3s.<\/li>\n<li>Valorar la import\u00e0ncia del patrimoni hist\u00f2ric-art\u00edstic i la seva conservaci\u00f3.<\/li>\n<li>Resoldre reptes de forma aut\u00f2noma que requereixen diferents tipus d&#8217;habilitats cognitives, en un context especial.<\/li>\n<\/ul>\n<h6><strong>Descripci\u00f3<\/strong><\/h6>\n<p>L&#8217;activitat consta de dues parts:<\/p>\n<ul style=\"list-style-type: square;\">\n<li>Per una banda es visita el castell de Mur, on es fa una introducci\u00f3 a la import\u00e0ncia del conjunt medieval i els castells de frontera.<\/li>\n<li>Per l&#8217;altra banda, es realitza un joc a la col\u00b7legiata de Sta Maria de Mur on l&#8217;alumnat, treballant en petits grups, ha de resoldre una s\u00e8rie de reptes que se&#8217;ls planteja per a poder obrir, entre tots, un bagul tancat amb candaus.<\/li>\n<\/ul>\n<h6><strong>Observacions<\/strong><\/h6>\n<p>Abans de poder realitzar l&#8217;activitat tipus <em>scape room<\/em>, l&#8217;alumnat ha d&#8217;haver treballat a l&#8217;aula el material previ per a poder-se preparar.<\/p>\n<p><b>El despla\u00e7ament en autocar va a c\u00e0rrec del centre escolar.<\/b><\/p>\n<h6><strong>Materials<\/strong><\/h6>\n<ul>\n<li>Mostra d&#8217;un dels dossiers de l&#8217;activitat d&#8217;<em>scape room<\/em> d&#8217;<a href=\"https:\/\/drive.google.com\/file\/d\/1gMIKM9pVBe2YbQD1wbpMIehbcgTebip6\/view?usp=sharing\">educaci\u00f3 prim\u00e0ria<\/a><\/li>\n<li>Mostra d&#8217;un dels dossiers de l&#8217;activitat d&#8217;<em>scape room<\/em> d&#8217;<a href=\"https:\/\/drive.google.com\/file\/d\/1-jhLVqAfXG51BW8DSLqLAoFmcAGiptdS\/view?usp=sharing\">educaci\u00f3 secund\u00e0ria<\/a><\/li>\n<\/ul>\n<h6><strong>Fotos<\/strong><\/h6>\n<h6><strong>\r\n\t<div class=\"slideshow_container slideshow_container_style-light\" style=\"height: 250px; \" data-slideshow-id=\"10217\" data-style-name=\"style-light\" data-style-version=\"2.3.1\" >\r\n\r\n\t\t\t\t\t<div class=\"slideshow_loading_icon\"><\/div>\r\n\t\t\r\n\t\t<div class=\"slideshow_content\" style=\"display: none;\">\r\n\r\n\t\t\t<div class=\"slideshow_view\">\r\n\t\t\t\t<div class=\"slideshow_slide slideshow_slide_image\">\r\n\t\t\t\t\t\t\t\t\t\t\t<img src=\"https:\/\/serveiseducatius.xtec.cat\/cda-tremp\/wp-content\/uploads\/usu1371\/2021\/01\/Captura2.png\" alt=\"Captura2\" width=\"916\" height=\"821\" \/>\r\n\t\t\t\t\t\t\t\t\t\t<div class=\"slideshow_description_box slideshow_transparent\">\r\n\t\t\t\t\t\t<div class=\"slideshow_title\">Captura2<\/div>\t\t\t\t\t\t\t\t\t\t\t<\/div>\r\n\t\t\t\t<\/div>\r\n\r\n\t\t\t\t\t\t\r\n\t\t\t\t<div class=\"slideshow_slide slideshow_slide_image\">\r\n\t\t\t\t\t\t\t\t\t\t\t<img src=\"https:\/\/serveiseducatius.xtec.cat\/cda-tremp\/wp-content\/uploads\/usu1371\/2021\/01\/Captura3.png\" alt=\"Captura3\" width=\"1102\" height=\"749\" \/>\r\n\t\t\t\t\t\t\t\t\t\t<div class=\"slideshow_description_box slideshow_transparent\">\r\n\t\t\t\t\t\t<div class=\"slideshow_title\">Captura3<\/div>\t\t\t\t\t\t\t\t\t\t\t<\/div>\r\n\t\t\t\t<\/div>\r\n\r\n\t\t\t\t\t\t\r\n\t\t\t\t<div class=\"slideshow_slide slideshow_slide_image\">\r\n\t\t\t\t\t\t\t\t\t\t\t<img src=\"https:\/\/serveiseducatius.xtec.cat\/cda-tremp\/wp-content\/uploads\/usu1371\/2021\/01\/Captura1.png\" alt=\"Captura1\" width=\"677\" height=\"755\" \/>\r\n\t\t\t\t\t\t\t\t\t\t<div class=\"slideshow_description_box slideshow_transparent\">\r\n\t\t\t\t\t\t<div class=\"slideshow_title\">Captura1<\/div>\t\t\t\t\t\t\t\t\t\t\t<\/div>\r\n\t\t\t\t<\/div>\r\n\r\n\t\t\t\t\t\t<div style=\"clear: both;\"><\/div><\/div><div class=\"slideshow_view\">\r\n\t\t\t\t<div class=\"slideshow_slide slideshow_slide_image\">\r\n\t\t\t\t\t\t\t\t\t\t\t<img src=\"https:\/\/serveiseducatius.xtec.cat\/cda-tremp\/wp-content\/uploads\/usu1371\/2021\/01\/IMG-20201210-WA0011-e1647514239327.jpg\" alt=\"IMG-20201210-WA0011\" width=\"2016\" height=\"1118\" \/>\r\n\t\t\t\t\t\t\t\t\t\t<div class=\"slideshow_description_box slideshow_transparent\">\r\n\t\t\t\t\t\t<div class=\"slideshow_title\">IMG-20201210-WA0011<\/div>\t\t\t\t\t\t\t\t\t\t\t<\/div>\r\n\t\t\t\t<\/div>\r\n\r\n\t\t\t\t\t\t<div style=\"clear: both;\"><\/div><\/div>\r\n\t\t<\/div>\r\n\r\n\t\t<div class=\"slideshow_controlPanel slideshow_transparent\" style=\"display: none;\"><ul><li class=\"slideshow_togglePlay\" data-play-text=\"Visualitza\" data-pause-text=\"Pausa\"><\/li><\/ul><\/div>\r\n\r\n\t\t<div class=\"slideshow_button slideshow_previous slideshow_transparent\" role=\"button\" data-previous-text=\"Anterior\" style=\"display: none;\"><\/div>\r\n\t\t<div class=\"slideshow_button slideshow_next slideshow_transparent\" role=\"button\" data-next-text=\"Seg\u00fcent\" style=\"display: none;\"><\/div>\r\n\r\n\t\t<div class=\"slideshow_pagination\" style=\"display: none;\" data-go-to-text=\"V\u00e9s a la diapositiva\"><div class=\"slideshow_pagination_center\"><\/div><\/div>\r\n\r\n\t\t<!-- WordPress Slideshow Version 2.3.1 -->\r\n\r\n\t\t\t<\/div>\r\n\r\n<\/strong><\/h6>\n<h6><\/h6>\n<h6><strong>Fitxa did\u00e0ctica<\/strong><\/h6>\n<p>En el seg\u00fcent enlla\u00e7 podeu descarregar la fitxa did\u00e0ctica completa, on trobareu tota la informaci\u00f3 necess\u00e0ria per a la vostra programaci\u00f3 (continguts, compet\u00e8ncies, objectius\u2026).<\/p>\n<h6><strong>\u00a0<\/strong><\/h6>\n<h6><\/h6>\n<p>&nbsp;<\/p>\n","protected":false},"excerpt":{"rendered":"<p>Joc de resoluci\u00f3 de reptes a la col\u00b7legiata de Sta Maria de Mur i visita al castell. Nivell Cicle Superior [&hellip;]<\/p>\n","protected":false},"author":1,"featured_media":0,"parent":165,"menu_order":20,"comment_status":"closed","ping_status":"closed","template":"","meta":{"_bbp_topic_count":0,"_bbp_reply_count":0,"_bbp_total_topic_count":0,"_bbp_total_reply_count":0,"_bbp_voice_count":0,"_bbp_anonymous_reply_count":0,"_bbp_topic_count_hidden":0,"_bbp_reply_count_hidden":0,"_bbp_forum_subforum_count":0,"site-sidebar-layout":"default","site-content-layout":"","ast-site-content-layout":"default","site-content-style":"default","site-sidebar-style":"default","ast-global-header-display":"","ast-banner-title-visibility":"","ast-main-header-display":"","ast-hfb-above-header-display":"","ast-hfb-below-header-display":"","ast-hfb-mobile-header-display":"","site-post-title":"","ast-breadcrumbs-content":"","ast-featured-img":"","footer-sml-layout":"","theme-transparent-header-meta":"default","adv-header-id-meta":"","stick-header-meta":"","header-above-stick-meta":"","header-main-stick-meta":"","header-below-stick-meta":"","astra-migrate-meta-layouts":"set","ast-page-background-enabled":"default","ast-page-background-meta":{"desktop":{"background-color":"var(--ast-global-color-4)","background-image":"","background-repeat":"repeat","background-position":"center center","background-size":"auto","background-attachment":"scroll","background-type":"","background-media":"","overlay-type":"","overlay-color":"","overlay-opacity":"","overlay-gradient":""},"tablet":{"background-color":"","background-image":"","background-repeat":"repeat","background-position":"center center","background-size":"auto","background-attachment":"scroll","background-type":"","background-media":"","overlay-type":"","overlay-color":"","overlay-opacity":"","overlay-gradient":""},"mobile":{"background-color":"","background-image":"","background-repeat":"repeat","background-position":"center center","background-size":"auto","background-attachment":"scroll","background-type":"","background-media":"","overlay-type":"","overlay-color":"","overlay-opacity":"","overlay-gradient":""}},"ast-content-background-meta":{"desktop":{"background-color":"var(--ast-global-color-5)","background-image":"","background-repeat":"repeat","background-position":"center center","background-size":"auto","background-attachment":"scroll","background-type":"","background-media":"","overlay-type":"","overlay-color":"","overlay-opacity":"","overlay-gradient":""},"tablet":{"background-color":"var(--ast-global-color-5)","background-image":"","background-repeat":"repeat","background-position":"center center","background-size":"auto","background-attachment":"scroll","background-type":"","background-media":"","overlay-type":"","overlay-color":"","overlay-opacity":"","overlay-gradient":""},"mobile":{"background-color":"var(--ast-global-color-5)","background-image":"","background-repeat":"repeat","background-position":"center center","background-size":"auto","background-attachment":"scroll","background-type":"","background-media":"","overlay-type":"","overlay-color":"","overlay-opacity":"","overlay-gradient":""}},"footnotes":""},"class_list":["post-10141","page","type-page","status-publish","hentry"],"post_mailing_queue_ids":[],"_links":{"self":[{"href":"https:\/\/serveiseducatius.xtec.cat\/cda-tremp\/wp-json\/wp\/v2\/pages\/10141","targetHints":{"allow":["GET"]}}],"collection":[{"href":"https:\/\/serveiseducatius.xtec.cat\/cda-tremp\/wp-json\/wp\/v2\/pages"}],"about":[{"href":"https:\/\/serveiseducatius.xtec.cat\/cda-tremp\/wp-json\/wp\/v2\/types\/page"}],"author":[{"embeddable":true,"href":"https:\/\/serveiseducatius.xtec.cat\/cda-tremp\/wp-json\/wp\/v2\/users\/1"}],"replies":[{"embeddable":true,"href":"https:\/\/serveiseducatius.xtec.cat\/cda-tremp\/wp-json\/wp\/v2\/comments?post=10141"}],"version-history":[{"count":5,"href":"https:\/\/serveiseducatius.xtec.cat\/cda-tremp\/wp-json\/wp\/v2\/pages\/10141\/revisions"}],"predecessor-version":[{"id":10890,"href":"https:\/\/serveiseducatius.xtec.cat\/cda-tremp\/wp-json\/wp\/v2\/pages\/10141\/revisions\/10890"}],"up":[{"embeddable":true,"href":"https:\/\/serveiseducatius.xtec.cat\/cda-tremp\/wp-json\/wp\/v2\/pages\/165"}],"wp:attachment":[{"href":"https:\/\/serveiseducatius.xtec.cat\/cda-tremp\/wp-json\/wp\/v2\/media?parent=10141"}],"curies":[{"name":"wp","href":"https:\/\/api.w.org\/{rel}","templated":true}]}}