{"id":260,"date":"2009-01-26T13:46:49","date_gmt":"2009-01-26T12:46:49","guid":{"rendered":"http:\/\/www.mensula.cat\/wordpress\/?page_id=260"},"modified":"2023-05-25T09:12:40","modified_gmt":"2023-05-25T07:12:40","slug":"tipus-activitats","status":"publish","type":"page","link":"https:\/\/serveiseducatius.xtec.cat\/cda-tarragona\/tipus-activitats\/","title":{"rendered":"Tipus d&#8217;activitats"},"content":{"rendered":"<p><!--:ca--><\/p>\n<p>Al CdA de la ciutat de Tarragona s&#8217;ofereixen diversos tipus d&#8217;activitats en funci\u00f3 de l&#8217;espai on s&#8217;implementi, de qui executi l&#8217;activitat i en l&#8217;escenari que s&#8217;organitzi. At\u00e8s aix\u00f2, s&#8217;ofereixen:<\/p>\n<ol>\n<li style=\"list-style-type: none;\">\n<ol>\n<li style=\"list-style-type: none;\">\n<ol>\n<li style=\"list-style-type: none;\">\n<ol>\n<li style=\"list-style-type: none;\">\n<ol>\n<li>Activitats en el territori: monument o indret.<\/li>\n<li>Activitats en el centre educatiu sol\u00b7licitant.<\/li>\n<li>Activitats en les instal\u00b7lacions del CdA.<\/li>\n<li>Activitats virtuals.<\/li>\n<li>Activitats complement\u00e0ries.<\/li>\n<\/ol>\n<\/li>\n<\/ol>\n<\/li>\n<\/ol>\n<\/li>\n<\/ol>\n<\/li>\n<\/ol>\n<h4><strong>1. Activitats en el territori: monument o indret<\/strong><\/h4>\n<ul>\n<li style=\"list-style-type: none;\">\n<ul>\n<li style=\"list-style-type: none;\">\n<ul>\n<li><strong>Tipus:<\/strong>\n<ul>\n<li><strong>Guiades per l&#8217;equip docent del CdA: <\/strong>Activitats condu\u00efdes pel personal del CdA.\n<ul>\n<li style=\"list-style-type: none;\">\n<ul>\n<li style=\"list-style-type: none;\">\n<ul>\n<li><strong>Cost:<\/strong> Preu p\u00fablic regulat a l&#8217;<a href=\"https:\/\/dogc.gencat.cat\/ca\/document-del-dogc\/?documentId=743883\"><span style=\"color: #ff0000;\"><strong>ORDRE ENS\/163\/2016<\/strong><\/span><\/a>. Tingueu en compte que hi ha espais determinats que requereixen pagament d&#8217;acc\u00e9s.<\/li>\n<\/ul>\n<\/li>\n<\/ul>\n<\/li>\n<\/ul>\n<\/li>\n<li><strong>Aut\u00f2nomes, guiades per l\u2019equip docent del centre educatiu sol\u00b7licitant: <\/strong>Facilitem el material did\u00e0ctic escrit que es troba penjat com a PDF en la nostra p\u00e0gina web en l&#8217;apartat de Publicacions i la gesti\u00f3 de les activitats. El personal del CdA no acudeix en la seva realitzaci\u00f3, per tant el seu desenvolupament \u00e9s a c\u00e0rrec dels tutors i\/o professors del centre.\n<ul>\n<li style=\"list-style-type: none;\">\n<ul>\n<li style=\"list-style-type: none;\">\n<ul>\n<li><strong>Cost:<\/strong> gratu\u00eft. Tingueu en compte que hi ha espais determinats que requereixen pagament d&#8217;acc\u00e9s.<\/li>\n<\/ul>\n<\/li>\n<\/ul>\n<\/li>\n<\/ul>\n<\/li>\n<\/ul>\n<\/li>\n<\/ul>\n<\/li>\n<\/ul>\n<\/li>\n<\/ul>\n<h4><strong>2. Activitats en el centre educatiu sol\u00b7licitant<\/strong><\/h4>\n<ul>\n<li style=\"list-style-type: none;\">\n<ul>\n<li style=\"list-style-type: none;\">\n<ul>\n<li><strong>Tipus:<\/strong>\n<ul>\n<li><strong>De pr\u00e9stec:<\/strong> El CdA compta amb diverses activitats de pr\u00e9stec, \u00e9s a dir, aquelles activitats que es realitzen al centre amb el material did\u00e0ctic deixat pel CdA per un per\u00edode pactat d&#8217;una o dues setmanes. Aquest material s&#8217;ha de recollir i retornar al CdA. consta d&#8217;1 o 2 baguls, amb les reconstruccions d&#8217;instruments necess\u00e0ris, sobre la tem\u00e0tica dels jocs, l&#8217; alimentaci\u00f3 i el vestuari.\n<ul>\n<li style=\"list-style-type: none;\">\n<ul>\n<li style=\"list-style-type: none;\">\n<ul>\n<li><strong>Cost:<\/strong> 50\u20ac la setmana.<\/li>\n<\/ul>\n<\/li>\n<\/ul>\n<\/li>\n<\/ul>\n<\/li>\n<li><strong>Guiades per l&#8217;equip docent del CdA:<\/strong> Us proposem realitzar aquestes experi\u00e8ncies did\u00e0ctiques dins de l&#8217;horari escolar i als espais del vostre centre, per tant, sense que us h\u00e0giu de despla\u00e7ar, amb el conseq\u00fcent estalvi de transport i de temps. El CdA posa a la vostra disposici\u00f3 el material did\u00e0ctic (objectual i escrit) b\u00e0sic per a dur a terme l&#8217;activitat triada,\u00a0 amb una metodologia activa i participativa.\n<ul>\n<li style=\"list-style-type: none;\">\n<ul>\n<li style=\"list-style-type: none;\">\n<ul>\n<li><strong>Cost:<\/strong> Preu p\u00fablic regulat a l&#8217;<a href=\"https:\/\/dogc.gencat.cat\/ca\/document-del-dogc\/?documentId=743883\"><span style=\"color: #ff0000;\"><strong>ORDRE ENS\/163\/2016<\/strong><\/span><\/a>.<\/li>\n<\/ul>\n<\/li>\n<\/ul>\n<\/li>\n<\/ul>\n<\/li>\n<\/ul>\n<\/li>\n<\/ul>\n<\/li>\n<\/ul>\n<\/li>\n<\/ul>\n<h4><strong>3. Activitats en les instal\u00b7lacions del CdA<\/strong><\/h4>\n<ul>\n<li style=\"list-style-type: none;\">\n<ul>\n<li style=\"list-style-type: none;\">\n<ul>\n<li>S&#8217;implementen a les aules del Camp d&#8217;Aprenentatge de la ciutat de Tarragona i s\u00f3n condu\u00efdes per l&#8217;equip docent del CdA al Campus Educatiu de Tarragona.\n<ul>\n<li style=\"list-style-type: none;\">\n<ul>\n<li style=\"list-style-type: none;\">\n<ul>\n<li style=\"list-style-type: none;\">\n<ul>\n<li><strong>Mapa:<\/strong> <a href=\"https:\/\/www.google.com\/maps\/place\/CDA+Ciutat+de+Tarragona\/@41.1029841,1.2030645,15z\/data=!4m5!3m4!1s0x0:0xb765beb0fc146882!8m2!3d41.1033308!4d1.2032135\">Ubicaci\u00f3 (Autovia de Salou s\/n,\u00a0 43006\u00a0 Tarragona).<\/a><\/li>\n<\/ul>\n<\/li>\n<\/ul>\n<\/li>\n<\/ul>\n<\/li>\n<\/ul>\n<\/li>\n<li><strong>Cost:<\/strong> Preu p\u00fablic regulat a l&#8217;<a href=\"https:\/\/dogc.gencat.cat\/ca\/document-del-dogc\/?documentId=743883\"><span style=\"color: #ff0000;\"><strong>ORDRE ENS\/163\/2016<\/strong><\/span><\/a>.<\/li>\n<\/ul>\n<\/li>\n<\/ul>\n<\/li>\n<\/ul>\n<h4><strong>4. Activitats virtuals<\/strong><\/h4>\n<ul>\n<li style=\"list-style-type: none;\">\n<ul>\n<li style=\"list-style-type: none;\">\n<ul>\n<li>Al Camp es desenvolupen activitats virtuals s\u00edncrones i as\u00edncrones. La Jornada d&#8217;Aprenentatge Actiu &#8220;<em>Puerorum ludi<\/em>&#8221; n&#8217;\u00e9s una que es fa amb tots els centres de la ciutat de Tarragona i el Tarragon\u00e8s alhora, anualment. amb diversos centre educatius del territori alhora.<\/li>\n<\/ul>\n<\/li>\n<\/ul>\n<\/li>\n<\/ul>\n<ul>\n<li style=\"list-style-type: none;\">\n<ul>\n<li style=\"list-style-type: none;\"><\/li>\n<\/ul>\n<\/li>\n<\/ul>\n<h4><strong>5. Activitats complement\u00e0ries<\/strong><\/h4>\n<ul>\n<li style=\"list-style-type: none;\">\n<ul>\n<li style=\"list-style-type: none;\">\n<ul>\n<li>Per treballar as\u00edncronament es disposa d&#8217;algunes activitats complement\u00e0ries, que podeu usar com a treballs previs i posteriors. Aquestes tenen un car\u00e0cter l\u00fadic: l\u00e0mines per pintar, personatges per vestir&#8230;\n<ul>\n<li style=\"list-style-type: none;\">\n<ul>\n<li style=\"list-style-type: none;\">\n<ul>\n<li style=\"list-style-type: none;\"><\/li>\n<\/ul>\n<\/li>\n<\/ul>\n<\/li>\n<\/ul>\n<\/li>\n<li>S\u00f3n materials dirigits a alumnes d&#8217;Educaci\u00f3 infanti i clicle inicial d&#8217;Educaci\u00f3 prim\u00e0ria sobre tem\u00e0tica romana que van acompanyats d&#8217;orientacions did\u00e0ctiques.\n<ul>\n<li style=\"list-style-type: none;\">\n<ul>\n<li style=\"list-style-type: none;\">\n<ul>\n<li style=\"list-style-type: none;\">\n<ul>\n<li><strong>Cost:<\/strong> gratu\u00eft.<\/li>\n<\/ul>\n<\/li>\n<\/ul>\n<\/li>\n<\/ul>\n<\/li>\n<\/ul>\n<\/li>\n<\/ul>\n<\/li>\n<\/ul>\n<\/li>\n<\/ul>\n<h3><span style=\"color: #800080;\"><strong>\u00c0MBITS D&#8217;ESPECIALITZACI\u00d3 DEL CAMP D&#8217;APRENENTATGE<\/strong><\/span><\/h3>\n<p>Tots els Camps i Entorns d&#8217;Aprenentatge ens trobem situats en punts de la geografia catalana diferents. En el cas del Camp d&#8217;Aprenentatge de la ciutat de Tarragona, es treballen fets culturals, socials, hist\u00f2rics i naturals singulars de l&#8217;entorn m\u00e9s proper.<\/p>\n<p>Els blocs tem\u00e0tics que s&#8217;aborden es classifiquen en sis \u00e0mbits:<\/p>\n<ul>\n<li style=\"list-style-type: none;\">\n<ul>\n<li>La Tarragona romana.<\/li>\n<li>La Tarragona medieval.<\/li>\n<li>La Tarragona industrial.<\/li>\n<li>La Tarragona mar\u00edtima.<\/li>\n<li>La Tarragona urbana.<\/li>\n<li>Metodol\u00f2gic i de suport curricular.<\/li>\n<\/ul>\n<\/li>\n<\/ul>\n<p>Per a navegar per la p\u00e0gina web del Camp cal tenir en compte que les tant activitats com les publicacions es troben organitzades en aquests \u00e0mbits.<\/p>\n<h3><span style=\"color: #800080;\"><strong>VALORACI\u00d3 DE L&#8217;EXPERI\u00c8NCIA DE SORTIDA, ESTADA I PROJECTE<\/strong><\/span><\/h3>\n<p>At\u00e8s que l&#8217;avaluaci\u00f3 \u00e9s un dels moments m\u00e9s importants del proc\u00e9s d&#8217;ensenyament i aprenentatge, totes les activitats i projectes s&#8217;avaluen mitjan\u00e7ant diversos instruments perqu\u00e8 als docents ens permet modificar i adaptar quelcom en sigui susceptible per a qu\u00e8 l&#8217;alumnat visitant i estadant aprenguin m\u00e9s significativament.<\/p>\n<p>Aquestes activitats s\u00f3n avaluades tant pels docents del centre sol\u00b7licitant com per l&#8217;alumnat que ha viscut la sortida o l&#8217;estada educativa amb el Camp d&#8217;Aprenentatge. Als docents se&#8217;ls comparteix un q\u00fcestionari i a l&#8217;alumnat de cert nivell educatiu tamb\u00e9.<\/p>\n<p>Alhora, es fa una avaluaci\u00f3 interna sobre el proc\u00e9s que es viu enfocat a la regulaci\u00f3 i millora del Servei.<\/p>\n<p><!--:--><\/p>\n","protected":false},"excerpt":{"rendered":"<p>Al CdA de la ciutat de Tarragona s&#8217;ofereixen diversos tipus d&#8217;activitats en funci\u00f3 de l&#8217;espai on s&#8217;implementi, de qui executi l&#8217;activitat i en l&#8217;escenari que s&#8217;organitzi. At\u00e8s aix\u00f2, s&#8217;ofereixen: Activitats en el territori: monument o indret. Activitats en el centre educatiu sol\u00b7licitant. Activitats en les instal\u00b7lacions del CdA. Activitats virtuals. Activitats complement\u00e0ries. 1. Activitats en [&hellip;]<\/p>\n","protected":false},"author":1,"featured_media":0,"parent":0,"menu_order":2,"comment_status":"closed","ping_status":"open","template":"page-templates\/side-menu.php","meta":{"_bbp_topic_count":0,"_bbp_reply_count":0,"_bbp_total_topic_count":0,"_bbp_total_reply_count":0,"_bbp_voice_count":0,"_bbp_anonymous_reply_count":0,"_bbp_topic_count_hidden":0,"_bbp_reply_count_hidden":0,"_bbp_forum_subforum_count":0,"site-sidebar-layout":"default","site-content-layout":"","ast-site-content-layout":"","site-content-style":"default","site-sidebar-style":"default","ast-global-header-display":"","ast-banner-title-visibility":"","ast-main-header-display":"","ast-hfb-above-header-display":"","ast-hfb-below-header-display":"","ast-hfb-mobile-header-display":"","site-post-title":"","ast-breadcrumbs-content":"","ast-featured-img":"","footer-sml-layout":"","theme-transparent-header-meta":"","adv-header-id-meta":"","stick-header-meta":"","header-above-stick-meta":"","header-main-stick-meta":"","header-below-stick-meta":"","astra-migrate-meta-layouts":"default","ast-page-background-enabled":"default","ast-page-background-meta":{"desktop":{"background-color":"var(--ast-global-color-4)","background-image":"","background-repeat":"repeat","background-position":"center center","background-size":"auto","background-attachment":"scroll","background-type":"","background-media":"","overlay-type":"","overlay-color":"","overlay-opacity":"","overlay-gradient":""},"tablet":{"background-color":"","background-image":"","background-repeat":"repeat","background-position":"center center","background-size":"auto","background-attachment":"scroll","background-type":"","background-media":"","overlay-type":"","overlay-color":"","overlay-opacity":"","overlay-gradient":""},"mobile":{"background-color":"","background-image":"","background-repeat":"repeat","background-position":"center center","background-size":"auto","background-attachment":"scroll","background-type":"","background-media":"","overlay-type":"","overlay-color":"","overlay-opacity":"","overlay-gradient":""}},"ast-content-background-meta":{"desktop":{"background-color":"var(--ast-global-color-5)","background-image":"","background-repeat":"repeat","background-position":"center center","background-size":"auto","background-attachment":"scroll","background-type":"","background-media":"","overlay-type":"","overlay-color":"","overlay-opacity":"","overlay-gradient":""},"tablet":{"background-color":"var(--ast-global-color-5)","background-image":"","background-repeat":"repeat","background-position":"center center","background-size":"auto","background-attachment":"scroll","background-type":"","background-media":"","overlay-type":"","overlay-color":"","overlay-opacity":"","overlay-gradient":""},"mobile":{"background-color":"var(--ast-global-color-5)","background-image":"","background-repeat":"repeat","background-position":"center center","background-size":"auto","background-attachment":"scroll","background-type":"","background-media":"","overlay-type":"","overlay-color":"","overlay-opacity":"","overlay-gradient":""}},"footnotes":""},"class_list":["post-260","page","type-page","status-publish","hentry"],"post_mailing_queue_ids":[],"_links":{"self":[{"href":"https:\/\/serveiseducatius.xtec.cat\/cda-tarragona\/wp-json\/wp\/v2\/pages\/260","targetHints":{"allow":["GET"]}}],"collection":[{"href":"https:\/\/serveiseducatius.xtec.cat\/cda-tarragona\/wp-json\/wp\/v2\/pages"}],"about":[{"href":"https:\/\/serveiseducatius.xtec.cat\/cda-tarragona\/wp-json\/wp\/v2\/types\/page"}],"author":[{"embeddable":true,"href":"https:\/\/serveiseducatius.xtec.cat\/cda-tarragona\/wp-json\/wp\/v2\/users\/1"}],"replies":[{"embeddable":true,"href":"https:\/\/serveiseducatius.xtec.cat\/cda-tarragona\/wp-json\/wp\/v2\/comments?post=260"}],"version-history":[{"count":3,"href":"https:\/\/serveiseducatius.xtec.cat\/cda-tarragona\/wp-json\/wp\/v2\/pages\/260\/revisions"}],"predecessor-version":[{"id":12816,"href":"https:\/\/serveiseducatius.xtec.cat\/cda-tarragona\/wp-json\/wp\/v2\/pages\/260\/revisions\/12816"}],"wp:attachment":[{"href":"https:\/\/serveiseducatius.xtec.cat\/cda-tarragona\/wp-json\/wp\/v2\/media?parent=260"}],"curies":[{"name":"wp","href":"https:\/\/api.w.org\/{rel}","templated":true}]}}