{"id":16207,"date":"2026-04-29T14:19:07","date_gmt":"2026-04-29T12:19:07","guid":{"rendered":"https:\/\/serveiseducatius.xtec.cat\/cda-tarragona\/?page_id=16207"},"modified":"2026-04-29T17:28:32","modified_gmt":"2026-04-29T15:28:32","slug":"installacions","status":"publish","type":"page","link":"https:\/\/serveiseducatius.xtec.cat\/cda-tarragona\/el-cda\/installacions\/","title":{"rendered":"Instal\u00b7lacions"},"content":{"rendered":"\n<p>La seu del Cda, on hi tenim l\u2019oficina es troba al Complex Educatiu de Tarragona. Al mateix complex educatiu, comptem amb els seg\u00fcents espais de treball:&nbsp;<\/p>\n\n\n\n<p><strong>Aules i espais on es realitzen activitats i tallers amb l\u2019alumnat<\/strong><\/p>\n\n\n\n<p><strong>Aula Taller d\u2019arqueologia&nbsp;<\/strong><\/p>\n\n\n\n<p>FOTO<\/p>\n\n\n\n<p>\u00c9s una aula multifuncions amb capacitat per 40 &#8211; 60 persones. L\u2019activitat que s\u2019hi realitzar \u00e9s el <em>Taller d\u2019arqueologia<\/em> i algunes sessions de l\u2019\u00e0mbit metodol\u00f2gic amb alumnat universitari. Compta amb material de reconstrucci\u00f3 , material per al taller i una pantalla interactiva.&nbsp;<\/p>\n\n\n\n<p><\/p>\n\n\n\n<p><\/p>\n\n\n\n<p><strong>Aula Petits<\/strong><\/p>\n\n\n\n<p>FOTO<\/p>\n\n\n\n<p>\u00c9s una aula amb capacitat per 25 &#8211; 30 persones. \u00c9s una aula tem\u00e0tica on s\u2019hi realitza una part de l\u2019activitat <em>Els petits nens i nens de T\u00e0rraco<\/em>. A l\u2019aula hi tenim un conte de grans dimensions, material rom\u00e0 exposat de reconstrucci\u00f3, vestuari rom\u00e0 per a l\u2019alumnat, un bagul amb instruments, una l\u00e0mina gran amb espais de T\u00e0rraco per treballar i bagul amb imatges.&nbsp;<\/p>\n\n\n\n<p><\/p>\n\n\n\n<p><\/p>\n\n\n\n<p><strong>Aula Medieval<\/strong><\/p>\n\n\n\n<p>FOTO<\/p>\n\n\n\n<p>\u00c9s una aula on hi tenim els materials relacionats amb aquesta tem\u00e0tica que no estem realitzant en l\u2019actualitat: Tallers de Santa Tecla, la maqueta de la Catedral. T\u00e9 una capacitat per a 10 &#8211; 15 persones. Actualment \u00e9s l\u2019espai de treball de l\u2019alumnat que realitza pr\u00e0ctiques amb nosaltres.&nbsp;<\/p>\n\n\n\n<p><\/p>\n\n\n\n<p><\/p>\n\n\n\n<p><strong>Aula Multim\u00e8dia<\/strong><\/p>\n\n\n\n<p>FOTO<\/p>\n\n\n\n<p>\u00c9s una aula amb capacitat per 30 persones i que compta amb material i suports audiovisuals: pissara digital, ordinadors connectats a la xarxa, carro carregador de tauletes (12), Mifis (5) i tauletes IOS (12).&nbsp;<\/p>\n\n\n\n<p><\/p>\n\n\n\n<p><\/p>\n\n\n\n<p><strong>Jard\u00ed rom\u00e0<\/strong><\/p>\n\n\n\n<p>FOTO<\/p>\n\n\n\n<p>\u00c9s un espai exterior, un jard\u00ed rom\u00e0 dedicat a la salut que compta amb plantes, herbes i esp\u00e8cies remeieres d&#8217;\u00e8poca romana. T\u00e9 capacitat per a 10 persones.<\/p>\n\n\n\n<p><\/p>\n\n\n\n<p><\/p>\n\n\n\n<p><strong>Jaciment d\u2019arqueologia<\/strong><\/p>\n\n\n\n<p>&nbsp;FOTO<\/p>\n\n\n\n<p>Espai exterior d\u2019excavaci\u00f3 que forma part del taller d\u2019arqueologia. T\u00e9 una capacitat per a 30 persones.&nbsp;<\/p>\n\n\n\n<p><\/p>\n\n\n\n<p><\/p>\n\n\n\n<div style=\"height:100px\" aria-hidden=\"true\" class=\"wp-block-spacer\"><\/div>\n\n\n\n<p><strong>Aules ubicades a l\u2019institut Cal\u00b7l\u00edpolis, dins del Complex Educatiu de Tarragona:<\/strong><\/p>\n\n\n\n<p><strong>Aula de la Ind\u00fastria<\/strong><\/p>\n\n\n\n<p>En aquest espai s\u2019hi realitza una part de les activitats <em>La ind\u00fastria qu\u00edmica de Tarragona<\/em> i <em>Un tresor sota les xemeneies. <\/em>L\u2019aula est\u00e0 organitzada en cinc racons d\u2019aprenentatge.&nbsp;<\/p>\n\n\n\n\n\n<p><\/p>\n\n\n\n<p><strong>Aula Petits <\/strong><\/p>\n\n\n\n<figure class=\"wp-block-image size-large\"><a href=\"https:\/\/serveiseducatius.xtec.cat\/cda-tarragona\/wp-content\/uploads\/usu1376\/2026\/04\/PHOTO-2025-10-24-11-03-49.jpg\"><img loading=\"lazy\" decoding=\"async\" width=\"1024\" height=\"768\" src=\"https:\/\/serveiseducatius.xtec.cat\/cda-tarragona\/wp-content\/uploads\/usu1376\/2026\/04\/PHOTO-2025-10-24-11-03-49-1024x768.jpg\" alt=\"\" class=\"wp-image-16301\" srcset=\"https:\/\/serveiseducatius.xtec.cat\/cda-tarragona\/wp-content\/uploads\/usu1376\/2026\/04\/PHOTO-2025-10-24-11-03-49-1024x768.jpg 1024w, https:\/\/serveiseducatius.xtec.cat\/cda-tarragona\/wp-content\/uploads\/usu1376\/2026\/04\/PHOTO-2025-10-24-11-03-49-300x225.jpg 300w, https:\/\/serveiseducatius.xtec.cat\/cda-tarragona\/wp-content\/uploads\/usu1376\/2026\/04\/PHOTO-2025-10-24-11-03-49-768x576.jpg 768w, https:\/\/serveiseducatius.xtec.cat\/cda-tarragona\/wp-content\/uploads\/usu1376\/2026\/04\/PHOTO-2025-10-24-11-03-49-1536x1152.jpg 1536w, https:\/\/serveiseducatius.xtec.cat\/cda-tarragona\/wp-content\/uploads\/usu1376\/2026\/04\/PHOTO-2025-10-24-11-03-49.jpg 1600w\" sizes=\"auto, (max-width: 1024px) 100vw, 1024px\" \/><\/a><\/figure>\n\n\n\n<p>T\u00e9 una capacitat per 30 &#8211; 35 persones i s\u2019hi realitza una part de l\u2019activitat <em>Els petits nens i nens de T\u00e0rraco.&nbsp; <\/em>L\u2019aula est\u00e0 organitzada en cinc racons d\u2019aprenentatge entre els que s\u2019hi inclou el jard\u00ed on es realitzen jocs romans.&nbsp;<\/p>\n\n\n\n<p><\/p>\n","protected":false},"excerpt":{"rendered":"<p>La seu del Cda, on hi tenim l\u2019oficina es troba al Complex Educatiu de Tarragona. Al mateix complex educatiu, comptem amb els seg\u00fcents espais de treball:&nbsp; Aules i espais on es realitzen activitats i tallers amb l\u2019alumnat Aula Taller d\u2019arqueologia&nbsp; FOTO \u00c9s una aula multifuncions amb capacitat per 40 &#8211; 60 persones. L\u2019activitat que s\u2019hi [&hellip;]<\/p>\n","protected":false},"author":1,"featured_media":0,"parent":16198,"menu_order":0,"comment_status":"closed","ping_status":"close","template":"","meta":{"_bbp_topic_count":0,"_bbp_reply_count":0,"_bbp_total_topic_count":0,"_bbp_total_reply_count":0,"_bbp_voice_count":0,"_bbp_anonymous_reply_count":0,"_bbp_topic_count_hidden":0,"_bbp_reply_count_hidden":0,"_bbp_forum_subforum_count":0,"site-sidebar-layout":"default","site-content-layout":"","ast-site-content-layout":"default","site-content-style":"default","site-sidebar-style":"default","ast-global-header-display":"","ast-banner-title-visibility":"","ast-main-header-display":"","ast-hfb-above-header-display":"","ast-hfb-below-header-display":"","ast-hfb-mobile-header-display":"","site-post-title":"","ast-breadcrumbs-content":"","ast-featured-img":"","footer-sml-layout":"","theme-transparent-header-meta":"","adv-header-id-meta":"","stick-header-meta":"","header-above-stick-meta":"","header-main-stick-meta":"","header-below-stick-meta":"","astra-migrate-meta-layouts":"set","ast-page-background-enabled":"default","ast-page-background-meta":{"desktop":{"background-color":"var(--ast-global-color-4)","background-image":"","background-repeat":"repeat","background-position":"center center","background-size":"auto","background-attachment":"scroll","background-type":"","background-media":"","overlay-type":"","overlay-color":"","overlay-opacity":"","overlay-gradient":""},"tablet":{"background-color":"","background-image":"","background-repeat":"repeat","background-position":"center center","background-size":"auto","background-attachment":"scroll","background-type":"","background-media":"","overlay-type":"","overlay-color":"","overlay-opacity":"","overlay-gradient":""},"mobile":{"background-color":"","background-image":"","background-repeat":"repeat","background-position":"center center","background-size":"auto","background-attachment":"scroll","background-type":"","background-media":"","overlay-type":"","overlay-color":"","overlay-opacity":"","overlay-gradient":""}},"ast-content-background-meta":{"desktop":{"background-color":"var(--ast-global-color-5)","background-image":"","background-repeat":"repeat","background-position":"center center","background-size":"auto","background-attachment":"scroll","background-type":"","background-media":"","overlay-type":"","overlay-color":"","overlay-opacity":"","overlay-gradient":""},"tablet":{"background-color":"var(--ast-global-color-5)","background-image":"","background-repeat":"repeat","background-position":"center center","background-size":"auto","background-attachment":"scroll","background-type":"","background-media":"","overlay-type":"","overlay-color":"","overlay-opacity":"","overlay-gradient":""},"mobile":{"background-color":"var(--ast-global-color-5)","background-image":"","background-repeat":"repeat","background-position":"center center","background-size":"auto","background-attachment":"scroll","background-type":"","background-media":"","overlay-type":"","overlay-color":"","overlay-opacity":"","overlay-gradient":""}},"footnotes":""},"class_list":["post-16207","page","type-page","status-publish","hentry"],"post_mailing_queue_ids":[],"_links":{"self":[{"href":"https:\/\/serveiseducatius.xtec.cat\/cda-tarragona\/wp-json\/wp\/v2\/pages\/16207","targetHints":{"allow":["GET"]}}],"collection":[{"href":"https:\/\/serveiseducatius.xtec.cat\/cda-tarragona\/wp-json\/wp\/v2\/pages"}],"about":[{"href":"https:\/\/serveiseducatius.xtec.cat\/cda-tarragona\/wp-json\/wp\/v2\/types\/page"}],"author":[{"embeddable":true,"href":"https:\/\/serveiseducatius.xtec.cat\/cda-tarragona\/wp-json\/wp\/v2\/users\/1"}],"replies":[{"embeddable":true,"href":"https:\/\/serveiseducatius.xtec.cat\/cda-tarragona\/wp-json\/wp\/v2\/comments?post=16207"}],"version-history":[{"count":6,"href":"https:\/\/serveiseducatius.xtec.cat\/cda-tarragona\/wp-json\/wp\/v2\/pages\/16207\/revisions"}],"predecessor-version":[{"id":16305,"href":"https:\/\/serveiseducatius.xtec.cat\/cda-tarragona\/wp-json\/wp\/v2\/pages\/16207\/revisions\/16305"}],"up":[{"embeddable":true,"href":"https:\/\/serveiseducatius.xtec.cat\/cda-tarragona\/wp-json\/wp\/v2\/pages\/16198"}],"wp:attachment":[{"href":"https:\/\/serveiseducatius.xtec.cat\/cda-tarragona\/wp-json\/wp\/v2\/media?parent=16207"}],"curies":[{"name":"wp","href":"https:\/\/api.w.org\/{rel}","templated":true}]}}

<p>La seu del Cda, on hi tenim l’oficina es troba al Complex Educatiu de Tarragona. Al mateix complex educatiu, comptem amb els següents espais de treball:&nbsp;</p>



<p><strong>Aules i espais on es realitzen activitats i tallers amb l’alumnat</strong></p>



<p><strong>Aula Taller d’arqueologia&nbsp;</strong></p>



<p>FOTO</p>



<p>És una aula multifuncions amb capacitat per 40 &#8211; 60 persones. L’activitat que s’hi realitzar és el <em>Taller d’arqueologia</em> i algunes sessions de l’àmbit metodològic amb alumnat universitari. Compta amb material de reconstrucció , material per al taller i una pantalla interactiva.&nbsp;</p>



<p></p>



<p></p>



<p><strong>Aula Petits</strong></p>



<p>FOTO</p>



<p>És una aula amb capacitat per 25 &#8211; 30 persones. És una aula temàtica on s’hi realitza una part de l’activitat <em>Els petits nens i nens de Tàrraco</em>. A l’aula hi tenim un conte de grans dimensions, material romà exposat de reconstrucció, vestuari romà per a l’alumnat, un bagul amb instruments, una làmina gran amb espais de Tàrraco per treballar i bagul amb imatges.&nbsp;</p>



<p></p>



<p></p>



<p><strong>Aula Medieval</strong></p>



<p>FOTO</p>



<p>És una aula on hi tenim els materials relacionats amb aquesta temàtica que no estem realitzant en l’actualitat: Tallers de Santa Tecla, la maqueta de la Catedral. Té una capacitat per a 10 &#8211; 15 persones. Actualment és l’espai de treball de l’alumnat que realitza pràctiques amb nosaltres.&nbsp;</p>



<p></p>



<p></p>



<p><strong>Aula Multimèdia</strong></p>



<p>FOTO</p>



<p>És una aula amb capacitat per 30 persones i que compta amb material i suports audiovisuals: pissara digital, ordinadors connectats a la xarxa, carro carregador de tauletes (12), Mifis (5) i tauletes IOS (12).&nbsp;</p>



<p></p>



<p></p>



<p><strong>Jardí romà</strong></p>



<p>FOTO</p>



<p>És un espai exterior, un jardí romà dedicat a la salut que compta amb plantes, herbes i espècies remeieres d&#8217;època romana. Té capacitat per a 10 persones.</p>



<p></p>



<p></p>



<p><strong>Jaciment d’arqueologia</strong></p>



<p>&nbsp;FOTO</p>



<p>Espai exterior d’excavació que forma part del taller d’arqueologia. Té una capacitat per a 30 persones.&nbsp;</p>



<p></p>



<p></p>



<div style="height:100px" aria-hidden="true" class="wp-block-spacer"></div>



<p><strong>Aules ubicades a l’institut Cal·lípolis, dins del Complex Educatiu de Tarragona:</strong></p>



<p><strong>Aula de la Indústria</strong></p>



<p>En aquest espai s’hi realitza una part de les activitats <em>La indústria química de Tarragona</em> i <em>Un tresor sota les xemeneies. </em>L’aula està organitzada en cinc racons d’aprenentatge.&nbsp;</p>





<p></p>



<p><strong>Aula Petits </strong></p>



<figure class="wp-block-image size-large"><a href="https://serveiseducatius.xtec.cat/cda-tarragona/wp-content/uploads/usu1376/2026/04/PHOTO-2025-10-24-11-03-49.jpg"><img loading="lazy" decoding="async" width="1024" height="768" src="https://serveiseducatius.xtec.cat/cda-tarragona/wp-content/uploads/usu1376/2026/04/PHOTO-2025-10-24-11-03-49-1024x768.jpg" alt="" class="wp-image-16301" srcset="https://serveiseducatius.xtec.cat/cda-tarragona/wp-content/uploads/usu1376/2026/04/PHOTO-2025-10-24-11-03-49-1024x768.jpg 1024w, https://serveiseducatius.xtec.cat/cda-tarragona/wp-content/uploads/usu1376/2026/04/PHOTO-2025-10-24-11-03-49-300x225.jpg 300w, https://serveiseducatius.xtec.cat/cda-tarragona/wp-content/uploads/usu1376/2026/04/PHOTO-2025-10-24-11-03-49-768x576.jpg 768w, https://serveiseducatius.xtec.cat/cda-tarragona/wp-content/uploads/usu1376/2026/04/PHOTO-2025-10-24-11-03-49-1536x1152.jpg 1536w, https://serveiseducatius.xtec.cat/cda-tarragona/wp-content/uploads/usu1376/2026/04/PHOTO-2025-10-24-11-03-49.jpg 1600w" sizes="auto, (max-width: 1024px) 100vw, 1024px" /></a></figure>



<p>Té una capacitat per 30 &#8211; 35 persones i s’hi realitza una part de l’activitat <em>Els petits nens i nens de Tàrraco.&nbsp; </em>L’aula està organitzada en cinc racons d’aprenentatge entre els que s’hi inclou el jardí on es realitzen jocs romans.&nbsp;</p>



<p></p>

<p>La seu del Cda, on hi tenim l’oficina es troba al Complex Educatiu de Tarragona. Al mateix complex educatiu, comptem amb els següents espais de treball:&nbsp; Aules i espais on es realitzen activitats i tallers amb l’alumnat Aula Taller d’arqueologia&nbsp; FOTO És una aula multifuncions amb capacitat per 40 &#8211; 60 persones. L’activitat que s’hi [&hellip;]</p>
