{"id":15843,"date":"2025-04-23T13:48:40","date_gmt":"2025-04-23T11:48:40","guid":{"rendered":"https:\/\/serveiseducatius.xtec.cat\/cda-tarragona\/?page_id=15843"},"modified":"2025-05-20T13:51:39","modified_gmt":"2025-05-20T11:51:39","slug":"56-dracs-musics-i-histories-de-la-catedral-ei-activitat-sortida-guiada","status":"publish","type":"page","link":"https:\/\/serveiseducatius.xtec.cat\/cda-tarragona\/56-dracs-musics-i-histories-de-la-catedral-ei-activitat-sortida-guiada\/","title":{"rendered":"NOVETAT-56. Dracs, m\u00fasics i hist\u00f2ries de la Catedral (I5, CI) ACTIVITAT SORTIDA GUIADA"},"content":{"rendered":"<p><a href=\"https:\/\/serveiseducatius.xtec.cat\/cda-tarragona\/wp-content\/uploads\/usu1376\/2025\/04\/IMG_9907.heic\"><img decoding=\"async\" class=\"alignleft size-full wp-image-15898\" src=\"https:\/\/serveiseducatius.xtec.cat\/cda-tarragona\/wp-content\/uploads\/usu1376\/2025\/04\/IMG_9907.heic\" alt=\"\" \/><\/a><\/p>\n<table dir=\"ltr\" style=\"width: 69.9546%; height: 578px;\" border=\"1\" cellspacing=\"0\" cellpadding=\"0\">\n<tbody>\n<tr>\n<td style=\"width: 99.7835%;\"><b>Dracs, m\u00fasics i hist\u00f2ries de la Catedral (EI) ACTIVITAT GUIADA<\/b><\/td>\n<\/tr>\n<tr>\n<td style=\"width: 99.7835%;\">\n<ul>\n<li style=\"font-weight: 400;\" aria-level=\"1\"><span style=\"font-weight: 400;\">Segons la modalitat de relaci\u00f3: <\/span><b>SORTIDA (NO ESTADA EDUCATIVA).<\/b><\/li>\n<li style=\"font-weight: 400;\" aria-level=\"1\"><span style=\"font-weight: 400;\">Segons la implementaci\u00f3 did\u00e0ctica: <\/span><b>GUIADA<\/b><span style=\"font-weight: 400;\">.<\/span><\/li>\n<li>Activitat\u00a0<strong>GUIADA<\/strong>\u00a0per l\u2019equip\u00a0<strong>DOCENT<\/strong>\u00a0del\u00a0<strong>CAMP D\u2019APRENENTATGE<\/strong>.<\/li>\n<\/ul>\n<\/td>\n<\/tr>\n<tr>\n<td style=\"width: 99.7835%;\"><b>Nivell<\/b><\/td>\n<\/tr>\n<tr>\n<td style=\"width: 99.7835%;\">\n<ul>\n<li style=\"font-weight: 400;\" aria-level=\"1\"><span style=\"font-weight: 400;\">Educaci\u00f3 infantil.<\/span><\/li>\n<\/ul>\n<\/td>\n<\/tr>\n<tr>\n<td style=\"width: 99.7835%;\"><b>Descripci\u00f3<\/b><\/td>\n<\/tr>\n<tr>\n<td style=\"width: 99.7835%;\">\n<ul>\n<li style=\"font-weight: 400;\" aria-level=\"1\"><span style=\"font-weight: 400;\">Els dracs i els m\u00fasics del temple guiaran un passeig m\u00e0gic pels diferents espais de la Catedral, tot representant les hist\u00f2ries que s&#8217;hi amaguen. L&#8217;inici de l&#8217;activitat \u00e9s davant la fa\u00e7ana de la Catedral, ensenyant-la als infants. Tot el grup classe formar\u00e0 el gran drac que els acompanyar\u00e0 al llarg de tot el recorregut. A partir d&#8217;aqu\u00ed, i un cop s&#8217;entra a l&#8217;edifici es van explicant diferents llegendes, a partir dels diferents retaules, escultures, capelles, que es troben dins la seu. Els nens\/es hauran de representar els personatges que apareixen en algunes escenes, per tal d&#8217;interaccionar amb l&#8217;activitat.<\/span><\/li>\n<\/ul>\n<\/td>\n<\/tr>\n<tr>\n<td style=\"width: 99.7835%;\"><b>Objectius d\u2019aprenentatge<\/b><\/td>\n<\/tr>\n<tr>\n<td style=\"width: 99.7835%;\">\n<ul>\n<li style=\"font-weight: 400;\" aria-level=\"1\"><span style=\"font-weight: 400;\">Apropar els alumnes m\u00e9s petits a la ciutat de Tarragona.<\/span><\/li>\n<li style=\"font-weight: 400;\" aria-level=\"1\"><span style=\"font-weight: 400;\">Observar directa i indirectament alguns dels retaules i les escultures de la Catedral.<\/span><\/li>\n<li style=\"font-weight: 400;\" aria-level=\"1\"><span style=\"font-weight: 400;\">Con\u00e8ixer la Catedral de Tarragona, els seus espais i misteris.<\/span><\/li>\n<li style=\"font-weight: 400;\" aria-level=\"1\"><span style=\"font-weight: 400;\">Representar vivencialment hist\u00f2ries i llegendes amagades a la Seu.<\/span><\/li>\n<li style=\"font-weight: 400;\" aria-level=\"1\"><span style=\"font-weight: 400;\">Fer-los estimar el patrimoni, mitjan\u00e7ant la intriga i l&#8217;aventura.<\/span><\/li>\n<\/ul>\n<\/td>\n<\/tr>\n<tr>\n<td style=\"width: 99.7835%;\"><b>Ubicaci\u00f3<\/b><\/td>\n<\/tr>\n<tr>\n<td style=\"width: 99.7835%;\">\n<ul>\n<li style=\"font-weight: 400;\" aria-level=\"1\"><span style=\"font-weight: 400;\">A la Catedral de Tarragona i a l&#8217;aula.<\/span><\/li>\n<\/ul>\n<\/td>\n<\/tr>\n<tr>\n<td style=\"width: 99.7835%;\"><b>Durada<\/b><\/td>\n<\/tr>\n<tr>\n<td style=\"width: 99.7835%;\">\n<ul>\n<li style=\"font-weight: 400;\" aria-level=\"1\"><span style=\"font-weight: 400;\">2 hores.<\/span><\/li>\n<\/ul>\n<\/td>\n<\/tr>\n<tr>\n<td style=\"width: 99.7835%;\"><b>Cost did\u00e0ctic<\/b><\/td>\n<\/tr>\n<tr>\n<td style=\"width: 99.7835%;\">\n<ul>\n<li style=\"font-weight: 400;\" aria-level=\"1\"><span style=\"font-weight: 400;\">Despla\u00e7ament fins els punts de trobada i retorn al centre educatiu sol\u00b7licitant a c\u00e0rrec d&#8217;aquest.<\/span><\/li>\n<li style=\"font-weight: 400;\" aria-level=\"1\"><span style=\"font-weight: 400;\">L&#8217;activitat costa 3\u20ac per alumne\/a per ser guiada, m\u00e9s l&#8217;entrada a la Catedral que caldr\u00e0 consultar.<\/span><\/li>\n<\/ul>\n<\/td>\n<\/tr>\n<tr>\n<td style=\"width: 99.7835%;\"><b>Altres informacions<\/b><\/td>\n<\/tr>\n<tr>\n<td style=\"width: 99.7835%;\">\n<ul>\n<li style=\"font-weight: 400;\" aria-level=\"1\"><span style=\"font-weight: 400;\">Els i les alumnes hauran d&#8217;aprendre la tornada de la can\u00e7\u00f3 <\/span><b><i>&#8220;Trepitja fort&#8221;<\/i><\/b> <span style=\"font-weight: 400;\">del grup musical <\/span><b>Lax&#8217;n&#8217; Busto<\/b><span style=\"font-weight: 400;\">.<\/span><\/li>\n<\/ul>\n<p><span style=\"font-weight: 400;\">Trepitja fort, Roc<\/span><\/p>\n<p><span style=\"font-weight: 400;\">sigues m\u00e9s valent del que<\/span><\/p>\n<p><span style=\"font-weight: 400;\">he estat jo.<\/span><\/p>\n<p><span style=\"font-weight: 400;\">Dibuixa&#8217;ls-hi un somriure,<\/span><\/p>\n<p><span style=\"font-weight: 400;\">que ning\u00fa et podr\u00e0 dir no.<\/span><\/p>\n<p><span style=\"font-weight: 400;\">cavalcar\u00e0s la vida com un cavall de cartr\u00f3.<\/span><\/p>\n<p><span style=\"font-weight: 400;\">Trepitja fort, Roc, trepitja fort.<\/span><\/p>\n<ul>\n<li style=\"font-weight: 400;\" aria-level=\"1\"><span style=\"font-weight: 400;\">En finalitzar l&#8217;activitat es repartir\u00e0 un quadern per a cada grup classe, on els dracs localitzats a la Catedral inviten els nens a realitzar tasques relacionades amb les matem\u00e0tiques per incentivar-la, la psicomotricitat, l&#8217;expressi\u00f3 oral, etc. El quadern es pot treballar de manera opcional a l&#8217;aula.<img loading=\"lazy\" decoding=\"async\" class=\" wp-image-15901 aligncenter\" src=\"https:\/\/serveiseducatius.xtec.cat\/cda-tarragona\/wp-content\/uploads\/usu1376\/2025\/04\/Dracs-i-musics.jpg\" alt=\"\" width=\"488\" height=\"651\" srcset=\"https:\/\/serveiseducatius.xtec.cat\/cda-tarragona\/wp-content\/uploads\/usu1376\/2025\/04\/Dracs-i-musics.jpg 768w, https:\/\/serveiseducatius.xtec.cat\/cda-tarragona\/wp-content\/uploads\/usu1376\/2025\/04\/Dracs-i-musics-225x300.jpg 225w\" sizes=\"auto, (max-width: 488px) 100vw, 488px\" \/><\/span><\/li>\n<\/ul>\n<\/td>\n<\/tr>\n<\/tbody>\n<\/table>\n","protected":false},"excerpt":{"rendered":"<p>Dracs, m\u00fasics i hist\u00f2ries de la Catedral (EI) ACTIVITAT GUIADA Segons la modalitat de relaci\u00f3: SORTIDA (NO ESTADA EDUCATIVA). Segons la implementaci\u00f3 did\u00e0ctica: GUIADA. Activitat\u00a0GUIADA\u00a0per l\u2019equip\u00a0DOCENT\u00a0del\u00a0CAMP D\u2019APRENENTATGE. Nivell Educaci\u00f3 infantil. Descripci\u00f3 Els dracs i els m\u00fasics del temple guiaran un passeig m\u00e0gic pels diferents espais de la Catedral, tot representant les hist\u00f2ries que s&#8217;hi amaguen. [&hellip;]<\/p>\n","protected":false},"author":1,"featured_media":0,"parent":0,"menu_order":0,"comment_status":"closed","ping_status":"closed","template":"","meta":{"_bbp_topic_count":0,"_bbp_reply_count":0,"_bbp_total_topic_count":0,"_bbp_total_reply_count":0,"_bbp_voice_count":0,"_bbp_anonymous_reply_count":0,"_bbp_topic_count_hidden":0,"_bbp_reply_count_hidden":0,"_bbp_forum_subforum_count":0,"site-sidebar-layout":"default","site-content-layout":"","ast-site-content-layout":"","site-content-style":"default","site-sidebar-style":"default","ast-global-header-display":"","ast-banner-title-visibility":"","ast-main-header-display":"","ast-hfb-above-header-display":"","ast-hfb-below-header-display":"","ast-hfb-mobile-header-display":"","site-post-title":"","ast-breadcrumbs-content":"","ast-featured-img":"","footer-sml-layout":"","theme-transparent-header-meta":"","adv-header-id-meta":"","stick-header-meta":"","header-above-stick-meta":"","header-main-stick-meta":"","header-below-stick-meta":"","astra-migrate-meta-layouts":"default","ast-page-background-enabled":"default","ast-page-background-meta":{"desktop":{"background-color":"var(--ast-global-color-4)","background-image":"","background-repeat":"repeat","background-position":"center center","background-size":"auto","background-attachment":"scroll","background-type":"","background-media":"","overlay-type":"","overlay-color":"","overlay-opacity":"","overlay-gradient":""},"tablet":{"background-color":"","background-image":"","background-repeat":"repeat","background-position":"center center","background-size":"auto","background-attachment":"scroll","background-type":"","background-media":"","overlay-type":"","overlay-color":"","overlay-opacity":"","overlay-gradient":""},"mobile":{"background-color":"","background-image":"","background-repeat":"repeat","background-position":"center center","background-size":"auto","background-attachment":"scroll","background-type":"","background-media":"","overlay-type":"","overlay-color":"","overlay-opacity":"","overlay-gradient":""}},"ast-content-background-meta":{"desktop":{"background-color":"var(--ast-global-color-5)","background-image":"","background-repeat":"repeat","background-position":"center center","background-size":"auto","background-attachment":"scroll","background-type":"","background-media":"","overlay-type":"","overlay-color":"","overlay-opacity":"","overlay-gradient":""},"tablet":{"background-color":"var(--ast-global-color-5)","background-image":"","background-repeat":"repeat","background-position":"center center","background-size":"auto","background-attachment":"scroll","background-type":"","background-media":"","overlay-type":"","overlay-color":"","overlay-opacity":"","overlay-gradient":""},"mobile":{"background-color":"var(--ast-global-color-5)","background-image":"","background-repeat":"repeat","background-position":"center center","background-size":"auto","background-attachment":"scroll","background-type":"","background-media":"","overlay-type":"","overlay-color":"","overlay-opacity":"","overlay-gradient":""}},"footnotes":""},"class_list":["post-15843","page","type-page","status-publish","hentry"],"post_mailing_queue_ids":[],"_links":{"self":[{"href":"https:\/\/serveiseducatius.xtec.cat\/cda-tarragona\/wp-json\/wp\/v2\/pages\/15843","targetHints":{"allow":["GET"]}}],"collection":[{"href":"https:\/\/serveiseducatius.xtec.cat\/cda-tarragona\/wp-json\/wp\/v2\/pages"}],"about":[{"href":"https:\/\/serveiseducatius.xtec.cat\/cda-tarragona\/wp-json\/wp\/v2\/types\/page"}],"author":[{"embeddable":true,"href":"https:\/\/serveiseducatius.xtec.cat\/cda-tarragona\/wp-json\/wp\/v2\/users\/1"}],"replies":[{"embeddable":true,"href":"https:\/\/serveiseducatius.xtec.cat\/cda-tarragona\/wp-json\/wp\/v2\/comments?post=15843"}],"version-history":[{"count":6,"href":"https:\/\/serveiseducatius.xtec.cat\/cda-tarragona\/wp-json\/wp\/v2\/pages\/15843\/revisions"}],"predecessor-version":[{"id":15952,"href":"https:\/\/serveiseducatius.xtec.cat\/cda-tarragona\/wp-json\/wp\/v2\/pages\/15843\/revisions\/15952"}],"wp:attachment":[{"href":"https:\/\/serveiseducatius.xtec.cat\/cda-tarragona\/wp-json\/wp\/v2\/media?parent=15843"}],"curies":[{"name":"wp","href":"https:\/\/api.w.org\/{rel}","templated":true}]}}