{"id":12716,"date":"2022-02-01T13:57:20","date_gmt":"2022-02-01T12:57:20","guid":{"rendered":"https:\/\/serveiseducatius.xtec.cat\/cda-tarragona\/?page_id=12716"},"modified":"2024-10-14T13:14:26","modified_gmt":"2024-10-14T11:14:26","slug":"inscripcio","status":"publish","type":"page","link":"https:\/\/serveiseducatius.xtec.cat\/cda-tarragona\/inscripcio\/","title":{"rendered":"Com inscriure&#8217;s?"},"content":{"rendered":"<p>El proc\u00e9s d&#8217;inscripci\u00f3 es fa per fases:<\/p>\n<ol>\n<li style=\"list-style-type: none;\">\n<ol>\n<li style=\"list-style-type: none;\">\n<ol>\n<li style=\"list-style-type: none;\">\n<ol>\n<li style=\"list-style-type: none;\">\n<ol>\n<li style=\"list-style-type: none;\">\n<ol>\n<li>Sol\u00b7licitud per part dels centres educatius.<\/li>\n<li>Assignaci\u00f3 per part del CdA\/EdA.<\/li>\n<li>Acceptaci\u00f3 de les estades i sortides dels centres educatius.<\/li>\n<li>Enviament del Full d&#8217;Acceptaci\u00f3.<\/li>\n<li>Inscripci\u00f3 acabada per part del centre.<\/li>\n<\/ol>\n<\/li>\n<\/ol>\n<\/li>\n<\/ol>\n<\/li>\n<\/ol>\n<\/li>\n<\/ol>\n<\/li>\n<\/ol>\n<p>&nbsp;<\/p>\n<h4><span style=\"color: #800080;\"><strong>1. Sol\u00b7licituds per part dels centres educatius<\/strong><\/span><\/h4>\n<p>A la sol\u00b7licitud haureu d\u2019especificar:<\/p>\n<ul>\n<li>La descripci\u00f3 de l\u2019activitat (seq\u00fc\u00e8ncia did\u00e0ctica) que es porta a terme en el vostre centre educatiu i que es vol treballar a l\u2019estada o sortida al CdA\/EdA.<\/li>\n<li>La vinculaci\u00f3 de l&#8217;activitat (seq\u00fc\u00e8ncia did\u00e0ctica) sol\u00b7licitada amb el projecte educatiu de centre (PEC)<\/li>\n<li>Escollir la relaci\u00f3 de continguts del CdA i EdA que s\u2019adequa a l\u2019activitat que voleu portar a terme.<\/li>\n<\/ul>\n<p>&nbsp;<\/p>\n<h4><span style=\"color: #800080;\"><strong>A) Sol\u00b7licituds en per\u00edode ordinar<span style=\"color: #800080;\">i a l\u2019APLICACI\u00d3 <\/span><\/strong><strong>CAMPS<\/strong><\/span><\/h4>\n<p>El per\u00edode d\u2019inscripci\u00f3 ordinari \u00e9s, aproximadament, de la <strong>segona setmana de maig al principis de juny del curs anterior a fer l&#8217;activitat. <\/strong>Dins aquest per\u00edode, la inscripci\u00f3 a les estades i sortides per a tots els CdA\/EdA es realitza a trav\u00e9s de l\u2019<a href=\"http:\/\/aplicacions.gestioeducativa.gencat.cat\/pls\/apex\/f?p=camps\" target=\"_blank\" rel=\"noopener\">APLICACI\u00d3 CAMPS<\/a>.<\/p>\n<p>Per defecte, l\u2019acc\u00e9s a l\u2019aplicaci\u00f3 est\u00e0 perm\u00e8s a les persones de l\u2019equip directiu (pels centres p\u00fablics)\u00a0 i al director (pels centres privats). Qualsevol modificaci\u00f3 sobre aquests permisos els podr\u00e0 realitzar el director del centre mitjan\u00e7ant l\u2019aplicaci\u00f3 GUAC.<\/p>\n<p>El sol\u00b7licitant, un cop autenticat, haur\u00e0 de seleccionar el seu centre i donar d\u2019alta a les sol\u00b7licituds d\u2019estades i sortides per les quals opti.<\/p>\n<p>Un cop donada d\u2019alta la sol\u00b7licitud, podeu desar-la i descarregar-la en\u00a0<strong>pdf<\/strong>. Les sol\u00b7licituds es podran modificar durant el per\u00edode d&#8217;inscripci\u00f3.<\/p>\n<p><strong><span style=\"color: #800080;\">Important:<\/span> <\/strong>Per a cada sol\u00b7licitud comenceu un proc\u00e9s nou, no aprofiteu les dades entrades, ja que el nombre de registre de les sol\u00b7licituds seria el mateix i aix\u00f2 pot interferir en el proc\u00e9s d&#8217;assignaci\u00f3.<\/p>\n<p>En cas que detecteu un problema d\u2019acc\u00e9s o de funcionament de l\u2019aplicaci\u00f3, poseu-vos en contacte amb el\u00a0<a href=\"http:\/\/xtec.gencat.cat\/ca\/at_usuari\/suport\/serveis_i_sau\/\">Servei d\u2019Atenci\u00f3 a l\u2019Usuari<\/a>\u00a0(SAU).<\/p>\n<p>Tamb\u00e9 us podeu posar en contacte amb l&#8217;equip de Serveis Educatius\u00a0 (<a href=\"mailto:cda@xtec.cat\">serveiseducatius@xtec.cat<\/a>).<\/p>\n<p><strong><a href=\"https:\/\/aplicacions.gestioeducativa.gencat.cat\/siteminderagent\/forms\/gicar2021\/loginCorpCmo2021v17.fcc?TYPE=33554433&amp;REALMOID=06-0008efb0-d968-1192-92c3-802b0a340000&amp;GUID=&amp;SMAUTHREASON=0&amp;METHOD=GET&amp;SMAGENTNAME=-SM-JQBOjQHFW32qhaFzfRxvjZBRwb35kvzx9Hh2XI9ZV%2bvTKy0PMQ2oZJVwbVTWDc9d&amp;TARGET=-SM-HTTPS%3a%2f%2faplicacions%2eensenyament%2egencat%2ecat%2fpls%2fapex%2fapex_authentication%2ecallback%3fp_session_id%3d303422050069016%26p_app_id%3d151%26p_ajax_identifier%3dEtFdZrnxJiiAVvmR8iyAKNLogyQPfWntGrz8DlmzXKw%26p_page_id%3d501\">Cliqueu aqu\u00ed per accedir a l&#8217;APLICACI\u00d3 CAMPS<\/a>.<\/strong><\/p>\n<p>&nbsp;<\/p>\n<h4><span style=\"color: #800080;\"><strong>B) <\/strong><\/span><span style=\"color: #800080;\"><strong>Sol\u00b7licituds fora termini, universitats i fora de Catalunya mitjan\u00e7ant <\/strong><a href=\"https:\/\/docs.google.com\/forms\/d\/e\/1FAIpQLSdG2kSYtn7wCmpflil84NZ56WXCb4Oc6u1m1ojBjeWy-e7CsQ\/viewform\" target=\"_blank\" rel=\"noopener\"><strong>FORMULARI<\/strong><\/a><\/span><\/h4>\n<p>Les sol\u00b7licituds d&#8217;inscripci\u00f3 realitzades fora del per\u00edode ordinari es faran en un <a href=\"https:\/\/docs.google.com\/forms\/d\/e\/1FAIpQLSftZbw9CXqwO9VWsOX7QsLx75w68LgfQs2ZCo2SX0eQE1sKSw\/viewform\">formulari espec\u00edfic<\/a>. Aquestes sol\u00b7licituds nom\u00e9s podran ser ateses si es produeix alguna vacant. En cas de ser adjudicades per algun CdA\/EdA, s\u2019introduiran i es gestionaran amb l\u2019<a href=\"http:\/\/aplicacions.gestioeducativa.gencat.cat\/pls\/apex\/f?p=camps\" target=\"_blank\" rel=\"noopener\">APLICACI\u00d3 CAMPS<\/a>.<\/p>\n<p>Per les inscripcions de centres de fora de Catalunya i primers cursos universitaris, tamb\u00e9 cal que empleneu el mateix formulari espec\u00edfic<strong>.\u00a0<\/strong>En aquest cas, el CdA\/EdA es posar\u00e0 en contacte amb el centre per donar resposta a les sol\u00b7licituds.<\/p>\n<p>En cas que detecteu un problema amb el formulari us podeu posar en contacte amb l&#8217;equip de Serveis Educatius (<a href=\"mailto:cda@xtec.cat\">serveiseducatius@xtec.cat<\/a>).<\/p>\n<p><a href=\"https:\/\/docs.google.com\/forms\/d\/e\/1FAIpQLSdG2kSYtn7wCmpflil84NZ56WXCb4Oc6u1m1ojBjeWy-e7CsQ\/viewform\" target=\"_blank\" rel=\"noopener\"><strong>Cliqueu aqu\u00ed per accedir al FORMULARI DE SOL\u00b7LICITUD D&#8217;ACTIVITATS EXTRAORDINARI.<\/strong><\/a><\/p>\n<h4><\/h4>\n<h4><span style=\"color: #800080;\"><strong>2. Assignaci\u00f3<\/strong><\/span><\/h4>\n<p>Les sol\u00b7licituds d\u2019estades i sortides dels centres educatius s&#8217;assignaran d&#8217;acord amb els criteris establerts\u00a0al\u00a0<a href=\"http:\/\/xtec.gencat.cat\/web\/.content\/serveis\/cda\/inscripcio\/documents\/Barem_CdA_EdA_2019_2020.-docx.pdf\" target=\"_blank\" rel=\"noopener noreferrer\">BAREM<\/a> per als CdA\/EdA. Depenent del nombre de sol\u00b7licituds, no es podr\u00e0 garantir l\u2019adjudicaci\u00f3 i\/o les dates demanades.<\/p>\n<p>&nbsp;<\/p>\n<h4><span style=\"color: #800080;\"><strong>3. Acceptaci\u00f3 de les estades i sortides dels centres educatius<\/strong><\/span><\/h4>\n<p>Despr\u00e9s de les assignacions que fan els CdA i EdA, el centre educatiu haur\u00e0 d\u2019acceptar o rebutjar les sol\u00b7licituds d\u2019estades i les sortides.<\/p>\n<p>Els docents dels centres educatius, amb autenticaci\u00f3 GICAR, podran consultar les adjudicacions i acceptar o rebutjar les sol\u00b7licituds a l\u2019<a href=\"http:\/\/aplicacions.gestioeducativa.gencat.cat\/pls\/apex\/f?p=camps\" target=\"_blank\" rel=\"noopener\">APLICACI\u00d3 CAMPS<\/a>.<\/p>\n<p>Des de l\u2019<a href=\"http:\/\/aplicacions.gestioeducativa.gencat.cat\/pls\/apex\/f?p=camps\" target=\"_blank\" rel=\"noopener\">APLICACI\u00d3 CAMPS<\/a>, es podran imprimir les acceptacions. Aquests fulls d\u2019acceptaci\u00f3 hauran d\u2019anar signats pel director del centre educatiu i s\u2019hauran de lliurar al CdA\/EdA.<\/p>\n<p>&nbsp;<\/p>\n<h4><span style=\"color: #800080;\"><strong>4. Despr\u00e9s d\u2019acceptar la sol\u00b7licitud i d\u2019enviar-la al CdA \/ EdA, signada pel director o directora, el centre educatiu quedar\u00e0 inscrit<\/strong><\/span><\/h4>\n<p>&nbsp;<\/p>\n<p>Per a m\u00e9s informaci\u00f3 podeu consultar a:\u00a0<a href=\"http:\/\/xtec.gencat.cat\/ca\/serveis\/sesc\/cda\/\">http:\/\/xtec.gencat.cat\/ca\/serveis\/sesc\/cda\/<\/a>.<\/p>\n","protected":false},"excerpt":{"rendered":"<p>El proc\u00e9s d&#8217;inscripci\u00f3 es fa per fases: Sol\u00b7licitud per part dels centres educatius. Assignaci\u00f3 per part del CdA\/EdA. Acceptaci\u00f3 de les estades i sortides dels centres educatius. Enviament del Full d&#8217;Acceptaci\u00f3. Inscripci\u00f3 acabada per part del centre. &nbsp; 1. Sol\u00b7licituds per part dels centres educatius A la sol\u00b7licitud haureu d\u2019especificar: La descripci\u00f3 de l\u2019activitat (seq\u00fc\u00e8ncia [&hellip;]<\/p>\n","protected":false},"author":1,"featured_media":0,"parent":0,"menu_order":10,"comment_status":"closed","ping_status":"closed","template":"page-templates\/side-menu.php","meta":{"_bbp_topic_count":0,"_bbp_reply_count":0,"_bbp_total_topic_count":0,"_bbp_total_reply_count":0,"_bbp_voice_count":0,"_bbp_anonymous_reply_count":0,"_bbp_topic_count_hidden":0,"_bbp_reply_count_hidden":0,"_bbp_forum_subforum_count":0,"site-sidebar-layout":"default","site-content-layout":"","ast-site-content-layout":"","site-content-style":"default","site-sidebar-style":"default","ast-global-header-display":"","ast-banner-title-visibility":"","ast-main-header-display":"","ast-hfb-above-header-display":"","ast-hfb-below-header-display":"","ast-hfb-mobile-header-display":"","site-post-title":"","ast-breadcrumbs-content":"","ast-featured-img":"","footer-sml-layout":"","theme-transparent-header-meta":"","adv-header-id-meta":"","stick-header-meta":"","header-above-stick-meta":"","header-main-stick-meta":"","header-below-stick-meta":"","astra-migrate-meta-layouts":"default","ast-page-background-enabled":"default","ast-page-background-meta":{"desktop":{"background-color":"var(--ast-global-color-4)","background-image":"","background-repeat":"repeat","background-position":"center center","background-size":"auto","background-attachment":"scroll","background-type":"","background-media":"","overlay-type":"","overlay-color":"","overlay-opacity":"","overlay-gradient":""},"tablet":{"background-color":"","background-image":"","background-repeat":"repeat","background-position":"center center","background-size":"auto","background-attachment":"scroll","background-type":"","background-media":"","overlay-type":"","overlay-color":"","overlay-opacity":"","overlay-gradient":""},"mobile":{"background-color":"","background-image":"","background-repeat":"repeat","background-position":"center center","background-size":"auto","background-attachment":"scroll","background-type":"","background-media":"","overlay-type":"","overlay-color":"","overlay-opacity":"","overlay-gradient":""}},"ast-content-background-meta":{"desktop":{"background-color":"var(--ast-global-color-5)","background-image":"","background-repeat":"repeat","background-position":"center center","background-size":"auto","background-attachment":"scroll","background-type":"","background-media":"","overlay-type":"","overlay-color":"","overlay-opacity":"","overlay-gradient":""},"tablet":{"background-color":"var(--ast-global-color-5)","background-image":"","background-repeat":"repeat","background-position":"center center","background-size":"auto","background-attachment":"scroll","background-type":"","background-media":"","overlay-type":"","overlay-color":"","overlay-opacity":"","overlay-gradient":""},"mobile":{"background-color":"var(--ast-global-color-5)","background-image":"","background-repeat":"repeat","background-position":"center center","background-size":"auto","background-attachment":"scroll","background-type":"","background-media":"","overlay-type":"","overlay-color":"","overlay-opacity":"","overlay-gradient":""}},"footnotes":""},"class_list":["post-12716","page","type-page","status-publish","hentry"],"post_mailing_queue_ids":[],"_links":{"self":[{"href":"https:\/\/serveiseducatius.xtec.cat\/cda-tarragona\/wp-json\/wp\/v2\/pages\/12716","targetHints":{"allow":["GET"]}}],"collection":[{"href":"https:\/\/serveiseducatius.xtec.cat\/cda-tarragona\/wp-json\/wp\/v2\/pages"}],"about":[{"href":"https:\/\/serveiseducatius.xtec.cat\/cda-tarragona\/wp-json\/wp\/v2\/types\/page"}],"author":[{"embeddable":true,"href":"https:\/\/serveiseducatius.xtec.cat\/cda-tarragona\/wp-json\/wp\/v2\/users\/1"}],"replies":[{"embeddable":true,"href":"https:\/\/serveiseducatius.xtec.cat\/cda-tarragona\/wp-json\/wp\/v2\/comments?post=12716"}],"version-history":[{"count":5,"href":"https:\/\/serveiseducatius.xtec.cat\/cda-tarragona\/wp-json\/wp\/v2\/pages\/12716\/revisions"}],"predecessor-version":[{"id":15681,"href":"https:\/\/serveiseducatius.xtec.cat\/cda-tarragona\/wp-json\/wp\/v2\/pages\/12716\/revisions\/15681"}],"wp:attachment":[{"href":"https:\/\/serveiseducatius.xtec.cat\/cda-tarragona\/wp-json\/wp\/v2\/media?parent=12716"}],"curies":[{"name":"wp","href":"https:\/\/api.w.org\/{rel}","templated":true}]}}