{"id":9867,"date":"2022-03-14T11:23:36","date_gmt":"2022-03-14T10:23:36","guid":{"rendered":"https:\/\/serveiseducatius.xtec.cat\/cda-ripolles\/?page_id=9867"},"modified":"2023-05-22T10:21:52","modified_gmt":"2023-05-22T08:21:52","slug":"taller-de-pau-i-treva","status":"publish","type":"page","link":"https:\/\/serveiseducatius.xtec.cat\/cda-ripolles\/taller-de-pau-i-treva\/","title":{"rendered":"Taller de Pau i Treva"},"content":{"rendered":"<h4 style=\"text-align: justify;\"><span style=\"color: #993300;\"><strong>Fitxa did\u00e0ctica<\/strong><\/span><\/h4>\n<ul>\n<li style=\"text-align: justify;\"><strong>Nivell educatiu recomanat:<\/strong> cicle superior de prim\u00e0ria i ESO.<\/li>\n<li style=\"text-align: justify;\"><strong>Mat\u00e8ries<\/strong>: \u00c0rea de coneixement del medi social i cultural, educaci\u00f3 en valors socials i c\u00edvics o religi\u00f3, cultura cl\u00e0ssica, hist\u00f2ria.<\/li>\n<li style=\"text-align: justify;\"><strong>Durada:<\/strong> 45 minuts aprox.<\/li>\n<li style=\"text-align: justify;\"><strong>Tipus d\u2019activitat:<\/strong> immersi\u00f3 en un dels aspectes de l&#8217;\u00e8poca medieval per a la seva contextualitzaci\u00f3.<\/li>\n<li><b>Localitzaci\u00f3:<\/b> en una aula del CdA<\/li>\n<li style=\"text-align: justify;\"><strong>Aportaci\u00f3 a les compet\u00e8ncies:<\/strong>\n<ul>\n<li>\u00c0mbit de la cultura i valors.<\/li>\n<li>\u00c0mbit social (ci\u00e8ncies socials)<\/li>\n<li>\u00c0mbit personal i social.<\/li>\n<li>\u00c0mbit cultura i valors.<\/li>\n<\/ul>\n<\/li>\n<li style=\"text-align: justify;\"><strong>Objectius:<\/strong>\n<ul>\n<li>Interpretar el passat a partir de conflictes habituals d&#8217;avui dia pr\u00f2xims als alumnes.<\/li>\n<\/ul>\n<\/li>\n<li style=\"text-align: justify;\"><strong>Descripci\u00f3 de l\u2019activitat:<\/strong>\n<ul>\n<li><strong>Activitat: <\/strong>Contextualitzaci\u00f3 en un dels aspectes de l&#8217;\u00e8poca medieval, debat i representaci\u00f3 de les primeres assembles de Pau i Treva. Extrapolaci\u00f3 al present.<\/li>\n<li><strong>Propostes de treball posterior:<\/strong>\n<ul>\n<li style=\"font-weight: 400;\" aria-level=\"1\"><span style=\"font-weight: 400;\">Solucionar conflictes d\u2019aula i\/o centre a partir de les metodologies basades en la Pau i Treva medieval.<\/span><\/li>\n<li style=\"font-weight: 400;\" aria-level=\"1\"><span style=\"font-weight: 400;\">Mediem? Representaci\u00f3 de mediaci\u00f3 en casos hipot\u00e8tics des dels diferents rols.<\/span><\/li>\n<li style=\"font-weight: 400;\" aria-level=\"1\"><span style=\"font-weight: 400;\">Espai de temps setmanal reservat per la resoluci\u00f3 de conflictes, etc.<\/span><\/li>\n<li style=\"font-weight: 400;\" aria-level=\"1\"><span style=\"font-weight: 400;\">Treball de recerca\/projecte. Com han evolucionat les assemblees de l\u2019Abat Oliba fins l\u2019actualitat.\u00a0 Com es media\/jutja a petita i gran escala a la societat. Siguem cr\u00edtics.<\/span><\/li>\n<\/ul>\n<\/li>\n<\/ul>\n<\/li>\n<li style=\"text-align: justify;\"><strong>Material que han de dur els alumnes:<\/strong> No \u00e9s necessari.<\/li>\n<\/ul>\n","protected":false},"excerpt":{"rendered":"<p>Fitxa did\u00e0ctica<\/p>\n<ul>\n<li style=\"text-align: justify;\">Nivell educatiu recomanat: cicle superior de prim\u00e0ria i ESO.<\/li>\n<li style=\"text-align: justify;\">Mat\u00e8ries: \u00c0rea de coneixement del medi social i cultural, educaci\u00f3 en valors socials i c\u00edvics o religi\u00f3, cultura cl\u00e0ssica, hist\u00f2ria.<\/li>\n<li style=\"text-align: justify;\">Durada: 45 minuts aprox.<\/li>\n<li style=\"text-align: justify;\">Tipus d\u2019activitat: immersi\u00f3 en un dels&hellip;  <a href=\"https:\/\/serveiseducatius.xtec.cat\/cda-ripolles\/taller-de-pau-i-treva\/\" title=\"Read Taller de Pau i Treva\">Llegeix m\u00e9s\u00bb<\/a><br \/>\n","protected":false},"author":1,"featured_media":0,"parent":0,"menu_order":0,"comment_status":"closed","ping_status":"closed","template":"","meta":{"_bbp_topic_count":0,"_bbp_reply_count":0,"_bbp_total_topic_count":0,"_bbp_total_reply_count":0,"_bbp_voice_count":0,"_bbp_anonymous_reply_count":0,"_bbp_topic_count_hidden":0,"_bbp_reply_count_hidden":0,"_bbp_forum_subforum_count":0,"footnotes":""},"class_list":["post-9867","page","type-page","status-publish","hentry"],"post_mailing_queue_ids":[],"_links":{"self":[{"href":"https:\/\/serveiseducatius.xtec.cat\/cda-ripolles\/wp-json\/wp\/v2\/pages\/9867","targetHints":{"allow":["GET"]}}],"collection":[{"href":"https:\/\/serveiseducatius.xtec.cat\/cda-ripolles\/wp-json\/wp\/v2\/pages"}],"about":[{"href":"https:\/\/serveiseducatius.xtec.cat\/cda-ripolles\/wp-json\/wp\/v2\/types\/page"}],"author":[{"embeddable":true,"href":"https:\/\/serveiseducatius.xtec.cat\/cda-ripolles\/wp-json\/wp\/v2\/users\/1"}],"replies":[{"embeddable":true,"href":"https:\/\/serveiseducatius.xtec.cat\/cda-ripolles\/wp-json\/wp\/v2\/comments?post=9867"}],"version-history":[{"count":3,"href":"https:\/\/serveiseducatius.xtec.cat\/cda-ripolles\/wp-json\/wp\/v2\/pages\/9867\/revisions"}],"predecessor-version":[{"id":10208,"href":"https:\/\/serveiseducatius.xtec.cat\/cda-ripolles\/wp-json\/wp\/v2\/pages\/9867\/revisions\/10208"}],"wp:attachment":[{"href":"https:\/\/serveiseducatius.xtec.cat\/cda-ripolles\/wp-json\/wp\/v2\/media?parent=9867"}],"curies":[{"name":"wp","href":"https:\/\/api.w.org\/{rel}","templated":true}]}}