{"id":9806,"date":"2021-12-15T11:09:56","date_gmt":"2021-12-15T10:09:56","guid":{"rendered":"https:\/\/serveiseducatius.xtec.cat\/cda-ripolles\/?page_id=9806"},"modified":"2023-05-22T10:21:08","modified_gmt":"2023-05-22T08:21:08","slug":"descoberta-de-camprodon","status":"publish","type":"page","link":"https:\/\/serveiseducatius.xtec.cat\/cda-ripolles\/descoberta-de-camprodon\/","title":{"rendered":"Descoberta de Camprodon"},"content":{"rendered":"<p>&nbsp;<\/p>\n<h4><strong>Fitxa did\u00e0ctica<\/strong><\/h4>\n<ul>\n<li><strong>Nivell educatiu:<\/strong> adaptable a tots els cicles i etapes a partir de prim\u00e0ria.<a href=\"https:\/\/serveiseducatius.xtec.cat\/cda-ripolles\/wp-content\/uploads\/usu1377\/2023\/05\/Descoberta-Camprodona.jpg\"><img loading=\"lazy\" decoding=\"async\" class=\"size-medium wp-image-10187 alignright\" src=\"https:\/\/serveiseducatius.xtec.cat\/cda-ripolles\/wp-content\/uploads\/usu1377\/2023\/05\/Descoberta-Camprodona-300x225.jpg\" alt=\"\" width=\"300\" height=\"225\" srcset=\"https:\/\/serveiseducatius.xtec.cat\/cda-ripolles\/wp-content\/uploads\/usu1377\/2023\/05\/Descoberta-Camprodona-300x225.jpg 300w, https:\/\/serveiseducatius.xtec.cat\/cda-ripolles\/wp-content\/uploads\/usu1377\/2023\/05\/Descoberta-Camprodona-1024x768.jpg 1024w, https:\/\/serveiseducatius.xtec.cat\/cda-ripolles\/wp-content\/uploads\/usu1377\/2023\/05\/Descoberta-Camprodona-768x576.jpg 768w, https:\/\/serveiseducatius.xtec.cat\/cda-ripolles\/wp-content\/uploads\/usu1377\/2023\/05\/Descoberta-Camprodona-1536x1152.jpg 1536w, https:\/\/serveiseducatius.xtec.cat\/cda-ripolles\/wp-content\/uploads\/usu1377\/2023\/05\/Descoberta-Camprodona-200x150.jpg 200w, https:\/\/serveiseducatius.xtec.cat\/cda-ripolles\/wp-content\/uploads\/usu1377\/2023\/05\/Descoberta-Camprodona.jpg 1920w\" sizes=\"auto, (max-width: 300px) 100vw, 300px\" \/><\/a><\/li>\n<li><strong>Mat\u00e8ries:<\/strong> coneixement del medi social i cultural, natural, hist\u00f2ria, llengua i literatura catalanes.<\/li>\n<li><strong>Durada:<\/strong> 2 hores.<\/li>\n<li><strong>Tipus d&#8217;activitat:<\/strong> itinerari a peu pel poble de Camprodon els i les alumnes s&#8217;orientaran gr\u00e0cies a un mapa del poble.\u00a0 Hauran de trobar i descobrir els punts d&#8217;inter\u00e8s de l&#8217;entorn i les seves singularitats.<\/li>\n<li><strong>Aportacions a les compet\u00e8ncies:<\/strong>\n<ul>\n<li>\u00c0mbit cultura i valors<\/li>\n<li>\u00c0mbit ling\u00fc\u00edstic<\/li>\n<li>\u00c0mbit social (ci\u00e8ncies socials)<\/li>\n<li>\u00c0mbit personal i social<\/li>\n<li>\u00c0mbit de l\u2019educaci\u00f3 f\u00edsica<\/li>\n<\/ul>\n<\/li>\n<li><strong>Objectius:<\/strong>\n<ul>\n<li>Fomentar l&#8217;observaci\u00f3 atenta dels paisatges i de les formes d&#8217;urbanisme que s&#8217;hi integren.<\/li>\n<li>Aprendre a orientar-se amb un mapa.<\/li>\n<li>Con\u00e8ixer les formes de vida i les tradicions de la capital de la Vall de Camprodon.<\/li>\n<\/ul>\n<\/li>\n<li><strong>Descripci\u00f3 de l&#8217;activitat:<\/strong>\n<ul>\n<li>A trav\u00e9s de la descoberta dels s\u00edmbols representats a l&#8217;escut del poble els i les alumnes duran a terme una activitat d&#8217;orientaci\u00f3 amb el suport d&#8217;un mapa.\u00a0 Hauran de trobar llocs caracter\u00edstics del poble (ajuntament, esgl\u00e9sies, monestir, castell, pont, etc.) i respondre unes preguntes de cada lloc.\u00a0 En finalitzar seran capa\u00e7os i capaces de contestar la pregunta que se&#8217;ls ha plantejat a l&#8217;inici de l&#8217;activitat.<\/li>\n<\/ul>\n<\/li>\n<li><strong>Proposta de treball posterior:<\/strong>\n<ul>\n<li style=\"font-weight: 400;\" aria-level=\"1\"><span style=\"font-weight: 400;\">Creem un itinerari de llocs d\u2019inter\u00e8s al nostres poble\/barri.<\/span><\/li>\n<li style=\"font-weight: 400;\" aria-level=\"1\"><span style=\"font-weight: 400;\">Agermanament amb una altra escola i fer de guies del nostre poble\/barri.<\/span><\/li>\n<li style=\"font-weight: 400;\" aria-level=\"1\"><span style=\"font-weight: 400;\">Organitzar una cursa d\u2019orientaci\u00f3 urbana.<\/span><\/li>\n<li style=\"font-weight: 400;\" aria-level=\"1\"><span style=\"font-weight: 400;\">Treballem diferents tipus de mapes.<\/span><\/li>\n<li style=\"font-weight: 400;\" aria-level=\"1\"><span style=\"font-weight: 400;\">Mobile History Map<\/span><\/li>\n<li style=\"font-weight: 400;\" aria-level=\"1\"><span style=\"font-weight: 400;\">Personatges singulars relacionats amb la nostra poblaci\u00f3.<\/span><\/li>\n<li style=\"font-weight: 400;\" aria-level=\"1\"><span style=\"font-weight: 400;\">Llegendes i mites relacionats amb la nostra poblaci\u00f3.<\/span><\/li>\n<\/ul>\n<\/li>\n<li><strong>Material que han de dur els alumnes:\u00a0<\/strong>roba adequada a l&#8217;\u00e8poca de l&#8217;any i cal\u00e7at c\u00f2mode. Important portar impermeable encara que les previsions meteorol\u00f2giques no marquin pluja.<\/li>\n<\/ul>\n","protected":false},"excerpt":{"rendered":"<p>&nbsp;<br \/>\nFitxa did\u00e0ctica<\/p>\n<ul>\n<li>Nivell educatiu: adaptable a tots els cicles i etapes a partir de prim\u00e0ria.<a href=\"https:\/\/serveiseducatius.xtec.cat\/cda-ripolles\/wp-content\/uploads\/usu1377\/2023\/05\/Descoberta-Camprodona.jpg\"><\/a><\/li>\n<li>Mat\u00e8ries: coneixement del medi social i cultural, natural, hist\u00f2ria, llengua i literatura catalanes.<\/li>\n<li>Durada: 2 hores.<\/li>\n<li>Tipus d&#8217;activitat: itinerari a peu pel poble de Camprodon els i les alumnes s&#8217;orientaran gr\u00e0cies a un&hellip;  <a href=\"https:\/\/serveiseducatius.xtec.cat\/cda-ripolles\/descoberta-de-camprodon\/\" title=\"Read Descoberta de Camprodon\">Llegeix m\u00e9s\u00bb<\/a><br \/>\n","protected":false},"author":1,"featured_media":0,"parent":0,"menu_order":0,"comment_status":"closed","ping_status":"closed","template":"","meta":{"_bbp_topic_count":0,"_bbp_reply_count":0,"_bbp_total_topic_count":0,"_bbp_total_reply_count":0,"_bbp_voice_count":0,"_bbp_anonymous_reply_count":0,"_bbp_topic_count_hidden":0,"_bbp_reply_count_hidden":0,"_bbp_forum_subforum_count":0,"footnotes":""},"class_list":["post-9806","page","type-page","status-publish","hentry"],"post_mailing_queue_ids":[],"_links":{"self":[{"href":"https:\/\/serveiseducatius.xtec.cat\/cda-ripolles\/wp-json\/wp\/v2\/pages\/9806","targetHints":{"allow":["GET"]}}],"collection":[{"href":"https:\/\/serveiseducatius.xtec.cat\/cda-ripolles\/wp-json\/wp\/v2\/pages"}],"about":[{"href":"https:\/\/serveiseducatius.xtec.cat\/cda-ripolles\/wp-json\/wp\/v2\/types\/page"}],"author":[{"embeddable":true,"href":"https:\/\/serveiseducatius.xtec.cat\/cda-ripolles\/wp-json\/wp\/v2\/users\/1"}],"replies":[{"embeddable":true,"href":"https:\/\/serveiseducatius.xtec.cat\/cda-ripolles\/wp-json\/wp\/v2\/comments?post=9806"}],"version-history":[{"count":4,"href":"https:\/\/serveiseducatius.xtec.cat\/cda-ripolles\/wp-json\/wp\/v2\/pages\/9806\/revisions"}],"predecessor-version":[{"id":10207,"href":"https:\/\/serveiseducatius.xtec.cat\/cda-ripolles\/wp-json\/wp\/v2\/pages\/9806\/revisions\/10207"}],"wp:attachment":[{"href":"https:\/\/serveiseducatius.xtec.cat\/cda-ripolles\/wp-json\/wp\/v2\/media?parent=9806"}],"curies":[{"name":"wp","href":"https:\/\/api.w.org\/{rel}","templated":true}]}}