{"id":8663,"date":"2016-12-21T11:47:46","date_gmt":"2016-12-21T10:47:46","guid":{"rendered":"http:\/\/serveiseducatius.xtec.cat\/cda-ripolles\/?page_id=8663"},"modified":"2023-05-08T13:15:06","modified_gmt":"2023-05-08T11:15:06","slug":"descobrint-els-ocells","status":"publish","type":"page","link":"https:\/\/serveiseducatius.xtec.cat\/cda-ripolles\/descobrint-els-ocells\/","title":{"rendered":"Descobrint els ocells"},"content":{"rendered":"<h4 style=\"text-align: justify;\"><span style=\"color: #cc99ff;\"><strong>Fitxa did\u00e0ctica<\/strong><\/span><\/h4>\n<ul>\n<li style=\"text-align: justify;\"><strong>Nivell educatiu recomanat:<\/strong> cicle inicial i cicle mitj\u00e0 de prim\u00e0ria.<a href=\"https:\/\/serveiseducatius.xtec.cat\/cda-ripolles\/wp-content\/uploads\/usu1377\/2023\/05\/Gabriel_Castella_4.jpg\"><img loading=\"lazy\" decoding=\"async\" class=\" wp-image-10176 alignright\" src=\"https:\/\/serveiseducatius.xtec.cat\/cda-ripolles\/wp-content\/uploads\/usu1377\/2023\/05\/Gabriel_Castella_4-225x300.jpg\" alt=\"\" width=\"258\" height=\"344\" srcset=\"https:\/\/serveiseducatius.xtec.cat\/cda-ripolles\/wp-content\/uploads\/usu1377\/2023\/05\/Gabriel_Castella_4-225x300.jpg 225w, https:\/\/serveiseducatius.xtec.cat\/cda-ripolles\/wp-content\/uploads\/usu1377\/2023\/05\/Gabriel_Castella_4.jpg 600w\" sizes=\"auto, (max-width: 258px) 100vw, 258px\" \/><\/a><\/li>\n<li style=\"text-align: justify;\"><strong>Mat\u00e8ries: <\/strong>medi natural, social i cultural, educaci\u00f3 f\u00edsica, llengua catalana.<\/li>\n<li style=\"text-align: justify;\"><strong>Durada:<\/strong> 2 hores i 30 minuts.<\/li>\n<li style=\"text-align: justify;\"><strong>Tipus d\u2019activitat:<\/strong> itinerari a peu circular, que passa per zones rurals de Planoles, camps de pastura i boscos.<\/li>\n<li style=\"text-align: justify;\"><strong>Compet\u00e8ncies:<\/strong>\n<ul>\n<li>\u00c0mbit de la cultura i valors.<\/li>\n<li>\u00c0mbit social (ci\u00e8ncies socials)<\/li>\n<li>\u00c0mbit cientificotecnol\u00f2gic (ci\u00e8ncies de la natura)<\/li>\n<li>\u00c0mbit personal i social.<\/li>\n<li>\u00c0mbit cultura i valors.<\/li>\n<\/ul>\n<\/li>\n<li style=\"text-align: justify;\"><strong>Objectius:<\/strong>\n<ul>\n<li style=\"text-align: justify;\">Recon\u00e8ixer i identificar diferents ocells de la zona.<\/li>\n<li style=\"text-align: justify;\">Saber utilitzar una guia de camp.<\/li>\n<li style=\"text-align: justify;\">Recon\u00e8ixer i identificar els arbres m\u00e9s representatius.<\/li>\n<li style=\"text-align: justify;\">Interpretar el paisatge.<\/li>\n<\/ul>\n<\/li>\n<li style=\"text-align: justify;\"><strong>Descripci\u00f3 de l\u2019activitat:<\/strong>\n<ul>\n<li style=\"text-align: justify;\"><strong>Treball previ a l\u2019escola:<\/strong>\n<ul>\n<li style=\"text-align: justify;\">A partir d\u2019un power point, l\u2019alumnat s\u2019introdueix en el coneixement dels ocells m\u00e9s t\u00edpics d\u2019aquesta zona del Pirineu i de Catalunya en general. Aprenen com s\u00f3n, qu\u00e8 mengen, on viuen, curiositats, poesies, etc.<\/li>\n<\/ul>\n<\/li>\n<li style=\"text-align: justify;\"><strong>Itinerari durant l\u2019estada:<\/strong>\n<ul>\n<li style=\"text-align: justify;\">L\u2019alumnat fa un itinerari circular on haur\u00e0 d\u2019anar trobant i investigant diferents ocells (s\u00f3n ocells de peluix que simulen l\u2019ocell real) penjats \u00a0amagats al llarg del recorregut. Cada ocell t\u00e9 una fitxa descriptiva que hauran de llegir. S\u2019estudia la vegetaci\u00f3 de la zona, sobretot arbres. S\u2019analitza el paisatge rural (prats de pastura de vaques i eugues). Al final de l\u2019estada els alumnes rebran un carnet personalitzat de bon\/a ocellaire.<\/li>\n<\/ul>\n<\/li>\n<li style=\"text-align: justify;\"><strong>Treball posterior: <\/strong>hi ha la possibilitat de realitzar un quadern de treball que facilita el CdA.<\/li>\n<\/ul>\n<\/li>\n<li style=\"text-align: justify;\"><strong>Material que han de dur els alumnes:<\/strong> \u00a0roba adequada a l\u2019\u00e8poca de l\u2019any i cal\u00e7at c\u00f2mode. Important portar impermeable encara que les previsions meteorol\u00f2giques no marquin pluja.<\/li>\n<\/ul>\n","protected":false},"excerpt":{"rendered":"<p>Fitxa did\u00e0ctica<\/p>\n<ul>\n<li style=\"text-align: justify;\">Nivell educatiu recomanat: cicle inicial i cicle mitj\u00e0 de prim\u00e0ria.<a href=\"https:\/\/serveiseducatius.xtec.cat\/cda-ripolles\/wp-content\/uploads\/usu1377\/2023\/05\/Gabriel_Castella_4.jpg\"><\/a><\/li>\n<li style=\"text-align: justify;\">Mat\u00e8ries: medi natural, social i cultural, educaci\u00f3 f\u00edsica, llengua catalana.<\/li>\n<li style=\"text-align: justify;\">Durada: 2 hores i 30 minuts.<\/li>\n<li style=\"text-align: justify;\">Tipus d\u2019activitat: itinerari a peu circular, que passa per zones rurals de&hellip;  <a href=\"https:\/\/serveiseducatius.xtec.cat\/cda-ripolles\/descobrint-els-ocells\/\" title=\"Read Descobrint els ocells\">Llegeix m\u00e9s\u00bb<\/a><br \/>\n","protected":false},"author":1,"featured_media":0,"parent":0,"menu_order":0,"comment_status":"closed","ping_status":"closed","template":"","meta":{"_bbp_topic_count":0,"_bbp_reply_count":0,"_bbp_total_topic_count":0,"_bbp_total_reply_count":0,"_bbp_voice_count":0,"_bbp_anonymous_reply_count":0,"_bbp_topic_count_hidden":0,"_bbp_reply_count_hidden":0,"_bbp_forum_subforum_count":0,"footnotes":""},"class_list":["post-8663","page","type-page","status-publish","hentry"],"post_mailing_queue_ids":[],"_links":{"self":[{"href":"https:\/\/serveiseducatius.xtec.cat\/cda-ripolles\/wp-json\/wp\/v2\/pages\/8663","targetHints":{"allow":["GET"]}}],"collection":[{"href":"https:\/\/serveiseducatius.xtec.cat\/cda-ripolles\/wp-json\/wp\/v2\/pages"}],"about":[{"href":"https:\/\/serveiseducatius.xtec.cat\/cda-ripolles\/wp-json\/wp\/v2\/types\/page"}],"author":[{"embeddable":true,"href":"https:\/\/serveiseducatius.xtec.cat\/cda-ripolles\/wp-json\/wp\/v2\/users\/1"}],"replies":[{"embeddable":true,"href":"https:\/\/serveiseducatius.xtec.cat\/cda-ripolles\/wp-json\/wp\/v2\/comments?post=8663"}],"version-history":[{"count":4,"href":"https:\/\/serveiseducatius.xtec.cat\/cda-ripolles\/wp-json\/wp\/v2\/pages\/8663\/revisions"}],"predecessor-version":[{"id":10177,"href":"https:\/\/serveiseducatius.xtec.cat\/cda-ripolles\/wp-json\/wp\/v2\/pages\/8663\/revisions\/10177"}],"wp:attachment":[{"href":"https:\/\/serveiseducatius.xtec.cat\/cda-ripolles\/wp-json\/wp\/v2\/media?parent=8663"}],"curies":[{"name":"wp","href":"https:\/\/api.w.org\/{rel}","templated":true}]}}