{"id":83,"date":"2013-11-14T21:16:00","date_gmt":"2013-11-14T20:16:00","guid":{"rendered":"http:\/\/blocs.xtec.cat\/plantillacda\/?page_id=83"},"modified":"2021-02-22T19:09:08","modified_gmt":"2021-02-22T18:09:08","slug":"allotjament","status":"publish","type":"page","link":"https:\/\/serveiseducatius.xtec.cat\/cda-ripolles\/el-camp\/allotjament\/","title":{"rendered":"Allotjament"},"content":{"rendered":"<h4>L&#8217;alberg<\/h4>\n<p style=\"text-align: justify;\">Els alumnes, seguint l&#8217;acord entre els Departament d&#8217;Ensenyament i XANASCAT, s&#8217;allotjaran a<a href=\"https:\/\/www.xanascat.cat\/showhostel.tjc?id=237&amp;index=16\">\u00a0<strong>l&#8217;Alberg Pere Figuera de Planoles<\/strong><\/a>, al mateix edifici on hi ha les instal\u00b7lacions del <strong>Camp d&#8217;aprenentatge\u00a0del Ripoll\u00e8s<\/strong>.<\/p>\n<p style=\"text-align: justify;\">L&#8217;edifici, a 1.100 metres d&#8217;altitud i voltat de natura, t\u00e9 un estil d&#8217;alta muntanya. Disposa de 189 places (hab. de 2 amb i sense bany, de 7 amb bany, i de 20 i 21 amb banys col\u00b7lectius).<\/p>\n<p style=\"text-align: justify;\">L&#8217;alberg est\u00e0 adaptat per a persones amb mobilitat redu\u00efda (<a href=\"https:\/\/www.xanascat.cat\/showhostel.tjc?id=237&amp;index=16\">consulteu a l&#8217;alberg<\/a>), sala de lectura, sala d&#8217;estar, TV i DVD, sala\u00a0de reunions per a 200 persones, aula de treball, camps de futbol i de b\u00e0squet, p\u00e0rquing, jard\u00ed i calefacci\u00f3. Tamb\u00e9 disposa de menjador self-service, m\u00e0quines de begudes calentes, fredes i s\u00f2lids, jocs de taula, ping-pong i billar i wi-fi.<\/p>\n<p><a href=\"http:\/\/serveiseducatius.xtec.cat\/cda-ripolles\/wp-content\/uploads\/usu1377\/2013\/11\/Alberg.jpg\"><img loading=\"lazy\" decoding=\"async\" class=\"wp-image-8804 aligncenter\" src=\"http:\/\/serveiseducatius.xtec.cat\/cda-ripolles\/wp-content\/uploads\/usu1377\/2013\/11\/Alberg.jpg\" alt=\"alberg\" width=\"683\" height=\"374\" srcset=\"https:\/\/serveiseducatius.xtec.cat\/cda-ripolles\/wp-content\/uploads\/usu1377\/2013\/11\/Alberg.jpg 840w, https:\/\/serveiseducatius.xtec.cat\/cda-ripolles\/wp-content\/uploads\/usu1377\/2013\/11\/Alberg-300x164.jpg 300w, https:\/\/serveiseducatius.xtec.cat\/cda-ripolles\/wp-content\/uploads\/usu1377\/2013\/11\/Alberg-768x421.jpg 768w\" sizes=\"auto, (max-width: 683px) 100vw, 683px\" \/><\/a><\/p>\n<p>&nbsp;<\/p>\n<p><a href=\"http:\/\/serveiseducatius.xtec.cat\/cda-ripolles\/wp-content\/uploads\/usu1377\/2013\/11\/Logo-planoles.png\" rel=\"attachment wp-att-8397\"><img loading=\"lazy\" decoding=\"async\" class=\"wp-image-8397 aligncenter\" src=\"http:\/\/serveiseducatius.xtec.cat\/cda-ripolles\/wp-content\/uploads\/usu1377\/2013\/11\/Logo-planoles.png\" alt=\"Logo planoles\" width=\"158\" height=\"123\" \/><\/a><\/p>\n<h4><\/h4>\n","protected":false},"excerpt":{"rendered":"<p>L&#8217;alberg<br \/>\nEls alumnes, seguint l&#8217;acord entre els Departament d&#8217;Ensenyament i XANASCAT, s&#8217;allotjaran a<a href=\"https:\/\/www.xanascat.cat\/showhostel.tjc?id=237&amp;index=16\">\u00a0l&#8217;Alberg Pere Figuera de Planoles<\/a>, al mateix edifici on hi ha les instal\u00b7lacions del Camp d&#8217;aprenentatge\u00a0del Ripoll\u00e8s.<br \/>\nL&#8217;edifici, a 1.100 metres d&#8217;altitud i voltat de natura, t\u00e9 un estil d&#8217;alta muntanya. Disposa de 189&hellip;  <a href=\"https:\/\/serveiseducatius.xtec.cat\/cda-ripolles\/el-camp\/allotjament\/\" title=\"Read Allotjament\">Llegeix m\u00e9s\u00bb<\/a><\/p>\n","protected":false},"author":1,"featured_media":0,"parent":8225,"menu_order":20,"comment_status":"open","ping_status":"open","template":"page-templates\/side-menu.php","meta":{"_bbp_topic_count":0,"_bbp_reply_count":0,"_bbp_total_topic_count":0,"_bbp_total_reply_count":0,"_bbp_voice_count":0,"_bbp_anonymous_reply_count":0,"_bbp_topic_count_hidden":0,"_bbp_reply_count_hidden":0,"_bbp_forum_subforum_count":0,"footnotes":""},"class_list":["post-83","page","type-page","status-publish","hentry"],"post_mailing_queue_ids":[],"_links":{"self":[{"href":"https:\/\/serveiseducatius.xtec.cat\/cda-ripolles\/wp-json\/wp\/v2\/pages\/83","targetHints":{"allow":["GET"]}}],"collection":[{"href":"https:\/\/serveiseducatius.xtec.cat\/cda-ripolles\/wp-json\/wp\/v2\/pages"}],"about":[{"href":"https:\/\/serveiseducatius.xtec.cat\/cda-ripolles\/wp-json\/wp\/v2\/types\/page"}],"author":[{"embeddable":true,"href":"https:\/\/serveiseducatius.xtec.cat\/cda-ripolles\/wp-json\/wp\/v2\/users\/1"}],"replies":[{"embeddable":true,"href":"https:\/\/serveiseducatius.xtec.cat\/cda-ripolles\/wp-json\/wp\/v2\/comments?post=83"}],"version-history":[{"count":4,"href":"https:\/\/serveiseducatius.xtec.cat\/cda-ripolles\/wp-json\/wp\/v2\/pages\/83\/revisions"}],"predecessor-version":[{"id":9650,"href":"https:\/\/serveiseducatius.xtec.cat\/cda-ripolles\/wp-json\/wp\/v2\/pages\/83\/revisions\/9650"}],"up":[{"embeddable":true,"href":"https:\/\/serveiseducatius.xtec.cat\/cda-ripolles\/wp-json\/wp\/v2\/pages\/8225"}],"wp:attachment":[{"href":"https:\/\/serveiseducatius.xtec.cat\/cda-ripolles\/wp-json\/wp\/v2\/media?parent=83"}],"curies":[{"name":"wp","href":"https:\/\/api.w.org\/{rel}","templated":true}]}}