{"id":10065,"date":"2023-03-08T12:27:51","date_gmt":"2023-03-08T11:27:51","guid":{"rendered":"https:\/\/serveiseducatius.xtec.cat\/cda-ripolles\/?page_id=10065"},"modified":"2023-03-27T14:24:24","modified_gmt":"2023-03-27T12:24:24","slug":"bunquers","status":"publish","type":"page","link":"https:\/\/serveiseducatius.xtec.cat\/cda-ripolles\/bunquers\/","title":{"rendered":"B\u00fanquers"},"content":{"rendered":"<h4><span style=\"color: #ff6600;\"><strong>Fitxa did\u00e0ctica<a href=\"https:\/\/serveiseducatius.xtec.cat\/cda-ripolles\/wp-content\/uploads\/usu1377\/2023\/03\/IMG_2343.jpg\"><img loading=\"lazy\" decoding=\"async\" class=\" wp-image-10125 alignright\" src=\"https:\/\/serveiseducatius.xtec.cat\/cda-ripolles\/wp-content\/uploads\/usu1377\/2023\/03\/IMG_2343-300x225.jpg\" alt=\"\" width=\"396\" height=\"297\" srcset=\"https:\/\/serveiseducatius.xtec.cat\/cda-ripolles\/wp-content\/uploads\/usu1377\/2023\/03\/IMG_2343-300x225.jpg 300w, https:\/\/serveiseducatius.xtec.cat\/cda-ripolles\/wp-content\/uploads\/usu1377\/2023\/03\/IMG_2343-1024x768.jpg 1024w, https:\/\/serveiseducatius.xtec.cat\/cda-ripolles\/wp-content\/uploads\/usu1377\/2023\/03\/IMG_2343-768x576.jpg 768w, https:\/\/serveiseducatius.xtec.cat\/cda-ripolles\/wp-content\/uploads\/usu1377\/2023\/03\/IMG_2343-200x150.jpg 200w, https:\/\/serveiseducatius.xtec.cat\/cda-ripolles\/wp-content\/uploads\/usu1377\/2023\/03\/IMG_2343.jpg 1280w\" sizes=\"auto, (max-width: 396px) 100vw, 396px\" \/><\/a><\/strong><\/span><\/h4>\n<ul>\n<li style=\"text-align: justify;\"><strong>Nivell educatiu:<\/strong> a partir de secund\u00e0ria, per\u00f2 adaptable a CS de prim\u00e0ria.<\/li>\n<li style=\"text-align: justify;\"><strong>Mat\u00e8ries:<\/strong> coneixement del medi social i cultural.<\/li>\n<li style=\"text-align: justify;\"><strong>Durada:<\/strong> 3 hora<\/li>\n<li style=\"text-align: left;\"><strong>Tipus d\u2019activitat:<\/strong> itinerari circular a peu, seguint el cam\u00ed antic de Planoles a Nev\u00e0, visitant alguns dels b\u00fanquers que es troben en aquest itinerari.<\/li>\n<li style=\"text-align: justify;\"><strong>Aportacions a les compet\u00e8ncies:<\/strong>\n<ul>\n<li>\u00c0mbit social (ci\u00e8ncies socials)<\/li>\n<li>\u00c0mbit personal i social.<\/li>\n<li>\u00c0mbit cultura i valors.<\/li>\n<li>\u00c0mbit de l&#8217;educaci\u00f3 f\u00edsica.<\/li>\n<\/ul>\n<\/li>\n<li style=\"text-align: justify;\"><strong>Objectius:<\/strong>\n<ul>\n<li>Con\u00e8ixer el passat hist\u00f2ric a trav\u00e9s d&#8217;infraestructures.<br \/>\n<h4 style=\"text-align: start;\"><span style=\"color: #ff6600;\"><strong><img loading=\"lazy\" decoding=\"async\" class=\"wp-image-9988 alignright\" src=\"https:\/\/serveiseducatius.xtec.cat\/cda-ripolles\/wp-content\/uploads\/usu1377\/2022\/10\/IMG_2327-300x225.jpg\" alt=\"\" width=\"396\" height=\"297\" srcset=\"https:\/\/serveiseducatius.xtec.cat\/cda-ripolles\/wp-content\/uploads\/usu1377\/2022\/10\/IMG_2327-300x225.jpg 300w, https:\/\/serveiseducatius.xtec.cat\/cda-ripolles\/wp-content\/uploads\/usu1377\/2022\/10\/IMG_2327-1024x768.jpg 1024w, https:\/\/serveiseducatius.xtec.cat\/cda-ripolles\/wp-content\/uploads\/usu1377\/2022\/10\/IMG_2327-768x576.jpg 768w, https:\/\/serveiseducatius.xtec.cat\/cda-ripolles\/wp-content\/uploads\/usu1377\/2022\/10\/IMG_2327-200x150.jpg 200w, https:\/\/serveiseducatius.xtec.cat\/cda-ripolles\/wp-content\/uploads\/usu1377\/2022\/10\/IMG_2327.jpg 1280w\" sizes=\"auto, (max-width: 396px) 100vw, 396px\" \/><\/strong><\/span><\/h4>\n<\/li>\n<\/ul>\n<\/li>\n<li><strong>Descripci\u00f3 de l\u2019activitat:<\/strong>\n<ul>\n<li><strong>Activitats pr\u00e8vies a l&#8217;estada:<\/strong>\n<ul>\n<li>El camp d&#8217;aprenentatge pot facilitar material en el cas que sigui necessari.<\/li>\n<\/ul>\n<\/li>\n<li><strong>Activitat durant l&#8217;estada:<\/strong>\n<ul>\n<li style=\"text-align: justify;\">Des de l&#8217;alberg de Planoles s&#8217;inicia un recorregut a peu per trobar i visitar diferents b\u00fanquers amagats al bosc.\u00a0 Es far\u00e0 una contextualitzaci\u00f3 hist\u00f2rica del moment, localitzaci\u00f3 en el mapa i descobrirem l&#8217;\u00fas que es pretenia de cadascun d&#8217;ells.<\/li>\n<\/ul>\n<\/li>\n<li><strong>Propostes post activitat:<\/strong>\n<ul>\n<li>Com viuen la guerra diferents personatges m\u00e9s enll\u00e0 dels b\u00e0ndols (infant, jove, pares, obrer, empresari, pol\u00edtic, etc.)\u00a0 Infraestructures de guerra.\u00a0 Post guerra.\u00a0 Localitzacions significatives de la guerra civil properes al centre educatiu i a Catalunya, etc.<\/li>\n<\/ul>\n<ul>\n<li><strong>Material que han de dur els alumnes:<\/strong> motxilla, cantimplora, roba adequada a l&#8217;\u00e8poca de l&#8217;any i cal\u00e7at c\u00f2mode. Important portar impermeable encara que les previsions meteorol\u00f2giques no marquin pluja.<\/li>\n<li><strong>Observacions:<\/strong> \u00e9s necessari un m\u00ednim de condici\u00f3 f\u00edsica.\u00a0 El recorregut no est\u00e0 adaptat.\u00a0 L\u2019activitat pot variar degut a la meteorologia.\u00a0\u00a0Complement d&#8217;altres activitats referents a la guerra civil i exili a la comarca.\u00a0 Activitat pertanyent al <a href=\"https:\/\/projectes.xtec.cat\/camps\/categoria\/grups-de-treball\/guerra-civil-i-exili\/\">grup de treball de la guerra civil i exili dels camps i entorns d&#8217;aprenentatge.<\/a><\/li>\n<\/ul>\n<\/li>\n<\/ul>\n<\/li>\n<\/ul>\n","protected":false},"excerpt":{"rendered":"<p>Fitxa did\u00e0ctica<a href=\"https:\/\/serveiseducatius.xtec.cat\/cda-ripolles\/wp-content\/uploads\/usu1377\/2023\/03\/IMG_2343.jpg\"><\/a><\/p>\n<ul>\n<li style=\"text-align: justify;\">Nivell educatiu: a partir de secund\u00e0ria, per\u00f2 adaptable a CS de prim\u00e0ria.<\/li>\n<li style=\"text-align: justify;\">Mat\u00e8ries: coneixement del medi social i cultural.<\/li>\n<li style=\"text-align: justify;\">Durada: 3 hora<\/li>\n<li style=\"text-align: left;\">Tipus d\u2019activitat: itinerari circular a peu, seguint el cam\u00ed antic de Planoles a Nev\u00e0, visitant alguns&hellip;  <a href=\"https:\/\/serveiseducatius.xtec.cat\/cda-ripolles\/bunquers\/\" title=\"Read B\u00fanquers\">Llegeix m\u00e9s\u00bb<\/a><br \/>\n","protected":false},"author":1,"featured_media":0,"parent":0,"menu_order":0,"comment_status":"closed","ping_status":"closed","template":"","meta":{"_bbp_topic_count":0,"_bbp_reply_count":0,"_bbp_total_topic_count":0,"_bbp_total_reply_count":0,"_bbp_voice_count":0,"_bbp_anonymous_reply_count":0,"_bbp_topic_count_hidden":0,"_bbp_reply_count_hidden":0,"_bbp_forum_subforum_count":0,"footnotes":""},"class_list":["post-10065","page","type-page","status-publish","hentry"],"post_mailing_queue_ids":[],"_links":{"self":[{"href":"https:\/\/serveiseducatius.xtec.cat\/cda-ripolles\/wp-json\/wp\/v2\/pages\/10065","targetHints":{"allow":["GET"]}}],"collection":[{"href":"https:\/\/serveiseducatius.xtec.cat\/cda-ripolles\/wp-json\/wp\/v2\/pages"}],"about":[{"href":"https:\/\/serveiseducatius.xtec.cat\/cda-ripolles\/wp-json\/wp\/v2\/types\/page"}],"author":[{"embeddable":true,"href":"https:\/\/serveiseducatius.xtec.cat\/cda-ripolles\/wp-json\/wp\/v2\/users\/1"}],"replies":[{"embeddable":true,"href":"https:\/\/serveiseducatius.xtec.cat\/cda-ripolles\/wp-json\/wp\/v2\/comments?post=10065"}],"version-history":[{"count":3,"href":"https:\/\/serveiseducatius.xtec.cat\/cda-ripolles\/wp-json\/wp\/v2\/pages\/10065\/revisions"}],"predecessor-version":[{"id":10129,"href":"https:\/\/serveiseducatius.xtec.cat\/cda-ripolles\/wp-json\/wp\/v2\/pages\/10065\/revisions\/10129"}],"wp:attachment":[{"href":"https:\/\/serveiseducatius.xtec.cat\/cda-ripolles\/wp-json\/wp\/v2\/media?parent=10065"}],"curies":[{"name":"wp","href":"https:\/\/api.w.org\/{rel}","templated":true}]}}