{"id":83,"date":"2013-11-14T21:16:00","date_gmt":"2013-11-14T20:16:00","guid":{"rendered":"http:\/\/blocs.xtec.cat\/plantillacda\/?page_id=83"},"modified":"2016-06-27T15:03:58","modified_gmt":"2016-06-27T14:03:58","slug":"allotjament","status":"publish","type":"page","link":"https:\/\/serveiseducatius.xtec.cat\/cda-paucasals\/el-camp\/allotjament\/","title":{"rendered":"Allotjament"},"content":{"rendered":"<p>Els vostres alumnes s&#8217;allotjaran a <strong>La Casa de la Sala<\/strong>, a 6 km de <strong>Guardiola de Bergued\u00e0<\/strong>. Podeu trobar un mapa de com arribar-hi a la nostre secci\u00f3 <a title=\"On som\" href=\"http:\/\/serveiseducatius.xtec.cat\/cda-paucasals\/el-camp\/on-som\/\">On Som<\/a>.<\/p>\n<p><a href=\"http:\/\/serveiseducatius.xtec.cat\/cda-paucasals\/wp-content\/uploads\/usu133\/2013\/11\/cropped-la-sala-tot2.jpg\"><img loading=\"lazy\" decoding=\"async\" class=\"size-full wp-image-7 alignnone\" src=\"http:\/\/serveiseducatius.xtec.cat\/cda-paucasals\/wp-content\/uploads\/usu133\/2013\/11\/cropped-la-sala-tot2.jpg\" alt=\"cropped-la-sala-tot2.jpg\" width=\"1000\" height=\"287\" \/><\/a><\/p>\n<p>A la casa hi ha tres edificis amb habitacions, un dels quals encara no est\u00e0 en disposici\u00f3 d&#8217;\u00e9sser ocupat amb alumnes del Camp.<\/p>\n<p>Pot donar-se el cas que en un dels edificis hi hagi un altre grup de la Fundaci\u00f3 Pere Tarr\u00e9s, la qual cosa suposa compartir menjador i instal\u00b7lacions exteriors, per\u00f2 en cap cas les activitats del Camp d&#8217;Aprenentatge ni les habitacions.<\/p>\n<h4>Serveis<\/h4>\n<p style=\"text-align: center;\"><img loading=\"lazy\" decoding=\"async\" src=\"http:\/\/serveiseducatius.xtec.cat\/cda-paucasals\/wp-content\/uploads\/usu133\/2013\/11\/serveis.png\" alt=\"serveis\" width=\"686\" height=\"168\" \/><\/p>\n<p style=\"text-align: left;\">El Camp d&#8217;Aprenentatge posa a disposici\u00f3 dels centres estadants pilotes, jocs de taula, llibres de lectura i c\u00f2mics, una taula de ping-pong, un radiocasset, ordinador port\u00e0til i DVD.\u00a0A partir de les 9h del vespre i fins a les 8h del mat\u00ed no hi haur\u00e0 a la casa el personal de servei i, per tant, estareu sols a la casa.<\/p>\n<h4 style=\"text-align: left;\">Organitzaci\u00f3 i Funcionament<\/h4>\n<p>En aquest <a href=\"https:\/\/docs.google.com\/a\/xtec.cat\/document\/d\/1B3R4drsrCVtLIOIU0Su0TtHEO5rbbWyDF9Iz0oXAD0E\/edit#\" target=\"_blank\">document<\/a> podeu trobar indicacions, normes i consells relacionats amb l&#8217;alotjament.<\/p>\n<h4>Com arribar-hi<\/h4>\n<p>Per anar a\u00a0<strong>la casa de La Sala<\/strong>, on fareu l&#8217;estada, no cal entrar a Guardiola. S&#8217;ha de seguir uns 200 metres m\u00e9s, per la C-16, i agafar la sortida cap a La Pobla de Lillet. Al cap d&#8217;uns sis quil\u00f2metres, a m\u00e0 esquerra, es troba el trencant que porta a la casa.<\/p>\n<p><a href=\"http:\/\/www.xtec.cat\/cda-altbergueda\/informacio\/mapa\/planol%20arribada.gif\"> <img decoding=\"async\" src=\"http:\/\/www.xtec.cat\/cda-altbergueda\/informacio\/mapa\/planol%20arribada.gif\" alt=\"\" width=\"400px\" \/><\/a><\/p>\n<h4>Preu<\/h4>\n<p>La\u00a0<a title=\"Fundaci\u00f3 Pere Tarr\u00e9s\" href=\"http:\/\/www.peretarres.org\/wps\/wcm\/connect\/peretarres_ca\/peretarres\/home\" target=\"_blank\">Fundaci\u00f3 Pere Tarr\u00e9s<\/a>\u00a0\u00e9s l&#8217;entitat gestora i responsable de la casa on fareu l\u2019estada.<\/p>\n<p>El contracte el fareu directament amb la Fundaci\u00f3. Us l\u2019enviaran a comen\u00e7aments de curs i haureu d\u2019abonar una bestreta del 10% del cost, abans del 30 de setembre. En qualsevol reducci\u00f3 que superi el 10% de les places (pagament de la bestreta) caldr\u00e0 pagar un 20% de l&#8217;import de les places no ocupades.<\/p>\n<p>Els\u00a0preus\u00a0s\u00f3n els mateixos per a tots els Camps d&#8217;Aprenentatge del Departament d&#8217;Ensenyament i els podeu trobar a la p\u00e0gina<a title=\"inscripcio\" href=\"http:\/\/xtec.gencat.cat\/ca\/serveis\/cda\/inscripcio\/\" target=\"_blank\">\u00a0d&#8217;inscripci\u00f3<\/a>\u00a0de XTEC.<\/p>\n","protected":false},"excerpt":{"rendered":"<p>Els vostres alumnes s&#8217;allotjaran a La Casa de la Sala, a 6 km de Guardiola de Bergued\u00e0. Podeu trobar un mapa de com arribar-hi a la nostre secci\u00f3 <a title=\"On som\" href=\"http:\/\/serveiseducatius.xtec.cat\/cda-paucasals\/el-camp\/on-som\/\">On Som<\/a>.<br \/>\n<a href=\"http:\/\/serveiseducatius.xtec.cat\/cda-paucasals\/wp-content\/uploads\/usu133\/2013\/11\/cropped-la-sala-tot2.jpg\"><\/a><br \/>\nA la casa hi ha tres edificis amb habitacions, un dels quals&hellip;  <a href=\"https:\/\/serveiseducatius.xtec.cat\/cda-paucasals\/el-camp\/allotjament\/\" title=\"Read Allotjament\">Llegeix m\u00e9s\u00bb<\/a><\/p>\n","protected":false},"author":1,"featured_media":0,"parent":8225,"menu_order":20,"comment_status":"open","ping_status":"open","template":"page-templates\/side-menu.php","meta":{"_bbp_topic_count":0,"_bbp_reply_count":0,"_bbp_total_topic_count":0,"_bbp_total_reply_count":0,"_bbp_voice_count":0,"_bbp_anonymous_reply_count":0,"_bbp_topic_count_hidden":0,"_bbp_reply_count_hidden":0,"_bbp_forum_subforum_count":0,"footnotes":""},"class_list":["post-83","page","type-page","status-publish","hentry"],"post_mailing_queue_ids":[],"_links":{"self":[{"href":"https:\/\/serveiseducatius.xtec.cat\/cda-paucasals\/wp-json\/wp\/v2\/pages\/83","targetHints":{"allow":["GET"]}}],"collection":[{"href":"https:\/\/serveiseducatius.xtec.cat\/cda-paucasals\/wp-json\/wp\/v2\/pages"}],"about":[{"href":"https:\/\/serveiseducatius.xtec.cat\/cda-paucasals\/wp-json\/wp\/v2\/types\/page"}],"author":[{"embeddable":true,"href":"https:\/\/serveiseducatius.xtec.cat\/cda-paucasals\/wp-json\/wp\/v2\/users\/1"}],"replies":[{"embeddable":true,"href":"https:\/\/serveiseducatius.xtec.cat\/cda-paucasals\/wp-json\/wp\/v2\/comments?post=83"}],"version-history":[{"count":0,"href":"https:\/\/serveiseducatius.xtec.cat\/cda-paucasals\/wp-json\/wp\/v2\/pages\/83\/revisions"}],"up":[{"embeddable":true,"href":"https:\/\/serveiseducatius.xtec.cat\/cda-paucasals\/wp-json\/wp\/v2\/pages\/8225"}],"wp:attachment":[{"href":"https:\/\/serveiseducatius.xtec.cat\/cda-paucasals\/wp-json\/wp\/v2\/media?parent=83"}],"curies":[{"name":"wp","href":"https:\/\/api.w.org\/{rel}","templated":true}]}}