{"id":9150,"date":"2019-02-12T09:50:52","date_gmt":"2019-02-12T08:50:52","guid":{"rendered":"http:\/\/serveiseducatius.xtec.cat\/cda-noguera\/?page_id=9150"},"modified":"2024-01-21T12:53:23","modified_gmt":"2024-01-21T11:53:23","slug":"previs-a-la-visita","status":"publish","type":"page","link":"https:\/\/serveiseducatius.xtec.cat\/cda-noguera\/recursos-2\/previs-a-la-visita\/","title":{"rendered":"Previs a la visita"},"content":{"rendered":"<h5>Recursos previs a la visita:<\/h5>\n<ol>\n<li>\n<h5>Teniu a la vostra disposici\u00f3 els llibres, c\u00f2mics, etc&#8230; de la Biblioteca de la prehist\u00f2ria del Camp d&#8217;Aprenentatge de la Noguera.\u00a0<strong><span style=\"color: #ff00ff;\">\u21d2<\/span><\/strong>\u00a0<strong><a href=\"https:\/\/drive.google.com\/file\/d\/1ggDMI_4POG2kh4qvveVTaDEt6J9z0feo\/view?usp=sharing\" target=\"_blank\" rel=\"noopener noreferrer\">Llistat de llibres<\/a><\/strong><\/h5>\n<\/li>\n<li>\n<h5>Podeu disposar tamb\u00e9 de Memorys, jocs de la Prehist\u00f2ria del Camp d&#8217;Aprenentatge de la Noguera.<\/h5>\n<\/li>\n<li>\n<h5>Podeu disposar de les pel\u00b7l\u00edcules de la Prehist\u00f2ria del Camp d&#8217;Aprenentatge de la Noguera.\u00a0<strong><span style=\"color: #ff00ff;\">\u21d2<\/span><a href=\"https:\/\/drive.google.com\/file\/d\/1BObh4-cNNihomNnyzyuc8gB-MBGh1Dzo\/view?usp=sharing\" target=\"_blank\" rel=\"noopener noreferrer\">Llistat de v\u00eddeos i DVD<\/a><\/strong><\/h5>\n<\/li>\n<li>\n<h5>Qu\u00e8 entenem per bones preguntes?\u00a0 <strong><span style=\"color: #ff00ff;\">\u21d2<\/span><\/strong><strong> <a href=\"https:\/\/drive.google.com\/file\/d\/1fSNboGorQIFFNoSe38KgSpQ9jtDi31vO\/view?usp=sharing\" target=\"_blank\" rel=\"noopener noreferrer\">Bones preguntes<\/a><\/strong><\/h5>\n<\/li>\n<\/ol>\n<p>&nbsp;<\/p>\n","protected":false},"excerpt":{"rendered":"<p>Recursos previs a la visita: Teniu a la vostra disposici\u00f3 els llibres, c\u00f2mics, etc&#8230; de la Biblioteca de la prehist\u00f2ria del Camp d&#8217;Aprenentatge de la Noguera.\u00a0\u21d2\u00a0Llistat de llibres Podeu disposar tamb\u00e9 de Memorys, jocs de la Prehist\u00f2ria del Camp d&#8217;Aprenentatge de la Noguera. Podeu disposar de les pel\u00b7l\u00edcules de la Prehist\u00f2ria del Camp d&#8217;Aprenentatge de [&hellip;]<\/p>\n","protected":false},"author":1,"featured_media":0,"parent":9146,"menu_order":10,"comment_status":"closed","ping_status":"closed","template":"page-templates\/side-menu.php","meta":{"_bbp_topic_count":0,"_bbp_reply_count":0,"_bbp_total_topic_count":0,"_bbp_total_reply_count":0,"_bbp_voice_count":0,"_bbp_anonymous_reply_count":0,"_bbp_topic_count_hidden":0,"_bbp_reply_count_hidden":0,"_bbp_forum_subforum_count":0,"site-sidebar-layout":"default","site-content-layout":"","ast-site-content-layout":"","site-content-style":"default","site-sidebar-style":"default","ast-global-header-display":"","ast-banner-title-visibility":"","ast-main-header-display":"","ast-hfb-above-header-display":"","ast-hfb-below-header-display":"","ast-hfb-mobile-header-display":"","site-post-title":"","ast-breadcrumbs-content":"","ast-featured-img":"","footer-sml-layout":"","theme-transparent-header-meta":"","adv-header-id-meta":"","stick-header-meta":"","header-above-stick-meta":"","header-main-stick-meta":"","header-below-stick-meta":"","astra-migrate-meta-layouts":"default","ast-page-background-enabled":"default","ast-page-background-meta":{"desktop":{"background-color":"var(--ast-global-color-4)","background-image":"","background-repeat":"repeat","background-position":"center center","background-size":"auto","background-attachment":"scroll","background-type":"","background-media":"","overlay-type":"","overlay-color":"","overlay-opacity":"","overlay-gradient":""},"tablet":{"background-color":"","background-image":"","background-repeat":"repeat","background-position":"center center","background-size":"auto","background-attachment":"scroll","background-type":"","background-media":"","overlay-type":"","overlay-color":"","overlay-opacity":"","overlay-gradient":""},"mobile":{"background-color":"","background-image":"","background-repeat":"repeat","background-position":"center center","background-size":"auto","background-attachment":"scroll","background-type":"","background-media":"","overlay-type":"","overlay-color":"","overlay-opacity":"","overlay-gradient":""}},"ast-content-background-meta":{"desktop":{"background-color":"var(--ast-global-color-5)","background-image":"","background-repeat":"repeat","background-position":"center center","background-size":"auto","background-attachment":"scroll","background-type":"","background-media":"","overlay-type":"","overlay-color":"","overlay-opacity":"","overlay-gradient":""},"tablet":{"background-color":"var(--ast-global-color-5)","background-image":"","background-repeat":"repeat","background-position":"center center","background-size":"auto","background-attachment":"scroll","background-type":"","background-media":"","overlay-type":"","overlay-color":"","overlay-opacity":"","overlay-gradient":""},"mobile":{"background-color":"var(--ast-global-color-5)","background-image":"","background-repeat":"repeat","background-position":"center center","background-size":"auto","background-attachment":"scroll","background-type":"","background-media":"","overlay-type":"","overlay-color":"","overlay-opacity":"","overlay-gradient":""}},"footnotes":""},"class_list":["post-9150","page","type-page","status-publish","hentry"],"post_mailing_queue_ids":[],"_links":{"self":[{"href":"https:\/\/serveiseducatius.xtec.cat\/cda-noguera\/wp-json\/wp\/v2\/pages\/9150","targetHints":{"allow":["GET"]}}],"collection":[{"href":"https:\/\/serveiseducatius.xtec.cat\/cda-noguera\/wp-json\/wp\/v2\/pages"}],"about":[{"href":"https:\/\/serveiseducatius.xtec.cat\/cda-noguera\/wp-json\/wp\/v2\/types\/page"}],"author":[{"embeddable":true,"href":"https:\/\/serveiseducatius.xtec.cat\/cda-noguera\/wp-json\/wp\/v2\/users\/1"}],"replies":[{"embeddable":true,"href":"https:\/\/serveiseducatius.xtec.cat\/cda-noguera\/wp-json\/wp\/v2\/comments?post=9150"}],"version-history":[{"count":6,"href":"https:\/\/serveiseducatius.xtec.cat\/cda-noguera\/wp-json\/wp\/v2\/pages\/9150\/revisions"}],"predecessor-version":[{"id":10687,"href":"https:\/\/serveiseducatius.xtec.cat\/cda-noguera\/wp-json\/wp\/v2\/pages\/9150\/revisions\/10687"}],"up":[{"embeddable":true,"href":"https:\/\/serveiseducatius.xtec.cat\/cda-noguera\/wp-json\/wp\/v2\/pages\/9146"}],"wp:attachment":[{"href":"https:\/\/serveiseducatius.xtec.cat\/cda-noguera\/wp-json\/wp\/v2\/media?parent=9150"}],"curies":[{"name":"wp","href":"https:\/\/api.w.org\/{rel}","templated":true}]}}