{"id":8260,"date":"2016-06-20T17:50:46","date_gmt":"2016-06-20T16:50:46","guid":{"rendered":"http:\/\/serveiseducatius.xtec.cat\/cda-noguera\/?page_id=8260"},"modified":"2019-05-13T10:43:56","modified_gmt":"2019-05-13T08:43:56","slug":"modalitats","status":"publish","type":"page","link":"https:\/\/serveiseducatius.xtec.cat\/cda-noguera\/modalitats\/","title":{"rendered":"Modalitats"},"content":{"rendered":"<p>El Camp d\u2019Aprenentage realitza diferents modalitats d\u2019activitats. Per una banda realitzem <a href=\"https:\/\/serveiseducatius.xtec.cat\/cda-noguera\/modalitats\/sortides\/\" target=\"_blank\" rel=\"noopener\">sortides<\/a>\u00a0de dia amb els escolars de la comarca i comarques ve\u00efnes. D\u2019altra banda, realitzem <a href=\"https:\/\/serveiseducatius.xtec.cat\/cda-noguera\/modalitats\/estades\/\" target=\"_blank\" rel=\"noopener\">estades<\/a>\u00a0de dos, tres, quatre o cinc dies destinades a alumnat de diferents edats tant de centres p\u00fablics de prim\u00e0ria i secund\u00e0ria com de batxillerat, m\u00f2duls, escoles d\u2019adults o p\u00fablic universitari.<\/p>\n<p>Els <a href=\"https:\/\/serveiseducatius.xtec.cat\/cda-noguera\/modalitats\/projectes\/\" target=\"_blank\" rel=\"noopener\">projectes compartits<\/a>\u00a0 s\u00f3n una de les altres modalitats que realitzem conjuntament amb els centres educatius de Catalunya ( Adopci\u00f3 de monuments, Tocar la Hist\u00f2ria&#8230;)<\/p>\n<p>Hi ha tres \u00e0mbits de treball a realitzar en el CdA de la Noguera:<\/p>\n<ol>\n<li>\u00a0Els qu\u00e8 es fonamenten en la simulaci\u00f3 del m\u00e8tode d&#8217;<span style=\"color: #993366;\"><strong>investigaci\u00f3 arqueol\u00f2gica<\/strong><\/span>, tot reproduint la vida quotidiana en els <span style=\"color: #993366;\"><strong>temps prehist\u00f2rics<\/strong><\/span><strong>.<\/strong><\/li>\n<li>\u00a0Els qu\u00e8 tenen com a objecte d&#8217;estudi<span style=\"color: #993366;\"> <strong>l&#8217;entorn natural i paisatg\u00edstic<\/strong><\/span> de Sant Lloren\u00e7 de Montgai, amb l&#8217;embassament, la vegetaci\u00f3 i la fauna de l&#8217;entorn -especialment les aus- com a centres d&#8217;inter\u00e8s primordial. Les que pretenen fer entendre els usos econ\u00f2mics i socials de embassament i la resclosa de Sant Lloren\u00e7 en el m\u00f3n actual.<\/li>\n<li>Els espais de mem\u00f2ria de la Guerra Civil: <span style=\"color: #993366;\"><strong>arqueologia de la Guerra Civil<\/strong><\/span>.<\/li>\n<\/ol>\n","protected":false},"excerpt":{"rendered":"<p>El Camp d\u2019Aprenentage realitza diferents modalitats d\u2019activitats. Per una banda realitzem sortides\u00a0de dia amb els escolars de la comarca i comarques ve\u00efnes. D\u2019altra banda, realitzem estades\u00a0de dos, tres, quatre o cinc dies destinades a alumnat de diferents edats tant de centres p\u00fablics de prim\u00e0ria i secund\u00e0ria com de batxillerat, m\u00f2duls, escoles d\u2019adults o p\u00fablic universitari. [&hellip;]<\/p>\n","protected":false},"author":1,"featured_media":0,"parent":0,"menu_order":0,"comment_status":"closed","ping_status":"closed","template":"page-templates\/side-menu.php","meta":{"_bbp_topic_count":0,"_bbp_reply_count":0,"_bbp_total_topic_count":0,"_bbp_total_reply_count":0,"_bbp_voice_count":0,"_bbp_anonymous_reply_count":0,"_bbp_topic_count_hidden":0,"_bbp_reply_count_hidden":0,"_bbp_forum_subforum_count":0,"site-sidebar-layout":"default","site-content-layout":"","ast-site-content-layout":"","site-content-style":"default","site-sidebar-style":"default","ast-global-header-display":"","ast-banner-title-visibility":"","ast-main-header-display":"","ast-hfb-above-header-display":"","ast-hfb-below-header-display":"","ast-hfb-mobile-header-display":"","site-post-title":"","ast-breadcrumbs-content":"","ast-featured-img":"","footer-sml-layout":"","theme-transparent-header-meta":"","adv-header-id-meta":"","stick-header-meta":"","header-above-stick-meta":"","header-main-stick-meta":"","header-below-stick-meta":"","astra-migrate-meta-layouts":"default","ast-page-background-enabled":"default","ast-page-background-meta":{"desktop":{"background-color":"var(--ast-global-color-4)","background-image":"","background-repeat":"repeat","background-position":"center center","background-size":"auto","background-attachment":"scroll","background-type":"","background-media":"","overlay-type":"","overlay-color":"","overlay-opacity":"","overlay-gradient":""},"tablet":{"background-color":"","background-image":"","background-repeat":"repeat","background-position":"center center","background-size":"auto","background-attachment":"scroll","background-type":"","background-media":"","overlay-type":"","overlay-color":"","overlay-opacity":"","overlay-gradient":""},"mobile":{"background-color":"","background-image":"","background-repeat":"repeat","background-position":"center center","background-size":"auto","background-attachment":"scroll","background-type":"","background-media":"","overlay-type":"","overlay-color":"","overlay-opacity":"","overlay-gradient":""}},"ast-content-background-meta":{"desktop":{"background-color":"var(--ast-global-color-5)","background-image":"","background-repeat":"repeat","background-position":"center center","background-size":"auto","background-attachment":"scroll","background-type":"","background-media":"","overlay-type":"","overlay-color":"","overlay-opacity":"","overlay-gradient":""},"tablet":{"background-color":"var(--ast-global-color-5)","background-image":"","background-repeat":"repeat","background-position":"center center","background-size":"auto","background-attachment":"scroll","background-type":"","background-media":"","overlay-type":"","overlay-color":"","overlay-opacity":"","overlay-gradient":""},"mobile":{"background-color":"var(--ast-global-color-5)","background-image":"","background-repeat":"repeat","background-position":"center center","background-size":"auto","background-attachment":"scroll","background-type":"","background-media":"","overlay-type":"","overlay-color":"","overlay-opacity":"","overlay-gradient":""}},"footnotes":""},"class_list":["post-8260","page","type-page","status-publish","hentry"],"post_mailing_queue_ids":[],"_links":{"self":[{"href":"https:\/\/serveiseducatius.xtec.cat\/cda-noguera\/wp-json\/wp\/v2\/pages\/8260","targetHints":{"allow":["GET"]}}],"collection":[{"href":"https:\/\/serveiseducatius.xtec.cat\/cda-noguera\/wp-json\/wp\/v2\/pages"}],"about":[{"href":"https:\/\/serveiseducatius.xtec.cat\/cda-noguera\/wp-json\/wp\/v2\/types\/page"}],"author":[{"embeddable":true,"href":"https:\/\/serveiseducatius.xtec.cat\/cda-noguera\/wp-json\/wp\/v2\/users\/1"}],"replies":[{"embeddable":true,"href":"https:\/\/serveiseducatius.xtec.cat\/cda-noguera\/wp-json\/wp\/v2\/comments?post=8260"}],"version-history":[{"count":4,"href":"https:\/\/serveiseducatius.xtec.cat\/cda-noguera\/wp-json\/wp\/v2\/pages\/8260\/revisions"}],"predecessor-version":[{"id":9657,"href":"https:\/\/serveiseducatius.xtec.cat\/cda-noguera\/wp-json\/wp\/v2\/pages\/8260\/revisions\/9657"}],"wp:attachment":[{"href":"https:\/\/serveiseducatius.xtec.cat\/cda-noguera\/wp-json\/wp\/v2\/media?parent=8260"}],"curies":[{"name":"wp","href":"https:\/\/api.w.org\/{rel}","templated":true}]}}