{"id":8260,"date":"2016-06-20T17:50:46","date_gmt":"2016-06-20T16:50:46","guid":{"rendered":"http:\/\/serveiseducatius.xtec.cat\/cda-monestirs\/?page_id=8260"},"modified":"2025-12-16T14:30:15","modified_gmt":"2025-12-16T13:30:15","slug":"modalitats","status":"publish","type":"page","link":"https:\/\/serveiseducatius.xtec.cat\/cda-monestirs\/modalitats\/","title":{"rendered":"Modalitats"},"content":{"rendered":"<p>El Camp d&#8217;Aprenentatge Els Monestirs del Cister ofereix un ventall de possibilitats d&#8217;actuacions, les quals es poden concretar en:<\/p>\n<p style=\"text-align: justify;\">1.- <a href=\"https:\/\/serveiseducatius.xtec.cat\/cda-monestirs\/modalitats\/estades-2\/\"><strong>Estades<\/strong>.<\/a><\/p>\n<p style=\"text-align: justify;\">Durant el curs 2025-26, al CdA Els Monestirs del Cister no es podran realitzar estades. El motiu d\u2019aquest canvi temporal \u00e9s que a l\u2019Alberg Xanascat de l\u2019Espluga de Francol\u00ed es realitzaran unes obres i reformes que duraran tot el curs. Aquest fet afecta la possibilitat d\u2019allotjament i, per tant, la realitzaci\u00f3 d\u2019estades.<\/p>\n<p style=\"text-align: justify;\">2.- <a href=\"https:\/\/serveiseducatius.xtec.cat\/cda-monestirs\/modalitats\/sortides\/\"><strong>Sortides. <\/strong><\/a><\/p>\n<p style=\"text-align: justify;\">Activitats d&#8217;un dia. Cada centre escull l&#8217;activitat que consideri m\u00e9s adient per aprofundir els aspectes curriculars que est\u00e0 treballant.<\/p>\n<p style=\"text-align: justify;\">3.- <strong>Projectes compartits.<\/strong><\/p>\n<p style=\"text-align: justify;\">El CdA ofereix, si s&#8217;escau, la possibilitat de tutoritzar un projecte relacionat amb el gruix dels continguts curriculars que es treballen al CdA. Aquest projecte es pot tirar endavant amb un o m\u00e9s centres de forma individual o b\u00e9 simult\u00e0niament amb alguns centres que el poden compartir alhora.<\/p>\n<p>&nbsp;<\/p>\n","protected":false},"excerpt":{"rendered":"<p>El Camp d&#8217;Aprenentatge Els Monestirs del Cister ofereix un ventall de possibilitats d&#8217;actuacions, les quals es poden concretar en: 1.- [&hellip;]<\/p>\n","protected":false},"author":1,"featured_media":0,"parent":0,"menu_order":0,"comment_status":"closed","ping_status":"closed","template":"","meta":{"_bbp_topic_count":0,"_bbp_reply_count":0,"_bbp_total_topic_count":0,"_bbp_total_reply_count":0,"_bbp_voice_count":0,"_bbp_anonymous_reply_count":0,"_bbp_topic_count_hidden":0,"_bbp_reply_count_hidden":0,"_bbp_forum_subforum_count":0,"site-sidebar-layout":"default","site-content-layout":"","ast-site-content-layout":"default","site-content-style":"default","site-sidebar-style":"default","ast-global-header-display":"","ast-banner-title-visibility":"","ast-main-header-display":"","ast-hfb-above-header-display":"","ast-hfb-below-header-display":"","ast-hfb-mobile-header-display":"","site-post-title":"","ast-breadcrumbs-content":"","ast-featured-img":"","footer-sml-layout":"","theme-transparent-header-meta":"default","adv-header-id-meta":"","stick-header-meta":"","header-above-stick-meta":"","header-main-stick-meta":"","header-below-stick-meta":"","astra-migrate-meta-layouts":"set","ast-page-background-enabled":"default","ast-page-background-meta":{"desktop":{"background-color":"var(--ast-global-color-4)","background-image":"","background-repeat":"repeat","background-position":"center center","background-size":"auto","background-attachment":"scroll","background-type":"","background-media":"","overlay-type":"","overlay-color":"","overlay-opacity":"","overlay-gradient":""},"tablet":{"background-color":"","background-image":"","background-repeat":"repeat","background-position":"center center","background-size":"auto","background-attachment":"scroll","background-type":"","background-media":"","overlay-type":"","overlay-color":"","overlay-opacity":"","overlay-gradient":""},"mobile":{"background-color":"","background-image":"","background-repeat":"repeat","background-position":"center center","background-size":"auto","background-attachment":"scroll","background-type":"","background-media":"","overlay-type":"","overlay-color":"","overlay-opacity":"","overlay-gradient":""}},"ast-content-background-meta":{"desktop":{"background-color":"var(--ast-global-color-5)","background-image":"","background-repeat":"repeat","background-position":"center center","background-size":"auto","background-attachment":"scroll","background-type":"","background-media":"","overlay-type":"","overlay-color":"","overlay-opacity":"","overlay-gradient":""},"tablet":{"background-color":"var(--ast-global-color-5)","background-image":"","background-repeat":"repeat","background-position":"center center","background-size":"auto","background-attachment":"scroll","background-type":"","background-media":"","overlay-type":"","overlay-color":"","overlay-opacity":"","overlay-gradient":""},"mobile":{"background-color":"var(--ast-global-color-5)","background-image":"","background-repeat":"repeat","background-position":"center center","background-size":"auto","background-attachment":"scroll","background-type":"","background-media":"","overlay-type":"","overlay-color":"","overlay-opacity":"","overlay-gradient":""}},"footnotes":""},"class_list":["post-8260","page","type-page","status-publish","hentry"],"post_mailing_queue_ids":[],"_links":{"self":[{"href":"https:\/\/serveiseducatius.xtec.cat\/cda-monestirs\/wp-json\/wp\/v2\/pages\/8260","targetHints":{"allow":["GET"]}}],"collection":[{"href":"https:\/\/serveiseducatius.xtec.cat\/cda-monestirs\/wp-json\/wp\/v2\/pages"}],"about":[{"href":"https:\/\/serveiseducatius.xtec.cat\/cda-monestirs\/wp-json\/wp\/v2\/types\/page"}],"author":[{"embeddable":true,"href":"https:\/\/serveiseducatius.xtec.cat\/cda-monestirs\/wp-json\/wp\/v2\/users\/1"}],"replies":[{"embeddable":true,"href":"https:\/\/serveiseducatius.xtec.cat\/cda-monestirs\/wp-json\/wp\/v2\/comments?post=8260"}],"version-history":[{"count":6,"href":"https:\/\/serveiseducatius.xtec.cat\/cda-monestirs\/wp-json\/wp\/v2\/pages\/8260\/revisions"}],"predecessor-version":[{"id":11409,"href":"https:\/\/serveiseducatius.xtec.cat\/cda-monestirs\/wp-json\/wp\/v2\/pages\/8260\/revisions\/11409"}],"wp:attachment":[{"href":"https:\/\/serveiseducatius.xtec.cat\/cda-monestirs\/wp-json\/wp\/v2\/media?parent=8260"}],"curies":[{"name":"wp","href":"https:\/\/api.w.org\/{rel}","templated":true}]}}