{"id":8225,"date":"2016-06-20T17:21:25","date_gmt":"2016-06-20T16:21:25","guid":{"rendered":"http:\/\/serveiseducatius.xtec.cat\/cda-monestirs\/?page_id=8225"},"modified":"2023-02-24T15:09:57","modified_gmt":"2023-02-24T14:09:57","slug":"el-camp","status":"publish","type":"page","link":"https:\/\/serveiseducatius.xtec.cat\/cda-monestirs\/el-camp\/","title":{"rendered":"El camp"},"content":{"rendered":"<p style=\"text-align: justify;\"><a href=\"https:\/\/serveiseducatius.xtec.cat\/cda-monestirs\/wp-content\/uploads\/usu1380\/2020\/06\/Canva20-20Pin20Location20with20Map20Flat20Icon.png\"><img loading=\"lazy\" decoding=\"async\" class=\"wp-image-9477 alignleft\" src=\"https:\/\/serveiseducatius.xtec.cat\/cda-monestirs\/wp-content\/uploads\/usu1380\/2020\/06\/Canva20-20Pin20Location20with20Map20Flat20Icon.png\" alt=\"\" width=\"98\" height=\"96\" \/><\/a><\/p>\n<p style=\"text-align: justify;\">El Camp d&#8217;Aprenentatge Els Monestirs del Cister es va fundar el curs 1991-92. \u00c9s un servei educatiu de suport curricular que pertany a la xarxa de CdAs i Entorns d&#8217;aprenentatge del departament d&#8217;Educaci\u00f3.<\/p>\n<p style=\"text-align: justify;\">Tenim com a particularitat d&#8217;abastar un territori situat en 3 comarques diferents : el monestir de Poblet- a la Conca de Barber\u00e0-, el monestir de Santes Creus-a l&#8217;Alt Camp-, i el monestir de Vallbona de les monges- a l&#8217;Urgell. Aquest fet fa que puguem apropar-nos a tres paisatges diferents, que a l&#8217;Edat mitjana eren terres de frontera al segle XII. Aquesta singularitat dona un valor afegit a la nostra tasca, ja que ens permet\u00a0 de treballar des de diferents perspectives paisatg\u00edstiques i humanes: serralada prelitoral- muntanyes de Prades-, territori prelitoral a la vora del riu Gai\u00e0- i comarca en terres lleidatanes fronterera amb la Conca. Les caracter\u00edstiques de cada territori han configurat les poblacions que les han habitat en l&#8217;espai geogr\u00e0fic que anomenem Catalunya Nova.<\/p>\n<p style=\"text-align: justify;\">Atenem alumnes de tot Catalunya des de CI fins a Batxillerat. En menor proporci\u00f3 tamb\u00e9 CFAs, escoles d&#8217;adults i estudiants universitaris.<\/p>\n<p style=\"text-align: justify;\">Els continguts treballats abasten diferents \u00e0mbits: Natural, Hist\u00f2ric-Social i Tecnol\u00f2gic. Aprofitant l&#8217;avinentesa que el monestir de Poblet est\u00e0 ubicat en un Paratge Natural d&#8217;Inter\u00e8s Nacional (PNIN), es va signar un conveni amb el Departament de Territori amb la finalitat de generar activitats conjuntes relacionades amb el medi Natural.<\/p>\n","protected":false},"excerpt":{"rendered":"<p>El Camp d&#8217;Aprenentatge Els Monestirs del Cister es va fundar el curs 1991-92. \u00c9s un servei educatiu de suport curricular [&hellip;]<\/p>\n","protected":false},"author":1,"featured_media":0,"parent":0,"menu_order":0,"comment_status":"closed","ping_status":"closed","template":"page-templates\/side-menu.php","meta":{"_bbp_topic_count":0,"_bbp_reply_count":0,"_bbp_total_topic_count":0,"_bbp_total_reply_count":0,"_bbp_voice_count":0,"_bbp_anonymous_reply_count":0,"_bbp_topic_count_hidden":0,"_bbp_reply_count_hidden":0,"_bbp_forum_subforum_count":0,"site-sidebar-layout":"default","site-content-layout":"","ast-site-content-layout":"","site-content-style":"default","site-sidebar-style":"default","ast-global-header-display":"","ast-banner-title-visibility":"","ast-main-header-display":"","ast-hfb-above-header-display":"","ast-hfb-below-header-display":"","ast-hfb-mobile-header-display":"","site-post-title":"","ast-breadcrumbs-content":"","ast-featured-img":"","footer-sml-layout":"","theme-transparent-header-meta":"","adv-header-id-meta":"","stick-header-meta":"","header-above-stick-meta":"","header-main-stick-meta":"","header-below-stick-meta":"","astra-migrate-meta-layouts":"default","ast-page-background-enabled":"default","ast-page-background-meta":{"desktop":{"background-color":"var(--ast-global-color-4)","background-image":"","background-repeat":"repeat","background-position":"center center","background-size":"auto","background-attachment":"scroll","background-type":"","background-media":"","overlay-type":"","overlay-color":"","overlay-opacity":"","overlay-gradient":""},"tablet":{"background-color":"","background-image":"","background-repeat":"repeat","background-position":"center center","background-size":"auto","background-attachment":"scroll","background-type":"","background-media":"","overlay-type":"","overlay-color":"","overlay-opacity":"","overlay-gradient":""},"mobile":{"background-color":"","background-image":"","background-repeat":"repeat","background-position":"center center","background-size":"auto","background-attachment":"scroll","background-type":"","background-media":"","overlay-type":"","overlay-color":"","overlay-opacity":"","overlay-gradient":""}},"ast-content-background-meta":{"desktop":{"background-color":"var(--ast-global-color-5)","background-image":"","background-repeat":"repeat","background-position":"center center","background-size":"auto","background-attachment":"scroll","background-type":"","background-media":"","overlay-type":"","overlay-color":"","overlay-opacity":"","overlay-gradient":""},"tablet":{"background-color":"var(--ast-global-color-5)","background-image":"","background-repeat":"repeat","background-position":"center center","background-size":"auto","background-attachment":"scroll","background-type":"","background-media":"","overlay-type":"","overlay-color":"","overlay-opacity":"","overlay-gradient":""},"mobile":{"background-color":"var(--ast-global-color-5)","background-image":"","background-repeat":"repeat","background-position":"center center","background-size":"auto","background-attachment":"scroll","background-type":"","background-media":"","overlay-type":"","overlay-color":"","overlay-opacity":"","overlay-gradient":""}},"footnotes":""},"class_list":["post-8225","page","type-page","status-publish","hentry"],"post_mailing_queue_ids":[],"_links":{"self":[{"href":"https:\/\/serveiseducatius.xtec.cat\/cda-monestirs\/wp-json\/wp\/v2\/pages\/8225","targetHints":{"allow":["GET"]}}],"collection":[{"href":"https:\/\/serveiseducatius.xtec.cat\/cda-monestirs\/wp-json\/wp\/v2\/pages"}],"about":[{"href":"https:\/\/serveiseducatius.xtec.cat\/cda-monestirs\/wp-json\/wp\/v2\/types\/page"}],"author":[{"embeddable":true,"href":"https:\/\/serveiseducatius.xtec.cat\/cda-monestirs\/wp-json\/wp\/v2\/users\/1"}],"replies":[{"embeddable":true,"href":"https:\/\/serveiseducatius.xtec.cat\/cda-monestirs\/wp-json\/wp\/v2\/comments?post=8225"}],"version-history":[{"count":3,"href":"https:\/\/serveiseducatius.xtec.cat\/cda-monestirs\/wp-json\/wp\/v2\/pages\/8225\/revisions"}],"predecessor-version":[{"id":10327,"href":"https:\/\/serveiseducatius.xtec.cat\/cda-monestirs\/wp-json\/wp\/v2\/pages\/8225\/revisions\/10327"}],"wp:attachment":[{"href":"https:\/\/serveiseducatius.xtec.cat\/cda-monestirs\/wp-json\/wp\/v2\/media?parent=8225"}],"curies":[{"name":"wp","href":"https:\/\/api.w.org\/{rel}","templated":true}]}}