{"id":9004,"date":"2019-05-06T12:58:41","date_gmt":"2019-05-06T10:58:41","guid":{"rendered":"http:\/\/serveiseducatius.xtec.cat\/cda-juneda\/?page_id=9004"},"modified":"2024-06-11T10:44:23","modified_gmt":"2024-06-11T08:44:23","slug":"secundaria","status":"publish","type":"page","link":"https:\/\/serveiseducatius.xtec.cat\/cda-juneda\/estades\/secundaria\/","title":{"rendered":"Educaci\u00f3 Secund\u00e0ria"},"content":{"rendered":"<p>Us proposem participar d\u2019una\u00a0<strong>experi\u00e8ncia<\/strong><strong>\u00a0<\/strong><strong>competencial<\/strong> on es duran a terme activitats de l&#8217;\u00e0mbit cientificotecnol\u00f2gic a trav\u00e9s d&#8217;una metodologia activa, centrades en la pr\u00e0ctica educativa, l&#8217;an\u00e0lisi de l&#8217;impacte\/import\u00e0ncia del sector primari a nivell global i el debat medioambiental al voltant dels models de consum actuals.<\/p>\n<p>El treball dut a terme t\u00e9 com a objectiu l\u2019elaboraci\u00f3 d\u2019un producte final com\u00fa, que centre educatiu i Camp d\u2019Aprenentatge podem pactar conjuntament. Aquesta experi\u00e8ncia educativa es pot enfocar des de diferents punts de vista:<\/p>\n<ul>\n<li><strong>PROJECTE M\u00d3N RURAL<br \/>\n<\/strong><br \/>\nExperi\u00e8ncia de dos, tres, quatre o cinc dies d&#8217;aprofundiment en el m\u00f3n rural a partir de la selecci\u00f3 d&#8217;uns \u00e0mbits de treball. Recomanem que l&#8217;alumnat de Secund\u00e0ria que visita el CdA senti que t\u00e9 un prop\u00f2sit, una tasca a dur a terme, que senti que s&#8217;est\u00e0 avaluant el seu treball durant l&#8217;estada. Podem adaptar l&#8217;estructura de les activitats a l&#8217;elaboraci\u00f3 d&#8217;un producte final. Tamb\u00e9 us podem oferir assessorament a partir de la nostra experi\u00e8ncia amb altres instituts. Treballarem a partir de la selecci\u00f3 dels seg\u00fcents \u00e0mbits:<\/li>\n<\/ul>\n<p style=\"padding-left: 80px;\">\ud83d\udc1d\u00a0<a href=\"https:\/\/serveiseducatius.xtec.cat\/cda-juneda\/estades\/apicultura\/\" target=\"_blank\" rel=\"noopener\">\u00a0APICULTURA<\/a><\/p>\n<p style=\"padding-left: 80px;\">\ud83d\udc04\u00a0<a href=\"https:\/\/serveiseducatius.xtec.cat\/cda-juneda\/estades\/ramaderia\/\" target=\"_blank\" rel=\"noopener\">\u00a0RAMADERIA<\/a><\/p>\n<p style=\"padding-left: 80px;\">\ud83c\udf5e\u00a0<a href=\"https:\/\/serveiseducatius.xtec.cat\/cda-juneda\/estades\/forndepa\/\" target=\"_blank\" rel=\"noopener\">\u00a0FORN DE PA<\/a><\/p>\n<p style=\"padding-left: 80px;\">\ud83c\udf5d\u00a0\u00a0<a href=\"https:\/\/serveiseducatius.xtec.cat\/cda-juneda\/estades\/farines-i-pastes\/\" target=\"_blank\" rel=\"noopener\">FARINES I PASTES<\/a><\/p>\n<p style=\"padding-left: 80px;\">\ud83c\udf45\u00a0\u00a0<a href=\"https:\/\/serveiseducatius.xtec.cat\/cda-juneda\/estades\/hort\/\" target=\"_blank\" rel=\"noopener\">HORT<\/a><\/p>\n<p style=\"padding-left: 80px;\">\ud83e\udd5b\u00a0<a href=\"https:\/\/serveiseducatius.xtec.cat\/cda-juneda\/estades\/transaliments\/\" target=\"_blank\" rel=\"noopener\">\u00a0TRANSFORMACI\u00d3 D&#8217;ALIMENTS<\/a><\/p>\n<p style=\"padding-left: 80px;\">\ud83e\uddfa\u00a0\u00a0<a href=\"https:\/\/serveiseducatius.xtec.cat\/cda-juneda\/estades\/cistelleria\/\" target=\"_blank\" rel=\"noopener\">CISTELLERIA<\/a><\/p>\n<p style=\"padding-left: 80px;\">\ud83c\udf33\ud83d\udeb4\ud83c\udffc\u00a0\u00a0<a href=\"https:\/\/serveiseducatius.xtec.cat\/cda-juneda\/ambits\/estades\/paisatge\/\" target=\"_blank\" rel=\"noopener\">\u00a0ITINERARI PAISATGE\u00a0<\/a><\/p>\n<p>&nbsp;<\/p>\n<ul>\n<li><strong>SITUACI\u00d3 D&#8217;APRENENTATGE PR\u00d2PIA<\/strong><\/li>\n<\/ul>\n<p>Un punt de partida que t\u00e9 potencial educatiu i que valorem positivament \u00e9s que, des del centre educatiu, disposeu d&#8217;una situaci\u00f3 d&#8217;aprenentatge que pugui ser complementada o que compti amb la participaci\u00f3 del CdA Juneda a trav\u00e9s d\u2019una estada. D\u2019aquesta forma, es pot establir una col\u00b7laboraci\u00f3 en forma de projecte compartit.<\/p>\n<p>L&#8217;estructura de l&#8217;estada a partir d&#8217;una situaci\u00f3 d&#8217;aprenentatge t\u00e9 el mateix format i contempla els mateixos \u00e0mbits de treball, oferint la possibilitat de personalitzar-los de cara al projecte que esteu duent a terme.<\/p>\n<figure id=\"attachment_9174\" aria-describedby=\"caption-attachment-9174\" style=\"width: 953px\" class=\"wp-caption alignnone\"><a href=\"https:\/\/serveiseducatius.xtec.cat\/cda-juneda\/wp-content\/uploads\/usu1381\/2019\/05\/cicle-granja.png\"><img loading=\"lazy\" decoding=\"async\" class=\"wp-image-9174 size-full\" src=\"https:\/\/serveiseducatius.xtec.cat\/cda-juneda\/wp-content\/uploads\/usu1381\/2019\/05\/cicle-granja-e1715702437467.png\" alt=\"\" width=\"953\" height=\"600\" srcset=\"https:\/\/serveiseducatius.xtec.cat\/cda-juneda\/wp-content\/uploads\/usu1381\/2019\/05\/cicle-granja-e1715702437467.png 953w, https:\/\/serveiseducatius.xtec.cat\/cda-juneda\/wp-content\/uploads\/usu1381\/2019\/05\/cicle-granja-e1715702437467-300x189.png 300w, https:\/\/serveiseducatius.xtec.cat\/cda-juneda\/wp-content\/uploads\/usu1381\/2019\/05\/cicle-granja-e1715702437467-768x484.png 768w\" sizes=\"auto, (max-width: 953px) 100vw, 953px\" \/><\/a><figcaption id=\"caption-attachment-9174\" class=\"wp-caption-text\">Representaci\u00f3 gr\u00e0fica del &#8220;CICLE DEL M\u00d3N RURAL&#8221;<\/figcaption><\/figure>\n","protected":false},"excerpt":{"rendered":"<p>Us proposem participar d\u2019una\u00a0experi\u00e8ncia\u00a0competencial on es duran a terme activitats de l&#8217;\u00e0mbit cientificotecnol\u00f2gic a trav\u00e9s d&#8217;una metodologia activa, centrades en la pr\u00e0ctica educativa, l&#8217;an\u00e0lisi de l&#8217;impacte\/import\u00e0ncia del sector primari a nivell global i el debat medioambiental al voltant dels models de consum actuals. El treball dut a terme t\u00e9 com a objectiu l\u2019elaboraci\u00f3 d\u2019un producte [&hellip;]<\/p>\n","protected":false},"author":1,"featured_media":0,"parent":8999,"menu_order":20,"comment_status":"closed","ping_status":"closed","template":"page-templates\/side-menu.php","meta":{"_bbp_topic_count":0,"_bbp_reply_count":0,"_bbp_total_topic_count":0,"_bbp_total_reply_count":0,"_bbp_voice_count":0,"_bbp_anonymous_reply_count":0,"_bbp_topic_count_hidden":0,"_bbp_reply_count_hidden":0,"_bbp_forum_subforum_count":0,"site-sidebar-layout":"default","site-content-layout":"","ast-site-content-layout":"","site-content-style":"default","site-sidebar-style":"default","ast-global-header-display":"","ast-banner-title-visibility":"","ast-main-header-display":"","ast-hfb-above-header-display":"","ast-hfb-below-header-display":"","ast-hfb-mobile-header-display":"","site-post-title":"","ast-breadcrumbs-content":"","ast-featured-img":"","footer-sml-layout":"","theme-transparent-header-meta":"","adv-header-id-meta":"","stick-header-meta":"","header-above-stick-meta":"","header-main-stick-meta":"","header-below-stick-meta":"","astra-migrate-meta-layouts":"default","ast-page-background-enabled":"default","ast-page-background-meta":{"desktop":{"background-color":"var(--ast-global-color-4)","background-image":"","background-repeat":"repeat","background-position":"center center","background-size":"auto","background-attachment":"scroll","background-type":"","background-media":"","overlay-type":"","overlay-color":"","overlay-opacity":"","overlay-gradient":""},"tablet":{"background-color":"","background-image":"","background-repeat":"repeat","background-position":"center center","background-size":"auto","background-attachment":"scroll","background-type":"","background-media":"","overlay-type":"","overlay-color":"","overlay-opacity":"","overlay-gradient":""},"mobile":{"background-color":"","background-image":"","background-repeat":"repeat","background-position":"center center","background-size":"auto","background-attachment":"scroll","background-type":"","background-media":"","overlay-type":"","overlay-color":"","overlay-opacity":"","overlay-gradient":""}},"ast-content-background-meta":{"desktop":{"background-color":"var(--ast-global-color-5)","background-image":"","background-repeat":"repeat","background-position":"center center","background-size":"auto","background-attachment":"scroll","background-type":"","background-media":"","overlay-type":"","overlay-color":"","overlay-opacity":"","overlay-gradient":""},"tablet":{"background-color":"var(--ast-global-color-5)","background-image":"","background-repeat":"repeat","background-position":"center center","background-size":"auto","background-attachment":"scroll","background-type":"","background-media":"","overlay-type":"","overlay-color":"","overlay-opacity":"","overlay-gradient":""},"mobile":{"background-color":"var(--ast-global-color-5)","background-image":"","background-repeat":"repeat","background-position":"center center","background-size":"auto","background-attachment":"scroll","background-type":"","background-media":"","overlay-type":"","overlay-color":"","overlay-opacity":"","overlay-gradient":""}},"footnotes":""},"class_list":["post-9004","page","type-page","status-publish","hentry"],"post_mailing_queue_ids":[],"_links":{"self":[{"href":"https:\/\/serveiseducatius.xtec.cat\/cda-juneda\/wp-json\/wp\/v2\/pages\/9004","targetHints":{"allow":["GET"]}}],"collection":[{"href":"https:\/\/serveiseducatius.xtec.cat\/cda-juneda\/wp-json\/wp\/v2\/pages"}],"about":[{"href":"https:\/\/serveiseducatius.xtec.cat\/cda-juneda\/wp-json\/wp\/v2\/types\/page"}],"author":[{"embeddable":true,"href":"https:\/\/serveiseducatius.xtec.cat\/cda-juneda\/wp-json\/wp\/v2\/users\/1"}],"replies":[{"embeddable":true,"href":"https:\/\/serveiseducatius.xtec.cat\/cda-juneda\/wp-json\/wp\/v2\/comments?post=9004"}],"version-history":[{"count":6,"href":"https:\/\/serveiseducatius.xtec.cat\/cda-juneda\/wp-json\/wp\/v2\/pages\/9004\/revisions"}],"predecessor-version":[{"id":10773,"href":"https:\/\/serveiseducatius.xtec.cat\/cda-juneda\/wp-json\/wp\/v2\/pages\/9004\/revisions\/10773"}],"up":[{"embeddable":true,"href":"https:\/\/serveiseducatius.xtec.cat\/cda-juneda\/wp-json\/wp\/v2\/pages\/8999"}],"wp:attachment":[{"href":"https:\/\/serveiseducatius.xtec.cat\/cda-juneda\/wp-json\/wp\/v2\/media?parent=9004"}],"curies":[{"name":"wp","href":"https:\/\/api.w.org\/{rel}","templated":true}]}}