{"id":8930,"date":"2018-07-05T09:49:16","date_gmt":"2018-07-05T07:49:16","guid":{"rendered":"http:\/\/serveiseducatius.xtec.cat\/cda-juneda\/?page_id=8930"},"modified":"2025-11-04T16:51:14","modified_gmt":"2025-11-04T15:51:14","slug":"recursos-digitals","status":"publish","type":"page","link":"https:\/\/serveiseducatius.xtec.cat\/cda-juneda\/recursos\/recursos-digitals\/","title":{"rendered":"Recursos digitals"},"content":{"rendered":"<ul>\n<li><a href=\"https:\/\/ca.padlet.com\/\" target=\"_blank\" rel=\"noopener noreferrer\">Padlet<\/a>: eina educativa i col\u00b7laborativa entre docents i alumnes. \u00c9s un mur o cartellera digital que est\u00e0 dissenyada per compartir contingut editable en temps real. Permet inserir textos, imatges, enlla\u00e7os, documents&#8230; i que teniu a la vostra disposici\u00f3 durant l\u2019estada, permetent que els alumnes vagin anotant lliurement els aspectes i experi\u00e8ncies m\u00e9s rellevants que han viscut durant l\u2019estada al CdA.<\/li>\n<\/ul>\n<ul>\n<li style=\"list-style-type: none;\">\n<ul>\n<li style=\"list-style-type: none;\">\n<ul>\n<li>Us deixem un <a href=\"https:\/\/padlet.com\/cdajuneda\/presentacio\" target=\"_blank\" rel=\"noopener noreferrer\">padlet de presentaci\u00f3<\/a> perqu\u00e8 us pugueu familiaritzar amb el seu funcionament i exploreu les possibilitats que t\u00e9. Si en voleu un de personalitzat i organitzat per nosaltres, per tal de treballar-lo al centre, ens ho podeu dir i us l&#8217;enviem.<\/li>\n<\/ul>\n<\/li>\n<\/ul>\n<\/li>\n<\/ul>\n<ul>\n<li><a href=\"https:\/\/kahoot.com\/schools-u\/\">Kahoot<\/a>: us deixem q\u00fcestionaris en format <em>Kahoot<\/em> de les diferents activitats que fem al CdA Juneda, que us poden servir com a activitat inicial d&#8217;activaci\u00f3 de coneixement previs (abans de fer l&#8217;estada), com a activitat final d&#8217;avaluaci\u00f3 (despr\u00e9s de fer l&#8217;estada), o utilitzar-los en qualsevol moment del curs.\n<ul>\n<li style=\"list-style-type: none;\">\n<ul>\n<li>Els kahoots s\u00f3n p\u00fablics, podeu accedir-hi seguint els enlla\u00e7os i activar-los.<\/li>\n<\/ul>\n<\/li>\n<\/ul>\n<\/li>\n<\/ul>\n<p style=\"padding-left: 40px;\"><a href=\"https:\/\/create.kahoot.it\/share\/apicultura-al-cda-juneda\/49e5de3f-5006-468e-937d-86651b0095b2\" target=\"_blank\" rel=\"noopener noreferrer\">\ud83d\udc1d\u00a0Kahoot apicultura<\/a><br \/>\n<a href=\"https:\/\/create.kahoot.it\/share\/ramaderia-al-cda-de-juneda\/2af4aa0b-8f3e-478e-b24d-028d2497ba8b\" target=\"_blank\" rel=\"noopener noreferrer\">\ud83d\udc04 Kahoot ramaderia<\/a><br \/>\n<a href=\"https:\/\/kahoot.it\/challenge\/09064444?challenge-id=ac59e491-ba21-4b0f-9eac-984805d10400_1610615042810\" target=\"_blank\" rel=\"noopener noreferrer\">\ud83c\udf46<\/a><a href=\"https:\/\/create.kahoot.it\/share\/l-hort-del-cda-juneda\/7ec9cf42-3544-442b-9129-c2a27931a99c\" target=\"_blank\" rel=\"noopener\"> Kahoot hort<\/a><br \/>\n\ud83e\udd5b <a href=\"https:\/\/create.kahoot.it\/share\/transformacio-d-aliments-al-cda-juneda\/ffd82cc0-510d-4f72-84da-815475d5f564\" target=\"_blank\" rel=\"noopener\">Kahoot transformaci\u00f3 d&#8217;aliments<\/a><br \/>\n<a href=\"https:\/\/kahoot.it\/challenge\/0843940?challenge-id=ac59e491-ba21-4b0f-9eac-984805d10400_1593514342000\" target=\"_blank\" rel=\"noopener noreferrer\">\ud83c\udf33\u00a0<\/a><a href=\"https:\/\/create.kahoot.it\/share\/el-paisatge-del-cda-juneda\/b5a4c00c-6562-4605-ae93-720a5380e27b\" target=\"_blank\" rel=\"noopener\">Kahoot paisatge<\/a><br \/>\n\ud83c\udf5e <a href=\"https:\/\/create.kahoot.it\/share\/el-forn-del-cda-juneda\/297dfcc7-d281-4570-8527-d2ee15d952d5\" target=\"_blank\" rel=\"noopener\">Kahoot forn<\/a><\/p>\n<h6 style=\"padding-left: 40px;\"><span style=\"color: #ff0000;\"><em><strong>(*) \u00c9s possible que, si teniu l&#8217;autocorrecci\u00f3 activada per defecte al vostre navegador, us apareguin paraules mal redactades o en un altre idioma, el qual genera problemes i \u00e9s inc\u00f2mode. Per solucionar-ho, cal desactivar l&#8217;autocorrecci\u00f3 del vostre navegador web.<\/strong><\/em><\/span><\/h6>\n<p>&nbsp;<\/p>\n<ul>\n<li><a href=\"https:\/\/es.educaplay.com\/\">Educaplay:<\/a> aprofitem aquest generador de jocs online per, tamb\u00e9 en clau d&#8217;activaci\u00f3 de coneixements previs, preparar aquesta activitat sobre vocabulari b\u00e0sic d&#8217;apicultura en format &#8216;rosco&#8217;.<\/li>\n<\/ul>\n<p style=\"padding-left: 40px;\">\ud83d\udc1d <a href=\"https:\/\/es.educaplay.com\/recursos-educativos\/13140324-passaparaula_apicola.html\" target=\"_blank\" rel=\"noopener noreferrer\">Passaparaula ap\u00edcola<\/a><br \/>\n<a href=\"https:\/\/es.educaplay.com\/recursos-educativos\/5787060-beekeeping_pass_the_word.html\">\ud83d\udc1d\ud83c\uddec\ud83c\udde7 <\/a><a href=\"https:\/\/es.educaplay.com\/recursos-educativos\/5787060-beekeeping_pass_the_word.html\">Beekeeping pass the word<\/a><\/p>\n<p>Estem a la vostra disposici\u00f3, durant la preparaci\u00f3 de l&#8217;estada, per aclarir dubtes o compartir el pla de treball al voltant d&#8217;aquestes propostes.<\/p>\n","protected":false},"excerpt":{"rendered":"<p>Padlet: eina educativa i col\u00b7laborativa entre docents i alumnes. \u00c9s un mur o cartellera digital que est\u00e0 dissenyada per compartir contingut editable en temps real. Permet inserir textos, imatges, enlla\u00e7os, documents&#8230; i que teniu a la vostra disposici\u00f3 durant l\u2019estada, permetent que els alumnes vagin anotant lliurement els aspectes i experi\u00e8ncies m\u00e9s rellevants que han [&hellip;]<\/p>\n","protected":false},"author":1,"featured_media":0,"parent":8580,"menu_order":100,"comment_status":"closed","ping_status":"closed","template":"","meta":{"_bbp_topic_count":0,"_bbp_reply_count":0,"_bbp_total_topic_count":0,"_bbp_total_reply_count":0,"_bbp_voice_count":0,"_bbp_anonymous_reply_count":0,"_bbp_topic_count_hidden":0,"_bbp_reply_count_hidden":0,"_bbp_forum_subforum_count":0,"site-sidebar-layout":"default","site-content-layout":"","ast-site-content-layout":"default","site-content-style":"default","site-sidebar-style":"default","ast-global-header-display":"","ast-banner-title-visibility":"","ast-main-header-display":"","ast-hfb-above-header-display":"","ast-hfb-below-header-display":"","ast-hfb-mobile-header-display":"","site-post-title":"","ast-breadcrumbs-content":"","ast-featured-img":"","footer-sml-layout":"","theme-transparent-header-meta":"default","adv-header-id-meta":"","stick-header-meta":"","header-above-stick-meta":"","header-main-stick-meta":"","header-below-stick-meta":"","astra-migrate-meta-layouts":"set","ast-page-background-enabled":"default","ast-page-background-meta":{"desktop":{"background-color":"var(--ast-global-color-4)","background-image":"","background-repeat":"repeat","background-position":"center center","background-size":"auto","background-attachment":"scroll","background-type":"","background-media":"","overlay-type":"","overlay-color":"","overlay-opacity":"","overlay-gradient":""},"tablet":{"background-color":"","background-image":"","background-repeat":"repeat","background-position":"center center","background-size":"auto","background-attachment":"scroll","background-type":"","background-media":"","overlay-type":"","overlay-color":"","overlay-opacity":"","overlay-gradient":""},"mobile":{"background-color":"","background-image":"","background-repeat":"repeat","background-position":"center center","background-size":"auto","background-attachment":"scroll","background-type":"","background-media":"","overlay-type":"","overlay-color":"","overlay-opacity":"","overlay-gradient":""}},"ast-content-background-meta":{"desktop":{"background-color":"var(--ast-global-color-5)","background-image":"","background-repeat":"repeat","background-position":"center center","background-size":"auto","background-attachment":"scroll","background-type":"","background-media":"","overlay-type":"","overlay-color":"","overlay-opacity":"","overlay-gradient":""},"tablet":{"background-color":"var(--ast-global-color-5)","background-image":"","background-repeat":"repeat","background-position":"center center","background-size":"auto","background-attachment":"scroll","background-type":"","background-media":"","overlay-type":"","overlay-color":"","overlay-opacity":"","overlay-gradient":""},"mobile":{"background-color":"var(--ast-global-color-5)","background-image":"","background-repeat":"repeat","background-position":"center center","background-size":"auto","background-attachment":"scroll","background-type":"","background-media":"","overlay-type":"","overlay-color":"","overlay-opacity":"","overlay-gradient":""}},"footnotes":""},"class_list":["post-8930","page","type-page","status-publish","hentry"],"post_mailing_queue_ids":[],"_links":{"self":[{"href":"https:\/\/serveiseducatius.xtec.cat\/cda-juneda\/wp-json\/wp\/v2\/pages\/8930","targetHints":{"allow":["GET"]}}],"collection":[{"href":"https:\/\/serveiseducatius.xtec.cat\/cda-juneda\/wp-json\/wp\/v2\/pages"}],"about":[{"href":"https:\/\/serveiseducatius.xtec.cat\/cda-juneda\/wp-json\/wp\/v2\/types\/page"}],"author":[{"embeddable":true,"href":"https:\/\/serveiseducatius.xtec.cat\/cda-juneda\/wp-json\/wp\/v2\/users\/1"}],"replies":[{"embeddable":true,"href":"https:\/\/serveiseducatius.xtec.cat\/cda-juneda\/wp-json\/wp\/v2\/comments?post=8930"}],"version-history":[{"count":7,"href":"https:\/\/serveiseducatius.xtec.cat\/cda-juneda\/wp-json\/wp\/v2\/pages\/8930\/revisions"}],"predecessor-version":[{"id":11273,"href":"https:\/\/serveiseducatius.xtec.cat\/cda-juneda\/wp-json\/wp\/v2\/pages\/8930\/revisions\/11273"}],"up":[{"embeddable":true,"href":"https:\/\/serveiseducatius.xtec.cat\/cda-juneda\/wp-json\/wp\/v2\/pages\/8580"}],"wp:attachment":[{"href":"https:\/\/serveiseducatius.xtec.cat\/cda-juneda\/wp-json\/wp\/v2\/media?parent=8930"}],"curies":[{"name":"wp","href":"https:\/\/api.w.org\/{rel}","templated":true}]}}