{"id":11473,"date":"2026-04-29T17:18:22","date_gmt":"2026-04-29T15:18:22","guid":{"rendered":"https:\/\/serveiseducatius.xtec.cat\/cda-juneda\/?page_id=11473"},"modified":"2026-04-29T17:18:22","modified_gmt":"2026-04-29T15:18:22","slug":"pollinitzadors","status":"publish","type":"page","link":"https:\/\/serveiseducatius.xtec.cat\/cda-juneda\/pollinitzadors\/","title":{"rendered":"Pol\u00b7linitzadors: agents clau de la biodiversitat"},"content":{"rendered":"<p>Aquesta activitat posa el focus en la diversitat de pol\u00b7linitzadors i en el seu paper essencial en el funcionament dels ecosistemes i la producci\u00f3 d\u2019aliments. L\u2019alumnat identifica, classifica i compara diferents agents pol\u00b7linitzadors \u2014no nom\u00e9s insectes, sin\u00f3 tamb\u00e9 altres animals o factors com el vent\u2014 i analitza les seves estrat\u00e8gies i interaccions amb les plantes.<\/p>\n<p>A trav\u00e9s de l\u2019observaci\u00f3 directa i el treball al jard\u00ed de biodiversitat, interpreta la pol\u00b7linitzaci\u00f3 com un proc\u00e9s complex i interdependent, clau per al manteniment de la biodiversitat. Aquesta mirada permet q\u00fcestionar la visi\u00f3 centrada \u00fanicament en l\u2019abella mel\u00b7l\u00edfera i comprendre que el seu protagonisme respon, en part, a la seva domesticaci\u00f3 per part dels humans. L\u2019activitat afavoreix una visi\u00f3 sist\u00e8mica que posa en valor el conjunt de pol\u00b7linitzadors i la necessitat de conservar-los en un context de canvi ambiental.<\/p>\n<p><span style=\"color: #ff0000;\">(*) Aquesta activitat s\u2019incorpora per primer cop a la nostra oferta educativa durant el curs 2026-27. Els materials did\u00e0ctics estan en construcci\u00f3, i les fotografies les anirem compartint quan s\u2019hagi implementat.\u00a0<\/span><\/p>\n","protected":false},"excerpt":{"rendered":"<p>Aquesta activitat posa el focus en la diversitat de pol\u00b7linitzadors i en el seu paper essencial en el funcionament dels ecosistemes i la producci\u00f3 d\u2019aliments. L\u2019alumnat identifica, classifica i compara diferents agents pol\u00b7linitzadors \u2014no nom\u00e9s insectes, sin\u00f3 tamb\u00e9 altres animals o factors com el vent\u2014 i analitza les seves estrat\u00e8gies i interaccions amb les plantes. [&hellip;]<\/p>\n","protected":false},"author":1,"featured_media":0,"parent":0,"menu_order":0,"comment_status":"closed","ping_status":"closed","template":"","meta":{"_bbp_topic_count":0,"_bbp_reply_count":0,"_bbp_total_topic_count":0,"_bbp_total_reply_count":0,"_bbp_voice_count":0,"_bbp_anonymous_reply_count":0,"_bbp_topic_count_hidden":0,"_bbp_reply_count_hidden":0,"_bbp_forum_subforum_count":0,"site-sidebar-layout":"default","site-content-layout":"","ast-site-content-layout":"default","site-content-style":"default","site-sidebar-style":"default","ast-global-header-display":"","ast-banner-title-visibility":"","ast-main-header-display":"","ast-hfb-above-header-display":"","ast-hfb-below-header-display":"","ast-hfb-mobile-header-display":"","site-post-title":"","ast-breadcrumbs-content":"","ast-featured-img":"","footer-sml-layout":"","theme-transparent-header-meta":"default","adv-header-id-meta":"","stick-header-meta":"","header-above-stick-meta":"","header-main-stick-meta":"","header-below-stick-meta":"","astra-migrate-meta-layouts":"set","ast-page-background-enabled":"default","ast-page-background-meta":{"desktop":{"background-color":"var(--ast-global-color-4)","background-image":"","background-repeat":"repeat","background-position":"center center","background-size":"auto","background-attachment":"scroll","background-type":"","background-media":"","overlay-type":"","overlay-color":"","overlay-opacity":"","overlay-gradient":""},"tablet":{"background-color":"","background-image":"","background-repeat":"repeat","background-position":"center center","background-size":"auto","background-attachment":"scroll","background-type":"","background-media":"","overlay-type":"","overlay-color":"","overlay-opacity":"","overlay-gradient":""},"mobile":{"background-color":"","background-image":"","background-repeat":"repeat","background-position":"center center","background-size":"auto","background-attachment":"scroll","background-type":"","background-media":"","overlay-type":"","overlay-color":"","overlay-opacity":"","overlay-gradient":""}},"ast-content-background-meta":{"desktop":{"background-color":"var(--ast-global-color-5)","background-image":"","background-repeat":"repeat","background-position":"center center","background-size":"auto","background-attachment":"scroll","background-type":"","background-media":"","overlay-type":"","overlay-color":"","overlay-opacity":"","overlay-gradient":""},"tablet":{"background-color":"var(--ast-global-color-5)","background-image":"","background-repeat":"repeat","background-position":"center center","background-size":"auto","background-attachment":"scroll","background-type":"","background-media":"","overlay-type":"","overlay-color":"","overlay-opacity":"","overlay-gradient":""},"mobile":{"background-color":"var(--ast-global-color-5)","background-image":"","background-repeat":"repeat","background-position":"center center","background-size":"auto","background-attachment":"scroll","background-type":"","background-media":"","overlay-type":"","overlay-color":"","overlay-opacity":"","overlay-gradient":""}},"footnotes":""},"class_list":["post-11473","page","type-page","status-publish","hentry"],"post_mailing_queue_ids":[],"_links":{"self":[{"href":"https:\/\/serveiseducatius.xtec.cat\/cda-juneda\/wp-json\/wp\/v2\/pages\/11473","targetHints":{"allow":["GET"]}}],"collection":[{"href":"https:\/\/serveiseducatius.xtec.cat\/cda-juneda\/wp-json\/wp\/v2\/pages"}],"about":[{"href":"https:\/\/serveiseducatius.xtec.cat\/cda-juneda\/wp-json\/wp\/v2\/types\/page"}],"author":[{"embeddable":true,"href":"https:\/\/serveiseducatius.xtec.cat\/cda-juneda\/wp-json\/wp\/v2\/users\/1"}],"replies":[{"embeddable":true,"href":"https:\/\/serveiseducatius.xtec.cat\/cda-juneda\/wp-json\/wp\/v2\/comments?post=11473"}],"version-history":[{"count":1,"href":"https:\/\/serveiseducatius.xtec.cat\/cda-juneda\/wp-json\/wp\/v2\/pages\/11473\/revisions"}],"predecessor-version":[{"id":11475,"href":"https:\/\/serveiseducatius.xtec.cat\/cda-juneda\/wp-json\/wp\/v2\/pages\/11473\/revisions\/11475"}],"wp:attachment":[{"href":"https:\/\/serveiseducatius.xtec.cat\/cda-juneda\/wp-json\/wp\/v2\/media?parent=11473"}],"curies":[{"name":"wp","href":"https:\/\/api.w.org\/{rel}","templated":true}]}}

<p>Aquesta activitat posa el focus en la diversitat de pol·linitzadors i en el seu paper essencial en el funcionament dels ecosistemes i la producció d’aliments. L’alumnat identifica, classifica i compara diferents agents pol·linitzadors —no només insectes, sinó també altres animals o factors com el vent— i analitza les seves estratègies i interaccions amb les plantes.</p>
<p>A través de l’observació directa i el treball al jardí de biodiversitat, interpreta la pol·linització com un procés complex i interdependent, clau per al manteniment de la biodiversitat. Aquesta mirada permet qüestionar la visió centrada únicament en l’abella mel·lífera i comprendre que el seu protagonisme respon, en part, a la seva domesticació per part dels humans. L’activitat afavoreix una visió sistèmica que posa en valor el conjunt de pol·linitzadors i la necessitat de conservar-los en un context de canvi ambiental.</p>
<p><span style="color: #ff0000;">(*) Aquesta activitat s’incorpora per primer cop a la nostra oferta educativa durant el curs 2026-27. Els materials didàctics estan en construcció, i les fotografies les anirem compartint quan s’hagi implementat. </span></p>

<p>Aquesta activitat posa el focus en la diversitat de pol·linitzadors i en el seu paper essencial en el funcionament dels ecosistemes i la producció d’aliments. L’alumnat identifica, classifica i compara diferents agents pol·linitzadors —no només insectes, sinó també altres animals o factors com el vent— i analitza les seves estratègies i interaccions amb les plantes. [&hellip;]</p>
