{"id":11433,"date":"2026-04-29T16:29:04","date_gmt":"2026-04-29T14:29:04","guid":{"rendered":"https:\/\/serveiseducatius.xtec.cat\/cda-juneda\/?page_id=11433"},"modified":"2026-04-29T17:12:54","modified_gmt":"2026-04-29T15:12:54","slug":"alumnat","status":"publish","type":"page","link":"https:\/\/serveiseducatius.xtec.cat\/cda-juneda\/estades-2\/alumnat\/","title":{"rendered":"Alumnat"},"content":{"rendered":"<p>El nombre m\u00e0xim d&#8217;alumnat que pot atendre el Camp d&#8217;Aprenentatge de Juneda en una estada \u00e9s de <strong>60 alumnes<\/strong>.<\/p>\n<p>Pel que fa als grups de treball, en fem un m\u00e0xim de quatre. La r\u00e0tio \u00f2ptima per al desenvolupament de les activitats al nostre camp d&#8217;aprenentatge \u00e9s de <strong>15 infants<\/strong> a cada grup, que haur\u00e0 tenir <strong>una persona de refer\u00e8ncia del centre com a acompanyant<\/strong> al llarg de tota l&#8217;activitat. El CdA de Juneda podr\u00e0 modificar els grups de treball en funci\u00f3 de l\u2019alumnat total de l\u2019estada, l&#8217;edat i l&#8217;organitzaci\u00f3 interna de l&#8217;equip docent.<\/p>\n<p><a href=\"https:\/\/serveiseducatius.xtec.cat\/cda-juneda\/wp-content\/uploads\/usu1381\/2026\/04\/Disseny-sense-titol-2.jpg\"><img loading=\"lazy\" decoding=\"async\" class=\"aligncenter size-large wp-image-11376\" src=\"https:\/\/serveiseducatius.xtec.cat\/cda-juneda\/wp-content\/uploads\/usu1381\/2026\/04\/Disseny-sense-titol-2-1024x500.jpg\" alt=\"\" width=\"1024\" height=\"500\" srcset=\"https:\/\/serveiseducatius.xtec.cat\/cda-juneda\/wp-content\/uploads\/usu1381\/2026\/04\/Disseny-sense-titol-2-1024x500.jpg 1024w, https:\/\/serveiseducatius.xtec.cat\/cda-juneda\/wp-content\/uploads\/usu1381\/2026\/04\/Disseny-sense-titol-2-300x147.jpg 300w, https:\/\/serveiseducatius.xtec.cat\/cda-juneda\/wp-content\/uploads\/usu1381\/2026\/04\/Disseny-sense-titol-2-768x375.jpg 768w, https:\/\/serveiseducatius.xtec.cat\/cda-juneda\/wp-content\/uploads\/usu1381\/2026\/04\/Disseny-sense-titol-2-1536x750.jpg 1536w, https:\/\/serveiseducatius.xtec.cat\/cda-juneda\/wp-content\/uploads\/usu1381\/2026\/04\/Disseny-sense-titol-2.jpg 1920w\" sizes=\"auto, (max-width: 1024px) 100vw, 1024px\" \/><\/a><\/p>\n","protected":false},"excerpt":{"rendered":"<p>El nombre m\u00e0xim d&#8217;alumnat que pot atendre el Camp d&#8217;Aprenentatge de Juneda en una estada \u00e9s de 60 alumnes. Pel que fa als grups de treball, en fem un m\u00e0xim de quatre. La r\u00e0tio \u00f2ptima per al desenvolupament de les activitats al nostre camp d&#8217;aprenentatge \u00e9s de 15 infants a cada grup, que haur\u00e0 tenir [&hellip;]<\/p>\n","protected":false},"author":1,"featured_media":0,"parent":11442,"menu_order":2,"comment_status":"closed","ping_status":"closed","template":"","meta":{"_bbp_topic_count":0,"_bbp_reply_count":0,"_bbp_total_topic_count":0,"_bbp_total_reply_count":0,"_bbp_voice_count":0,"_bbp_anonymous_reply_count":0,"_bbp_topic_count_hidden":0,"_bbp_reply_count_hidden":0,"_bbp_forum_subforum_count":0,"site-sidebar-layout":"default","site-content-layout":"","ast-site-content-layout":"default","site-content-style":"default","site-sidebar-style":"default","ast-global-header-display":"","ast-banner-title-visibility":"","ast-main-header-display":"","ast-hfb-above-header-display":"","ast-hfb-below-header-display":"","ast-hfb-mobile-header-display":"","site-post-title":"","ast-breadcrumbs-content":"","ast-featured-img":"","footer-sml-layout":"","theme-transparent-header-meta":"default","adv-header-id-meta":"","stick-header-meta":"","header-above-stick-meta":"","header-main-stick-meta":"","header-below-stick-meta":"","astra-migrate-meta-layouts":"set","ast-page-background-enabled":"default","ast-page-background-meta":{"desktop":{"background-color":"var(--ast-global-color-4)","background-image":"","background-repeat":"repeat","background-position":"center center","background-size":"auto","background-attachment":"scroll","background-type":"","background-media":"","overlay-type":"","overlay-color":"","overlay-opacity":"","overlay-gradient":""},"tablet":{"background-color":"","background-image":"","background-repeat":"repeat","background-position":"center center","background-size":"auto","background-attachment":"scroll","background-type":"","background-media":"","overlay-type":"","overlay-color":"","overlay-opacity":"","overlay-gradient":""},"mobile":{"background-color":"","background-image":"","background-repeat":"repeat","background-position":"center center","background-size":"auto","background-attachment":"scroll","background-type":"","background-media":"","overlay-type":"","overlay-color":"","overlay-opacity":"","overlay-gradient":""}},"ast-content-background-meta":{"desktop":{"background-color":"var(--ast-global-color-5)","background-image":"","background-repeat":"repeat","background-position":"center center","background-size":"auto","background-attachment":"scroll","background-type":"","background-media":"","overlay-type":"","overlay-color":"","overlay-opacity":"","overlay-gradient":""},"tablet":{"background-color":"var(--ast-global-color-5)","background-image":"","background-repeat":"repeat","background-position":"center center","background-size":"auto","background-attachment":"scroll","background-type":"","background-media":"","overlay-type":"","overlay-color":"","overlay-opacity":"","overlay-gradient":""},"mobile":{"background-color":"var(--ast-global-color-5)","background-image":"","background-repeat":"repeat","background-position":"center center","background-size":"auto","background-attachment":"scroll","background-type":"","background-media":"","overlay-type":"","overlay-color":"","overlay-opacity":"","overlay-gradient":""}},"footnotes":""},"class_list":["post-11433","page","type-page","status-publish","hentry"],"post_mailing_queue_ids":[],"_links":{"self":[{"href":"https:\/\/serveiseducatius.xtec.cat\/cda-juneda\/wp-json\/wp\/v2\/pages\/11433","targetHints":{"allow":["GET"]}}],"collection":[{"href":"https:\/\/serveiseducatius.xtec.cat\/cda-juneda\/wp-json\/wp\/v2\/pages"}],"about":[{"href":"https:\/\/serveiseducatius.xtec.cat\/cda-juneda\/wp-json\/wp\/v2\/types\/page"}],"author":[{"embeddable":true,"href":"https:\/\/serveiseducatius.xtec.cat\/cda-juneda\/wp-json\/wp\/v2\/users\/1"}],"replies":[{"embeddable":true,"href":"https:\/\/serveiseducatius.xtec.cat\/cda-juneda\/wp-json\/wp\/v2\/comments?post=11433"}],"version-history":[{"count":5,"href":"https:\/\/serveiseducatius.xtec.cat\/cda-juneda\/wp-json\/wp\/v2\/pages\/11433\/revisions"}],"predecessor-version":[{"id":11470,"href":"https:\/\/serveiseducatius.xtec.cat\/cda-juneda\/wp-json\/wp\/v2\/pages\/11433\/revisions\/11470"}],"up":[{"embeddable":true,"href":"https:\/\/serveiseducatius.xtec.cat\/cda-juneda\/wp-json\/wp\/v2\/pages\/11442"}],"wp:attachment":[{"href":"https:\/\/serveiseducatius.xtec.cat\/cda-juneda\/wp-json\/wp\/v2\/media?parent=11433"}],"curies":[{"name":"wp","href":"https:\/\/api.w.org\/{rel}","templated":true}]}}

<p>El nombre màxim d&#8217;alumnat que pot atendre el Camp d&#8217;Aprenentatge de Juneda en una estada és de <strong>60 alumnes</strong>.</p>
<p>Pel que fa als grups de treball, en fem un màxim de quatre. La ràtio òptima per al desenvolupament de les activitats al nostre camp d&#8217;aprenentatge és de <strong>15 infants</strong> a cada grup, que haurà tenir <strong>una persona de referència del centre com a acompanyant</strong> al llarg de tota l&#8217;activitat. El CdA de Juneda podrà modificar els grups de treball en funció de l’alumnat total de l’estada, l&#8217;edat i l&#8217;organització interna de l&#8217;equip docent.</p>
<p><a href="https://serveiseducatius.xtec.cat/cda-juneda/wp-content/uploads/usu1381/2026/04/Disseny-sense-titol-2.jpg"><img loading="lazy" decoding="async" class="aligncenter size-large wp-image-11376" src="https://serveiseducatius.xtec.cat/cda-juneda/wp-content/uploads/usu1381/2026/04/Disseny-sense-titol-2-1024x500.jpg" alt="" width="1024" height="500" srcset="https://serveiseducatius.xtec.cat/cda-juneda/wp-content/uploads/usu1381/2026/04/Disseny-sense-titol-2-1024x500.jpg 1024w, https://serveiseducatius.xtec.cat/cda-juneda/wp-content/uploads/usu1381/2026/04/Disseny-sense-titol-2-300x147.jpg 300w, https://serveiseducatius.xtec.cat/cda-juneda/wp-content/uploads/usu1381/2026/04/Disseny-sense-titol-2-768x375.jpg 768w, https://serveiseducatius.xtec.cat/cda-juneda/wp-content/uploads/usu1381/2026/04/Disseny-sense-titol-2-1536x750.jpg 1536w, https://serveiseducatius.xtec.cat/cda-juneda/wp-content/uploads/usu1381/2026/04/Disseny-sense-titol-2.jpg 1920w" sizes="auto, (max-width: 1024px) 100vw, 1024px" /></a></p>

<p>El nombre màxim d&#8217;alumnat que pot atendre el Camp d&#8217;Aprenentatge de Juneda en una estada és de 60 alumnes. Pel que fa als grups de treball, en fem un màxim de quatre. La ràtio òptima per al desenvolupament de les activitats al nostre camp d&#8217;aprenentatge és de 15 infants a cada grup, que haurà tenir [&hellip;]</p>
