{"id":11401,"date":"2026-04-29T15:45:56","date_gmt":"2026-04-29T13:45:56","guid":{"rendered":"https:\/\/serveiseducatius.xtec.cat\/cda-juneda\/?page_id=11401"},"modified":"2026-04-29T15:45:56","modified_gmt":"2026-04-29T13:45:56","slug":"localitzacio","status":"publish","type":"page","link":"https:\/\/serveiseducatius.xtec.cat\/cda-juneda\/el-camp-2\/localitzacio\/","title":{"rendered":"Localitzaci\u00f3"},"content":{"rendered":"<p>El Camp d\u2019Aprenentatge de Juneda est\u00e0 situat als afores del poble de Juneda, a la comarca de les Garrigues. L&#8217;entorn del CdA de Juneda \u00e9s un mosaic de paisatges agr\u00edcoles: camps de farratge i plantacions d&#8217;arbres fruiters. Aix\u00f2 ha estat possible gr\u00e0cies a que \u00e9s una zona de la Plana de Lleida regada pel Canal de l&#8217;Urgell.<\/p>\n<p>Per altra banda, tamb\u00e9 s\u00f3n moltes les explotacions ramaderes intensives dels sectors porc\u00ed i av\u00edcola que es poden trobar a prop del Camp d&#8217;Aprenentatge. El sector energ\u00e8tic tamb\u00e9 hi t\u00e9 especial rellev\u00e0ncia amb instal\u00b7lacions dedicades a la producci\u00f3 d&#8217;energia fotovoltaica, termosolar i biog\u00e0s com a combustible.<\/p>\n<p>L&#8217;acc\u00e9s al CdA de Juneda recomanem que es faci per carretera i amb transport col\u00b7lectiu privat, per\u00f2 tamb\u00e9 \u00e9s possible venir amb la l\u00ednia R13 de mitja dist\u00e0ncia, tot i que conv\u00e9 mirar b\u00e9 els horaris perqu\u00e8 encaixin b\u00e9 amb les activitats, avisar l&#8217;equip docent del CdA amb antelaci\u00f3 i tamb\u00e9 preveure que des de l&#8217;estaci\u00f3 hi ha 30 min de cam\u00ed a peu.<\/p>\n<p>El Camp d&#8217;Aprenentatge de Juneda est\u00e0 conformat per dos edificis:<\/p>\n<ul>\n<li>Aulari Nord (on podreu trobar la Sala Ponent, l&#8217;Obrador i dos lavabos, un d&#8217;ells adaptat).<\/li>\n<li>Aulari Sud (Oficina i aules de Natura i Artesania).<\/li>\n<\/ul>\n<p><a href=\"https:\/\/serveiseducatius.xtec.cat\/cda-juneda\/wp-content\/uploads\/usu1381\/2026\/04\/Disseny-sense-titol-1.png\"><img loading=\"lazy\" decoding=\"async\" class=\"aligncenter size-large wp-image-11359\" src=\"https:\/\/serveiseducatius.xtec.cat\/cda-juneda\/wp-content\/uploads\/usu1381\/2026\/04\/Disseny-sense-titol-1-1024x1024.png\" alt=\"\" width=\"1024\" height=\"1024\" srcset=\"https:\/\/serveiseducatius.xtec.cat\/cda-juneda\/wp-content\/uploads\/usu1381\/2026\/04\/Disseny-sense-titol-1-1024x1024.png 1024w, https:\/\/serveiseducatius.xtec.cat\/cda-juneda\/wp-content\/uploads\/usu1381\/2026\/04\/Disseny-sense-titol-1-300x300.png 300w, https:\/\/serveiseducatius.xtec.cat\/cda-juneda\/wp-content\/uploads\/usu1381\/2026\/04\/Disseny-sense-titol-1-150x150.png 150w, https:\/\/serveiseducatius.xtec.cat\/cda-juneda\/wp-content\/uploads\/usu1381\/2026\/04\/Disseny-sense-titol-1-768x768.png 768w, https:\/\/serveiseducatius.xtec.cat\/cda-juneda\/wp-content\/uploads\/usu1381\/2026\/04\/Disseny-sense-titol-1-1536x1536.png 1536w, https:\/\/serveiseducatius.xtec.cat\/cda-juneda\/wp-content\/uploads\/usu1381\/2026\/04\/Disseny-sense-titol-1.png 2000w\" sizes=\"auto, (max-width: 1024px) 100vw, 1024px\" \/><\/a><\/p>\n","protected":false},"excerpt":{"rendered":"<p>El Camp d\u2019Aprenentatge de Juneda est\u00e0 situat als afores del poble de Juneda, a la comarca de les Garrigues. L&#8217;entorn del CdA de Juneda \u00e9s un mosaic de paisatges agr\u00edcoles: camps de farratge i plantacions d&#8217;arbres fruiters. Aix\u00f2 ha estat possible gr\u00e0cies a que \u00e9s una zona de la Plana de Lleida regada pel Canal [&hellip;]<\/p>\n","protected":false},"author":1,"featured_media":0,"parent":9457,"menu_order":3,"comment_status":"closed","ping_status":"closed","template":"","meta":{"_bbp_topic_count":0,"_bbp_reply_count":0,"_bbp_total_topic_count":0,"_bbp_total_reply_count":0,"_bbp_voice_count":0,"_bbp_anonymous_reply_count":0,"_bbp_topic_count_hidden":0,"_bbp_reply_count_hidden":0,"_bbp_forum_subforum_count":0,"site-sidebar-layout":"default","site-content-layout":"","ast-site-content-layout":"default","site-content-style":"default","site-sidebar-style":"default","ast-global-header-display":"","ast-banner-title-visibility":"","ast-main-header-display":"","ast-hfb-above-header-display":"","ast-hfb-below-header-display":"","ast-hfb-mobile-header-display":"","site-post-title":"","ast-breadcrumbs-content":"","ast-featured-img":"","footer-sml-layout":"","theme-transparent-header-meta":"default","adv-header-id-meta":"","stick-header-meta":"","header-above-stick-meta":"","header-main-stick-meta":"","header-below-stick-meta":"","astra-migrate-meta-layouts":"set","ast-page-background-enabled":"default","ast-page-background-meta":{"desktop":{"background-color":"var(--ast-global-color-4)","background-image":"","background-repeat":"repeat","background-position":"center center","background-size":"auto","background-attachment":"scroll","background-type":"","background-media":"","overlay-type":"","overlay-color":"","overlay-opacity":"","overlay-gradient":""},"tablet":{"background-color":"","background-image":"","background-repeat":"repeat","background-position":"center center","background-size":"auto","background-attachment":"scroll","background-type":"","background-media":"","overlay-type":"","overlay-color":"","overlay-opacity":"","overlay-gradient":""},"mobile":{"background-color":"","background-image":"","background-repeat":"repeat","background-position":"center center","background-size":"auto","background-attachment":"scroll","background-type":"","background-media":"","overlay-type":"","overlay-color":"","overlay-opacity":"","overlay-gradient":""}},"ast-content-background-meta":{"desktop":{"background-color":"var(--ast-global-color-5)","background-image":"","background-repeat":"repeat","background-position":"center center","background-size":"auto","background-attachment":"scroll","background-type":"","background-media":"","overlay-type":"","overlay-color":"","overlay-opacity":"","overlay-gradient":""},"tablet":{"background-color":"var(--ast-global-color-5)","background-image":"","background-repeat":"repeat","background-position":"center center","background-size":"auto","background-attachment":"scroll","background-type":"","background-media":"","overlay-type":"","overlay-color":"","overlay-opacity":"","overlay-gradient":""},"mobile":{"background-color":"var(--ast-global-color-5)","background-image":"","background-repeat":"repeat","background-position":"center center","background-size":"auto","background-attachment":"scroll","background-type":"","background-media":"","overlay-type":"","overlay-color":"","overlay-opacity":"","overlay-gradient":""}},"footnotes":""},"class_list":["post-11401","page","type-page","status-publish","hentry"],"post_mailing_queue_ids":[],"_links":{"self":[{"href":"https:\/\/serveiseducatius.xtec.cat\/cda-juneda\/wp-json\/wp\/v2\/pages\/11401","targetHints":{"allow":["GET"]}}],"collection":[{"href":"https:\/\/serveiseducatius.xtec.cat\/cda-juneda\/wp-json\/wp\/v2\/pages"}],"about":[{"href":"https:\/\/serveiseducatius.xtec.cat\/cda-juneda\/wp-json\/wp\/v2\/types\/page"}],"author":[{"embeddable":true,"href":"https:\/\/serveiseducatius.xtec.cat\/cda-juneda\/wp-json\/wp\/v2\/users\/1"}],"replies":[{"embeddable":true,"href":"https:\/\/serveiseducatius.xtec.cat\/cda-juneda\/wp-json\/wp\/v2\/comments?post=11401"}],"version-history":[{"count":1,"href":"https:\/\/serveiseducatius.xtec.cat\/cda-juneda\/wp-json\/wp\/v2\/pages\/11401\/revisions"}],"predecessor-version":[{"id":11402,"href":"https:\/\/serveiseducatius.xtec.cat\/cda-juneda\/wp-json\/wp\/v2\/pages\/11401\/revisions\/11402"}],"up":[{"embeddable":true,"href":"https:\/\/serveiseducatius.xtec.cat\/cda-juneda\/wp-json\/wp\/v2\/pages\/9457"}],"wp:attachment":[{"href":"https:\/\/serveiseducatius.xtec.cat\/cda-juneda\/wp-json\/wp\/v2\/media?parent=11401"}],"curies":[{"name":"wp","href":"https:\/\/api.w.org\/{rel}","templated":true}]}}