{"id":11395,"date":"2026-04-29T15:42:35","date_gmt":"2026-04-29T13:42:35","guid":{"rendered":"https:\/\/serveiseducatius.xtec.cat\/cda-juneda\/?page_id=11395"},"modified":"2026-04-29T17:33:44","modified_gmt":"2026-04-29T15:33:44","slug":"els-cda","status":"publish","type":"page","link":"https:\/\/serveiseducatius.xtec.cat\/cda-juneda\/el-camp-2\/els-cda\/","title":{"rendered":"Els Camps d&#8217;Aprenentatge"},"content":{"rendered":"<p><strong>Qu\u00e8 \u00e9s un camp d\u2019aprenentatge (CdA)?<\/strong><\/p>\n<p>Els <a href=\"https:\/\/www.youtube.com\/watch?v=_HUWNBpRi5w\" target=\"_blank\" rel=\"noopener\">camps d\u2019aprenentatge<\/a> (CdA) s\u00f3n <strong>serveis educatius de suport curricular i de car\u00e0cter interterritorial<\/strong> que treballen conjuntament amb els centres educatius. En un camp d&#8217;aprenentatge hi treballen\u00a0<strong>mestres i professorat <\/strong>d&#8217;Educaci\u00f3 Prim\u00e0ria i Secund\u00e0ria. El valor afegit dels camps d\u2019aprenentatge \u00e9s promoure l\u2019aprenentatge competencial de l&#8217;alumnat a partir d\u2019activitats did\u00e0ctiques en entorns naturals, socials i culturals singulars de Catalunya.<\/p>\n<p>Els camps i els entorns d\u2019aprenentatge (CdA \/EdA) ofereixen activitats did\u00e0ctiques innovadores que poden ser d&#8217;un dia (sortida) o de m\u00e9s d&#8217;un dia (estada). El nostre cas, al tenir com a eix de treball el m\u00f3n rural, l&#8217;estada \u00e9s l&#8217;\u00fanic format que inclou el treball de m\u00e9s d\u2019una de les seves activitats, i per tant, poden connectar-se entre elles, promovent la consolidaci\u00f3 dels aprenentatges i dels objectius marcats dins d\u2019un projecte o situaci\u00f3 d\u2019aprenentatge.<\/p>\n<p><iframe loading=\"lazy\" title=\"YouTube video player\" src=\"https:\/\/www.youtube.com\/embed\/_HUWNBpRi5w?si=6Qnh1kHaZ0S7GONJ\" width=\"560\" height=\"315\" frameborder=\"0\" data-mce-fragment=\"1\"><\/iframe><\/p>\n","protected":false},"excerpt":{"rendered":"<p>Qu\u00e8 \u00e9s un camp d\u2019aprenentatge (CdA)? Els camps d\u2019aprenentatge (CdA) s\u00f3n serveis educatius de suport curricular i de car\u00e0cter interterritorial que treballen conjuntament amb els centres educatius. En un camp d&#8217;aprenentatge hi treballen\u00a0mestres i professorat d&#8217;Educaci\u00f3 Prim\u00e0ria i Secund\u00e0ria. El valor afegit dels camps d\u2019aprenentatge \u00e9s promoure l\u2019aprenentatge competencial de l&#8217;alumnat a partir d\u2019activitats did\u00e0ctiques [&hellip;]<\/p>\n","protected":false},"author":1,"featured_media":0,"parent":9457,"menu_order":1,"comment_status":"closed","ping_status":"closed","template":"","meta":{"_bbp_topic_count":0,"_bbp_reply_count":0,"_bbp_total_topic_count":0,"_bbp_total_reply_count":0,"_bbp_voice_count":0,"_bbp_anonymous_reply_count":0,"_bbp_topic_count_hidden":0,"_bbp_reply_count_hidden":0,"_bbp_forum_subforum_count":0,"site-sidebar-layout":"default","site-content-layout":"","ast-site-content-layout":"default","site-content-style":"default","site-sidebar-style":"default","ast-global-header-display":"","ast-banner-title-visibility":"","ast-main-header-display":"","ast-hfb-above-header-display":"","ast-hfb-below-header-display":"","ast-hfb-mobile-header-display":"","site-post-title":"","ast-breadcrumbs-content":"","ast-featured-img":"","footer-sml-layout":"","theme-transparent-header-meta":"default","adv-header-id-meta":"","stick-header-meta":"","header-above-stick-meta":"","header-main-stick-meta":"","header-below-stick-meta":"","astra-migrate-meta-layouts":"set","ast-page-background-enabled":"default","ast-page-background-meta":{"desktop":{"background-color":"var(--ast-global-color-4)","background-image":"","background-repeat":"repeat","background-position":"center center","background-size":"auto","background-attachment":"scroll","background-type":"","background-media":"","overlay-type":"","overlay-color":"","overlay-opacity":"","overlay-gradient":""},"tablet":{"background-color":"","background-image":"","background-repeat":"repeat","background-position":"center center","background-size":"auto","background-attachment":"scroll","background-type":"","background-media":"","overlay-type":"","overlay-color":"","overlay-opacity":"","overlay-gradient":""},"mobile":{"background-color":"","background-image":"","background-repeat":"repeat","background-position":"center center","background-size":"auto","background-attachment":"scroll","background-type":"","background-media":"","overlay-type":"","overlay-color":"","overlay-opacity":"","overlay-gradient":""}},"ast-content-background-meta":{"desktop":{"background-color":"var(--ast-global-color-5)","background-image":"","background-repeat":"repeat","background-position":"center center","background-size":"auto","background-attachment":"scroll","background-type":"","background-media":"","overlay-type":"","overlay-color":"","overlay-opacity":"","overlay-gradient":""},"tablet":{"background-color":"var(--ast-global-color-5)","background-image":"","background-repeat":"repeat","background-position":"center center","background-size":"auto","background-attachment":"scroll","background-type":"","background-media":"","overlay-type":"","overlay-color":"","overlay-opacity":"","overlay-gradient":""},"mobile":{"background-color":"var(--ast-global-color-5)","background-image":"","background-repeat":"repeat","background-position":"center center","background-size":"auto","background-attachment":"scroll","background-type":"","background-media":"","overlay-type":"","overlay-color":"","overlay-opacity":"","overlay-gradient":""}},"footnotes":""},"class_list":["post-11395","page","type-page","status-publish","hentry"],"post_mailing_queue_ids":[],"_links":{"self":[{"href":"https:\/\/serveiseducatius.xtec.cat\/cda-juneda\/wp-json\/wp\/v2\/pages\/11395","targetHints":{"allow":["GET"]}}],"collection":[{"href":"https:\/\/serveiseducatius.xtec.cat\/cda-juneda\/wp-json\/wp\/v2\/pages"}],"about":[{"href":"https:\/\/serveiseducatius.xtec.cat\/cda-juneda\/wp-json\/wp\/v2\/types\/page"}],"author":[{"embeddable":true,"href":"https:\/\/serveiseducatius.xtec.cat\/cda-juneda\/wp-json\/wp\/v2\/users\/1"}],"replies":[{"embeddable":true,"href":"https:\/\/serveiseducatius.xtec.cat\/cda-juneda\/wp-json\/wp\/v2\/comments?post=11395"}],"version-history":[{"count":3,"href":"https:\/\/serveiseducatius.xtec.cat\/cda-juneda\/wp-json\/wp\/v2\/pages\/11395\/revisions"}],"predecessor-version":[{"id":11481,"href":"https:\/\/serveiseducatius.xtec.cat\/cda-juneda\/wp-json\/wp\/v2\/pages\/11395\/revisions\/11481"}],"up":[{"embeddable":true,"href":"https:\/\/serveiseducatius.xtec.cat\/cda-juneda\/wp-json\/wp\/v2\/pages\/9457"}],"wp:attachment":[{"href":"https:\/\/serveiseducatius.xtec.cat\/cda-juneda\/wp-json\/wp\/v2\/media?parent=11395"}],"curies":[{"name":"wp","href":"https:\/\/api.w.org\/{rel}","templated":true}]}}

<p><strong>Què és un camp d’aprenentatge (CdA)?</strong></p>
<p>Els <a href="https://www.youtube.com/watch?v=_HUWNBpRi5w" target="_blank" rel="noopener">camps d’aprenentatge</a> (CdA) són <strong>serveis educatius de suport curricular i de caràcter interterritorial</strong> que treballen conjuntament amb els centres educatius. En un camp d&#8217;aprenentatge hi treballen <strong>mestres i professorat </strong>d&#8217;Educació Primària i Secundària. El valor afegit dels camps d’aprenentatge és promoure l’aprenentatge competencial de l&#8217;alumnat a partir d’activitats didàctiques en entorns naturals, socials i culturals singulars de Catalunya.</p>
<p>Els camps i els entorns d’aprenentatge (CdA /EdA) ofereixen activitats didàctiques innovadores que poden ser d&#8217;un dia (sortida) o de més d&#8217;un dia (estada). El nostre cas, al tenir com a eix de treball el món rural, l&#8217;estada és l&#8217;únic format que inclou el treball de més d’una de les seves activitats, i per tant, poden connectar-se entre elles, promovent la consolidació dels aprenentatges i dels objectius marcats dins d’un projecte o situació d’aprenentatge.</p>
<p><iframe loading="lazy" title="YouTube video player" src="https://www.youtube.com/embed/_HUWNBpRi5w?si=6Qnh1kHaZ0S7GONJ" width="560" height="315" frameborder="0" data-mce-fragment="1"></iframe></p>

<p>Què és un camp d’aprenentatge (CdA)? Els camps d’aprenentatge (CdA) són serveis educatius de suport curricular i de caràcter interterritorial que treballen conjuntament amb els centres educatius. En un camp d&#8217;aprenentatge hi treballen mestres i professorat d&#8217;Educació Primària i Secundària. El valor afegit dels camps d’aprenentatge és promoure l’aprenentatge competencial de l&#8217;alumnat a partir d’activitats didàctiques [&hellip;]</p>
