{"id":10878,"date":"2025-09-16T15:21:48","date_gmt":"2025-09-16T13:21:48","guid":{"rendered":"https:\/\/serveiseducatius.xtec.cat\/cda-garrotxa\/?page_id=10878"},"modified":"2026-09-04T11:14:02","modified_gmt":"2026-09-04T09:14:02","slug":"recursos","status":"publish","type":"page","link":"https:\/\/serveiseducatius.xtec.cat\/cda-garrotxa\/recursos\/","title":{"rendered":"Tria i remena"},"content":{"rendered":"\n<p><\/p>\n\n\n\n<div class=\"wp-block-getwid-section alignfull alignfull getwid-section-content-custom-width\"><div class=\"wp-block-getwid-section__wrapper getwid-padding-left-medium getwid-padding-right-medium\"><div class=\"wp-block-getwid-section__inner-wrapper\" style=\"max-width:1140px\"><div class=\"wp-block-getwid-section__background-holder\"><div class=\"wp-block-getwid-section__background\"><\/div><div class=\"wp-block-getwid-section__foreground\"><\/div><\/div><div class=\"wp-block-getwid-section__content\"><div class=\"wp-block-getwid-section__inner-content\">\n<div class=\"wp-block-columns has-2-columns are-vertically-aligned-center is-layout-flex wp-container-core-columns-is-layout-1 wp-block-columns-is-layout-flex\">\n<div class=\"wp-block-column is-vertically-aligned-center is-layout-flow wp-block-column-is-layout-flow\">\n<div class=\"wp-block-getwid-advanced-heading\" style=\"margin-bottom:30px;margin-top:10px\"><h2 class=\"wp-block-getwid-advanced-heading__content\" style=\"text-align:center\">Els Volcans per dins i per fora<\/h2><\/div>\n\n\n\n<p>P\u00f2ster educatiu per con\u00e8ixer de manera esquem\u00e0tica i senzilla tots els detalls i secrets sobre els volcans.<\/p>\n\n\n\n<p>Les parts del volc\u00e0, l&#8217;origen dels volcans, els materials volc\u00e0nics, els tipus d&#8217;erupci\u00f3 o les caracter\u00edstiques dels principals volcans garrotxins. Tot aix\u00f2 i molt m\u00e9s en una sola l\u00e0mina!<\/p>\n<\/div>\n\n\n\n<div class=\"wp-block-column is-vertically-aligned-center is-layout-flow wp-block-column-is-layout-flow\">\n<figure class=\"wp-block-image size-full size-large\"><a href=\"https:\/\/drive.google.com\/file\/d\/1nuMAlLSFi7sJS5pOG4trs0JlBauf-uDu\/view?usp=sharing\"><img loading=\"lazy\" decoding=\"async\" width=\"645\" height=\"454\" src=\"https:\/\/serveiseducatius.xtec.cat\/cda-garrotxa\/wp-content\/uploads\/usu1382\/2026\/09\/Poster-cat.jpg\" alt=\"\" class=\"wp-image-11133\" srcset=\"https:\/\/serveiseducatius.xtec.cat\/cda-garrotxa\/wp-content\/uploads\/usu1382\/2026\/09\/Poster-cat.jpg 645w, https:\/\/serveiseducatius.xtec.cat\/cda-garrotxa\/wp-content\/uploads\/usu1382\/2026\/09\/Poster-cat-300x211.jpg 300w\" sizes=\"auto, (max-width: 645px) 100vw, 645px\" \/><\/a><\/figure>\n<\/div>\n<\/div>\n<\/div><\/div><\/div><\/div><\/div>\n\n\n\n<div class=\"wp-block-getwid-section alignfull alignfull getwid-section-content-custom-width\"><div class=\"wp-block-getwid-section__wrapper getwid-padding-left-medium getwid-padding-right-medium\"><div class=\"wp-block-getwid-section__inner-wrapper\" style=\"max-width:1140px\"><div class=\"wp-block-getwid-section__background-holder\"><div class=\"wp-block-getwid-section__background\"><\/div><div class=\"wp-block-getwid-section__foreground\"><\/div><\/div><div class=\"wp-block-getwid-section__content\"><div class=\"wp-block-getwid-section__inner-content\">\n<div class=\"wp-block-columns has-2-columns are-vertically-aligned-center is-layout-flex wp-container-core-columns-is-layout-2 wp-block-columns-is-layout-flex\">\n<div class=\"wp-block-column is-vertically-aligned-center is-layout-flow wp-block-column-is-layout-flow\">\n<figure class=\"wp-block-image aligncenter size-full is-resized has-custom-border size-large is-style-default\"><a href=\"https:\/\/www.3cat.cat\/3cat\/volcans-i-homes\/\"><img loading=\"lazy\" decoding=\"async\" width=\"311\" height=\"457\" src=\"https:\/\/serveiseducatius.xtec.cat\/cda-garrotxa\/wp-content\/uploads\/usu1382\/2026\/09\/Volcans-i-homes.jpg\" alt=\"\" class=\"wp-image-11130\" style=\"border-style:none;border-width:0px;width:310px;height:auto\" srcset=\"https:\/\/serveiseducatius.xtec.cat\/cda-garrotxa\/wp-content\/uploads\/usu1382\/2026\/09\/Volcans-i-homes.jpg 311w, https:\/\/serveiseducatius.xtec.cat\/cda-garrotxa\/wp-content\/uploads\/usu1382\/2026\/09\/Volcans-i-homes-204x300.jpg 204w\" sizes=\"auto, (max-width: 311px) 100vw, 311px\" \/><\/a><\/figure>\n<\/div>\n\n\n\n<div class=\"wp-block-column is-vertically-aligned-center is-layout-flow wp-block-column-is-layout-flow\">\n<div class=\"wp-block-getwid-section\"><div class=\"wp-block-getwid-section__wrapper getwid-padding-top-none getwid-padding-bottom-none getwid-padding-left-medium getwid-padding-right-none getwid-padding-mobile-left-none\"><div class=\"wp-block-getwid-section__inner-wrapper\"><div class=\"wp-block-getwid-section__background-holder\"><div class=\"wp-block-getwid-section__background\"><\/div><div class=\"wp-block-getwid-section__foreground\"><\/div><\/div><div class=\"wp-block-getwid-section__content\"><div class=\"wp-block-getwid-section__inner-content\">\n<div class=\"wp-block-getwid-advanced-heading\" style=\"margin-bottom:30px;margin-top:10px\"><h2 class=\"wp-block-getwid-advanced-heading__content\" style=\"text-align:center\">Volcans i homes<\/h2><\/div>\n\n\n\n<p>Un recorregut pels <strong>volcans actius m\u00e9s emblem\u00e0tics i espectaculars del planeta<\/strong> per explorar la singular i estreta relaci\u00f3 que s&#8217;estableix entre aquests &#8220;gegants de foc&#8221; i les comunitats humanes que han decidit viure a tocar d&#8217;ells.<\/p>\n\n\n\n<p>M\u00e9s enll\u00e0 de l&#8217;explicaci\u00f3 geol\u00f2gica i cient\u00edfica de l&#8217;activitat volc\u00e0nica, el fil conductor del documental \u00e9s <strong>l&#8217;aspecte hum\u00e0<\/strong>. Arnaud Gu\u00e9rin conviu amb els habitants d&#8217;aquestes <strong>zones de risc<\/strong> per comprendre el seu dia a dia, les seves tradicions populars, els mites religiosos que han nascut al voltant de les muntanyes i els motius econ\u00f2mics o sentimentals que els porten a conviure amb un perill constant.<\/p>\n\n\n\n<p>A trav\u00e9s d&#8217;aquestes hist\u00f2ries quotidianes, la s\u00e8rie mostra com els humans han apr\u00e8s a aprofitar la riquesa de les terres volc\u00e0niques i a respectar la for\u00e7a de la natura.<\/p>\n\n\n\n<div class=\"wp-block-button\"><a class=\"wp-block-button__link has-text-color has-background wp-element-button\" href=\"https:\/\/www.3cat.cat\/3cat\/volcans-i-homes\/\" style=\"color:#ffffff;background-color:#000000\">Tots els cap\u00edtols<\/a><\/div>\n<\/div><\/div><\/div><\/div><\/div>\n<\/div>\n<\/div>\n<\/div><\/div><\/div><\/div><\/div>\n\n\n\n<div style=\"height:35px\" aria-hidden=\"true\" class=\"wp-block-spacer\"><\/div>\n\n\n\n<div class=\"wp-block-getwid-section alignfull alignfull getwid-section-content-custom-width\"><div class=\"wp-block-getwid-section__wrapper getwid-padding-left-medium getwid-padding-right-medium\"><div class=\"wp-block-getwid-section__inner-wrapper\" style=\"max-width:1140px\"><div class=\"wp-block-getwid-section__background-holder\"><div class=\"wp-block-getwid-section__background\"><\/div><div class=\"wp-block-getwid-section__foreground\"><\/div><\/div><div class=\"wp-block-getwid-section__content\"><div class=\"wp-block-getwid-section__inner-content\">\n<div class=\"wp-block-columns has-2-columns are-vertically-aligned-center is-layout-flex wp-container-core-columns-is-layout-3 wp-block-columns-is-layout-flex\">\n<div class=\"wp-block-column is-vertically-aligned-center is-layout-flow wp-block-column-is-layout-flow\">\n<figure class=\"wp-block-image aligncenter size-full is-resized has-custom-border size-large is-style-default\"><a href=\"https:\/\/www.3cat.cat\/3cat\/viure-amb-els-volcans\/\"><img loading=\"lazy\" decoding=\"async\" width=\"250\" height=\"362\" src=\"https:\/\/serveiseducatius.xtec.cat\/cda-garrotxa\/wp-content\/uploads\/usu1382\/2026\/09\/Viure-amb-volcans.jpg\" alt=\"\" class=\"wp-image-11132\" style=\"border-style:none;border-width:0px;width:242px;height:auto\" srcset=\"https:\/\/serveiseducatius.xtec.cat\/cda-garrotxa\/wp-content\/uploads\/usu1382\/2026\/09\/Viure-amb-volcans.jpg 250w, https:\/\/serveiseducatius.xtec.cat\/cda-garrotxa\/wp-content\/uploads\/usu1382\/2026\/09\/Viure-amb-volcans-207x300.jpg 207w\" sizes=\"auto, (max-width: 250px) 100vw, 250px\" \/><\/a><\/figure>\n<\/div>\n\n\n\n<div class=\"wp-block-column is-vertically-aligned-center is-layout-flow wp-block-column-is-layout-flow\">\n<div class=\"wp-block-getwid-section\"><div class=\"wp-block-getwid-section__wrapper getwid-padding-top-none getwid-padding-bottom-none getwid-padding-left-medium getwid-padding-right-none getwid-padding-mobile-left-none\"><div class=\"wp-block-getwid-section__inner-wrapper\"><div class=\"wp-block-getwid-section__background-holder\"><div class=\"wp-block-getwid-section__background\"><\/div><div class=\"wp-block-getwid-section__foreground\"><\/div><\/div><div class=\"wp-block-getwid-section__content\"><div class=\"wp-block-getwid-section__inner-content\">\n<div class=\"wp-block-getwid-advanced-heading\" style=\"margin-bottom:30px;margin-top:10px\"><h2 class=\"wp-block-getwid-advanced-heading__content\" style=\"text-align:center\">Viure amb els volcans<\/h2><\/div>\n\n\n\n<p>Una s\u00e8rie documental que explora la <strong>relaci\u00f3 mil\u00b7len\u00e0ria, complexa i fascinant entre els \u00e9ssers humans i els volcans<\/strong>. A trav\u00e9s d&#8217;un viatge per diferents indrets del planeta, la producci\u00f3 mostra com aquests fen\u00f2mens de la naturalesa representen un cicle infinit de <strong>creaci\u00f3 i destrucci\u00f3, de vida i de mort<\/strong>.<\/p>\n\n\n\n<p>Tot i que hist\u00f2ricament els volcans s&#8217;associen a grans cat\u00e0strofes (com l&#8217;extinci\u00f3 dels dinosaures o la destrucci\u00f3 de la civilitzaci\u00f3 minoica a Santorini), el documental posa el focus en el fet que <strong>actualment m\u00e9s de 600 milions de persones viuen a prop d&#8217;un volc\u00e0 actiu<\/strong>.<\/p>\n\n\n\n<div class=\"wp-block-button\"><a class=\"wp-block-button__link has-text-color has-background wp-element-button\" href=\"https:\/\/www.3cat.cat\/3cat\/viure-amb-els-volcans\/\" style=\"color:#ffffff;background-color:#000000\">Tots els cap\u00edtols<\/a><\/div>\n<\/div><\/div><\/div><\/div><\/div>\n<\/div>\n<\/div>\n<\/div><\/div><\/div><\/div><\/div>\n\n\n\n<p><\/p>\n","protected":false},"excerpt":{"rendered":"","protected":false},"author":1,"featured_media":0,"parent":0,"menu_order":0,"comment_status":"closed","ping_status":"close","template":"","meta":{"_bbp_topic_count":0,"_bbp_reply_count":0,"_bbp_total_topic_count":0,"_bbp_total_reply_count":0,"_bbp_voice_count":0,"_bbp_anonymous_reply_count":0,"_bbp_topic_count_hidden":0,"_bbp_reply_count_hidden":0,"_bbp_forum_subforum_count":0,"site-sidebar-layout":"default","site-content-layout":"","ast-site-content-layout":"default","site-content-style":"default","site-sidebar-style":"default","ast-global-header-display":"","ast-banner-title-visibility":"","ast-main-header-display":"","ast-hfb-above-header-display":"","ast-hfb-below-header-display":"","ast-hfb-mobile-header-display":"","site-post-title":"","ast-breadcrumbs-content":"","ast-featured-img":"","footer-sml-layout":"","theme-transparent-header-meta":"","adv-header-id-meta":"","stick-header-meta":"","header-above-stick-meta":"","header-main-stick-meta":"","header-below-stick-meta":"","astra-migrate-meta-layouts":"set","ast-page-background-enabled":"default","ast-page-background-meta":{"desktop":{"background-color":"var(--ast-global-color-4)","background-image":"","background-repeat":"repeat","background-position":"center center","background-size":"auto","background-attachment":"scroll","background-type":"","background-media":"","overlay-type":"","overlay-color":"","overlay-opacity":"","overlay-gradient":""},"tablet":{"background-color":"","background-image":"","background-repeat":"repeat","background-position":"center center","background-size":"auto","background-attachment":"scroll","background-type":"","background-media":"","overlay-type":"","overlay-color":"","overlay-opacity":"","overlay-gradient":""},"mobile":{"background-color":"","background-image":"","background-repeat":"repeat","background-position":"center center","background-size":"auto","background-attachment":"scroll","background-type":"","background-media":"","overlay-type":"","overlay-color":"","overlay-opacity":"","overlay-gradient":""}},"ast-content-background-meta":{"desktop":{"background-color":"var(--ast-global-color-5)","background-image":"","background-repeat":"repeat","background-position":"center center","background-size":"auto","background-attachment":"scroll","background-type":"","background-media":"","overlay-type":"","overlay-color":"","overlay-opacity":"","overlay-gradient":""},"tablet":{"background-color":"var(--ast-global-color-5)","background-image":"","background-repeat":"repeat","background-position":"center center","background-size":"auto","background-attachment":"scroll","background-type":"","background-media":"","overlay-type":"","overlay-color":"","overlay-opacity":"","overlay-gradient":""},"mobile":{"background-color":"var(--ast-global-color-5)","background-image":"","background-repeat":"repeat","background-position":"center center","background-size":"auto","background-attachment":"scroll","background-type":"","background-media":"","overlay-type":"","overlay-color":"","overlay-opacity":"","overlay-gradient":""}},"footnotes":""},"class_list":["post-10878","page","type-page","status-publish","hentry"],"post_mailing_queue_ids":[],"_links":{"self":[{"href":"https:\/\/serveiseducatius.xtec.cat\/cda-garrotxa\/wp-json\/wp\/v2\/pages\/10878","targetHints":{"allow":["GET"]}}],"collection":[{"href":"https:\/\/serveiseducatius.xtec.cat\/cda-garrotxa\/wp-json\/wp\/v2\/pages"}],"about":[{"href":"https:\/\/serveiseducatius.xtec.cat\/cda-garrotxa\/wp-json\/wp\/v2\/types\/page"}],"author":[{"embeddable":true,"href":"https:\/\/serveiseducatius.xtec.cat\/cda-garrotxa\/wp-json\/wp\/v2\/users\/1"}],"replies":[{"embeddable":true,"href":"https:\/\/serveiseducatius.xtec.cat\/cda-garrotxa\/wp-json\/wp\/v2\/comments?post=10878"}],"version-history":[{"count":3,"href":"https:\/\/serveiseducatius.xtec.cat\/cda-garrotxa\/wp-json\/wp\/v2\/pages\/10878\/revisions"}],"predecessor-version":[{"id":11134,"href":"https:\/\/serveiseducatius.xtec.cat\/cda-garrotxa\/wp-json\/wp\/v2\/pages\/10878\/revisions\/11134"}],"wp:attachment":[{"href":"https:\/\/serveiseducatius.xtec.cat\/cda-garrotxa\/wp-json\/wp\/v2\/media?parent=10878"}],"curies":[{"name":"wp","href":"https:\/\/api.w.org\/{rel}","templated":true}]}}

<p></p>



<div class="wp-block-getwid-section alignfull alignfull getwid-section-content-custom-width"><div class="wp-block-getwid-section__wrapper getwid-padding-left-medium getwid-padding-right-medium"><div class="wp-block-getwid-section__inner-wrapper" style="max-width:1140px"><div class="wp-block-getwid-section__background-holder"><div class="wp-block-getwid-section__background"></div><div class="wp-block-getwid-section__foreground"></div></div><div class="wp-block-getwid-section__content"><div class="wp-block-getwid-section__inner-content">
<div class="wp-block-columns has-2-columns are-vertically-aligned-center is-layout-flex wp-container-core-columns-is-layout-1 wp-block-columns-is-layout-flex">
<div class="wp-block-column is-vertically-aligned-center is-layout-flow wp-block-column-is-layout-flow">
<div class="wp-block-getwid-advanced-heading" style="margin-bottom:30px;margin-top:10px"><h2 class="wp-block-getwid-advanced-heading__content" style="text-align:center">Els Volcans per dins i per fora</h2></div>



<p>Pòster educatiu per conèixer de manera esquemàtica i senzilla tots els detalls i secrets sobre els volcans.</p>



<p>Les parts del volcà, l&#8217;origen dels volcans, els materials volcànics, els tipus d&#8217;erupció o les característiques dels principals volcans garrotxins. Tot això i molt més en una sola làmina!</p>
</div>



<div class="wp-block-column is-vertically-aligned-center is-layout-flow wp-block-column-is-layout-flow">
<figure class="wp-block-image size-full size-large"><a href="https://drive.google.com/file/d/1nuMAlLSFi7sJS5pOG4trs0JlBauf-uDu/view?usp=sharing"><img loading="lazy" decoding="async" width="645" height="454" src="https://serveiseducatius.xtec.cat/cda-garrotxa/wp-content/uploads/usu1382/2026/09/Poster-cat.jpg" alt="" class="wp-image-11133" srcset="https://serveiseducatius.xtec.cat/cda-garrotxa/wp-content/uploads/usu1382/2026/09/Poster-cat.jpg 645w, https://serveiseducatius.xtec.cat/cda-garrotxa/wp-content/uploads/usu1382/2026/09/Poster-cat-300x211.jpg 300w" sizes="auto, (max-width: 645px) 100vw, 645px" /></a></figure>
</div>
</div>
</div></div></div></div></div>



<div class="wp-block-getwid-section alignfull alignfull getwid-section-content-custom-width"><div class="wp-block-getwid-section__wrapper getwid-padding-left-medium getwid-padding-right-medium"><div class="wp-block-getwid-section__inner-wrapper" style="max-width:1140px"><div class="wp-block-getwid-section__background-holder"><div class="wp-block-getwid-section__background"></div><div class="wp-block-getwid-section__foreground"></div></div><div class="wp-block-getwid-section__content"><div class="wp-block-getwid-section__inner-content">
<div class="wp-block-columns has-2-columns are-vertically-aligned-center is-layout-flex wp-container-core-columns-is-layout-2 wp-block-columns-is-layout-flex">
<div class="wp-block-column is-vertically-aligned-center is-layout-flow wp-block-column-is-layout-flow">
<figure class="wp-block-image aligncenter size-full is-resized has-custom-border size-large is-style-default"><a href="https://www.3cat.cat/3cat/volcans-i-homes/"><img loading="lazy" decoding="async" width="311" height="457" src="https://serveiseducatius.xtec.cat/cda-garrotxa/wp-content/uploads/usu1382/2026/09/Volcans-i-homes.jpg" alt="" class="wp-image-11130" style="border-style:none;border-width:0px;width:310px;height:auto" srcset="https://serveiseducatius.xtec.cat/cda-garrotxa/wp-content/uploads/usu1382/2026/09/Volcans-i-homes.jpg 311w, https://serveiseducatius.xtec.cat/cda-garrotxa/wp-content/uploads/usu1382/2026/09/Volcans-i-homes-204x300.jpg 204w" sizes="auto, (max-width: 311px) 100vw, 311px" /></a></figure>
</div>



<div class="wp-block-column is-vertically-aligned-center is-layout-flow wp-block-column-is-layout-flow">
<div class="wp-block-getwid-section"><div class="wp-block-getwid-section__wrapper getwid-padding-top-none getwid-padding-bottom-none getwid-padding-left-medium getwid-padding-right-none getwid-padding-mobile-left-none"><div class="wp-block-getwid-section__inner-wrapper"><div class="wp-block-getwid-section__background-holder"><div class="wp-block-getwid-section__background"></div><div class="wp-block-getwid-section__foreground"></div></div><div class="wp-block-getwid-section__content"><div class="wp-block-getwid-section__inner-content">
<div class="wp-block-getwid-advanced-heading" style="margin-bottom:30px;margin-top:10px"><h2 class="wp-block-getwid-advanced-heading__content" style="text-align:center">Volcans i homes</h2></div>



<p>Un recorregut pels <strong>volcans actius més emblemàtics i espectaculars del planeta</strong> per explorar la singular i estreta relació que s&#8217;estableix entre aquests &#8220;gegants de foc&#8221; i les comunitats humanes que han decidit viure a tocar d&#8217;ells.</p>



<p>Més enllà de l&#8217;explicació geològica i científica de l&#8217;activitat volcànica, el fil conductor del documental és <strong>l&#8217;aspecte humà</strong>. Arnaud Guérin conviu amb els habitants d&#8217;aquestes <strong>zones de risc</strong> per comprendre el seu dia a dia, les seves tradicions populars, els mites religiosos que han nascut al voltant de les muntanyes i els motius econòmics o sentimentals que els porten a conviure amb un perill constant.</p>



<p>A través d&#8217;aquestes històries quotidianes, la sèrie mostra com els humans han après a aprofitar la riquesa de les terres volcàniques i a respectar la força de la natura.</p>



<div class="wp-block-button"><a class="wp-block-button__link has-text-color has-background wp-element-button" href="https://www.3cat.cat/3cat/volcans-i-homes/" style="color:#ffffff;background-color:#000000">Tots els capítols</a></div>
</div></div></div></div></div>
</div>
</div>
</div></div></div></div></div>



<div style="height:35px" aria-hidden="true" class="wp-block-spacer"></div>



<div class="wp-block-getwid-section alignfull alignfull getwid-section-content-custom-width"><div class="wp-block-getwid-section__wrapper getwid-padding-left-medium getwid-padding-right-medium"><div class="wp-block-getwid-section__inner-wrapper" style="max-width:1140px"><div class="wp-block-getwid-section__background-holder"><div class="wp-block-getwid-section__background"></div><div class="wp-block-getwid-section__foreground"></div></div><div class="wp-block-getwid-section__content"><div class="wp-block-getwid-section__inner-content">
<div class="wp-block-columns has-2-columns are-vertically-aligned-center is-layout-flex wp-container-core-columns-is-layout-3 wp-block-columns-is-layout-flex">
<div class="wp-block-column is-vertically-aligned-center is-layout-flow wp-block-column-is-layout-flow">
<figure class="wp-block-image aligncenter size-full is-resized has-custom-border size-large is-style-default"><a href="https://www.3cat.cat/3cat/viure-amb-els-volcans/"><img loading="lazy" decoding="async" width="250" height="362" src="https://serveiseducatius.xtec.cat/cda-garrotxa/wp-content/uploads/usu1382/2026/09/Viure-amb-volcans.jpg" alt="" class="wp-image-11132" style="border-style:none;border-width:0px;width:242px;height:auto" srcset="https://serveiseducatius.xtec.cat/cda-garrotxa/wp-content/uploads/usu1382/2026/09/Viure-amb-volcans.jpg 250w, https://serveiseducatius.xtec.cat/cda-garrotxa/wp-content/uploads/usu1382/2026/09/Viure-amb-volcans-207x300.jpg 207w" sizes="auto, (max-width: 250px) 100vw, 250px" /></a></figure>
</div>



<div class="wp-block-column is-vertically-aligned-center is-layout-flow wp-block-column-is-layout-flow">
<div class="wp-block-getwid-section"><div class="wp-block-getwid-section__wrapper getwid-padding-top-none getwid-padding-bottom-none getwid-padding-left-medium getwid-padding-right-none getwid-padding-mobile-left-none"><div class="wp-block-getwid-section__inner-wrapper"><div class="wp-block-getwid-section__background-holder"><div class="wp-block-getwid-section__background"></div><div class="wp-block-getwid-section__foreground"></div></div><div class="wp-block-getwid-section__content"><div class="wp-block-getwid-section__inner-content">
<div class="wp-block-getwid-advanced-heading" style="margin-bottom:30px;margin-top:10px"><h2 class="wp-block-getwid-advanced-heading__content" style="text-align:center">Viure amb els volcans</h2></div>



<p>Una sèrie documental que explora la <strong>relació mil·lenària, complexa i fascinant entre els éssers humans i els volcans</strong>. A través d&#8217;un viatge per diferents indrets del planeta, la producció mostra com aquests fenòmens de la naturalesa representen un cicle infinit de <strong>creació i destrucció, de vida i de mort</strong>.</p>



<p>Tot i que històricament els volcans s&#8217;associen a grans catàstrofes (com l&#8217;extinció dels dinosaures o la destrucció de la civilització minoica a Santorini), el documental posa el focus en el fet que <strong>actualment més de 600 milions de persones viuen a prop d&#8217;un volcà actiu</strong>.</p>



<div class="wp-block-button"><a class="wp-block-button__link has-text-color has-background wp-element-button" href="https://www.3cat.cat/3cat/viure-amb-els-volcans/" style="color:#ffffff;background-color:#000000">Tots els capítols</a></div>
</div></div></div></div></div>
</div>
</div>
</div></div></div></div></div>



<p></p>
