{"id":11938,"date":"2025-05-16T13:51:59","date_gmt":"2025-05-16T11:51:59","guid":{"rendered":"https:\/\/serveiseducatius.xtec.cat\/cda-flix\/?page_id=11938"},"modified":"2025-05-16T13:58:48","modified_gmt":"2025-05-16T11:58:48","slug":"sortides-secundaria-nou","status":"publish","type":"page","link":"https:\/\/serveiseducatius.xtec.cat\/cda-flix\/modalitats\/sortides-secundaria-nou\/","title":{"rendered":"Sortides Secund\u00e0ria"},"content":{"rendered":"\n<p><mark style=\"background-color:rgba(0, 0, 0, 0)\" class=\"has-inline-color has-ast-global-color-1-color\"><strong>Les sortides de Secund\u00e0ria<\/strong>, <strong>generalment es duen a terme amb centres educatius propers<\/strong><\/mark> (centres ubicats a una hora de Flix): d\u2019una banda a ra\u00f3 de l\u2019horari intensiu dels centres, i la demanda d\u2019aquests de retornar al centre dins l\u2019horari, i de l\u2019altra, a ra\u00f3 de la dist\u00e0ncia fins al Cda de Flix. <strong><mark style=\"background-color:rgba(0, 0, 0, 0)\" class=\"has-inline-color has-ast-global-color-1-color\">No obstant aix\u00f2, s\u2019analitza cada cas concret<\/mark><\/strong> per mirar la viabilitat i l\u2019encaix dins a les possibilitats i experi\u00e8ncia del propi equip educatiu del Cda de Flix.<\/p>\n\n\n\n<div class=\"wp-block-getwid-tabs\" data-active-tab=\"0\"><ul class=\"wp-block-getwid-tabs__nav-links\"><\/ul>\n<div class=\"wp-block-getwid-tabs__nav-link\"><h6 class=\"wp-block-getwid-tabs__title-wrapper\"><a href=\"#\"><span class=\"wp-block-getwid-tabs__title\"><strong><mark style=\"background-color:rgba(0, 0, 0, 0)\" class=\"has-inline-color has-ast-global-color-1-color\">La sortida<\/mark><\/strong><\/span><\/a><\/h6><\/div><div class=\"wp-block-getwid-tabs__tab-content-wrapper\"><div class=\"wp-block-getwid-tabs__tab-content\">\n<h2 class=\"wp-block-heading has-medium-font-size\"><strong><mark style=\"background-color:rgba(0, 0, 0, 0)\" class=\"has-inline-color has-ast-global-color-1-color\">Caracter\u00edstiques de la sortida<\/mark><\/strong><\/h2>\n\n\n\n<ul class=\"wp-block-list\">\n<li style=\"font-size:15px\"><mark style=\"background-color:rgba(0, 0, 0, 0);color:#ba2dfd\" class=\"has-inline-color\"><strong>Les sortides s\u00f3n activitats d&#8217;un dia<\/strong>.<\/mark> Aquesta est\u00e0 focalitzada en un dels tres \u00e0mbits del CdA, i \u00e9s consensuada amb el nostre equip educatiu. Us assessorarem enfront als possibles dubtes que tingueu i us realitzarem la proposta de cronograma m\u00e9s coherent, atenen el m\u00e0xim possible la sol\u00b7licitud, tenint en compte la viabilitat de la demanda realitzada i l&#8217;experi\u00e8ncia del propi equip.<\/li>\n\n\n\n<li style=\"font-size:15px\">Es poden atendre <mark style=\"background-color:rgba(0, 0, 0, 0)\" class=\"has-inline-color has-ast-global-color-0-color\"><strong>2 grups en un mateix dia de sortida de 25 alumnes, per tant, un m\u00e0xim de 50 alumnes per dia<\/strong>.<\/mark> En el cas de ser un grup m\u00e9s nombr\u00f3s, es pot estudiar cada cas amb l&#8217;equip educatiu i aix\u00ed, <strong>ubicar un dia consecutiu m\u00e9s en el calendari (segons les possibilitats).<\/strong><\/li>\n\n\n\n<li style=\"font-size:15px\">Les activitats es realitzen entre les <strong><mark style=\"background-color:rgba(0, 0, 0, 0);color:#3366ff\" class=\"has-inline-color\">9:00<\/mark>\u00a0<\/strong>i les<strong> <mark style=\"background-color:rgba(0, 0, 0, 0);color:#3366ff\" class=\"has-inline-color\">15:00<\/mark>\u00a0<\/strong>h aproximadament, adaptant-se a cada cas concret.<\/li>\n\n\n\n<li style=\"font-size:15px\">El <strong><mark style=\"background-color:rgba(0, 0, 0, 0);color:#00b36f\" class=\"has-inline-color\">cost<\/mark><\/strong> \u00e9s de <mark style=\"background-color:rgba(0, 0, 0, 0);color:#00b36f\" class=\"has-inline-color\"><strong>3<\/strong>&nbsp;<strong>\u20ac<\/strong><\/mark> per alumne (\u00e9s igual a tots els camps d&#8217;aprenentatge), i en el qual podeu gaudir d&#8217;exempcions i\/o bonificacions en aquesta tarifa, segons estableix l&#8217;<a href=\"https:\/\/dogc.gencat.cat\/ca\/pdogc_canals_interns\/pdogc_resultats_fitxa\/?action=fitxa&amp;documentId=743883&amp;language=ca_ES\" target=\"_blank\" rel=\"noreferrer noopener\">ORDRE\/ENS\/163\/2016<\/a> (com per exemple alumnes de fam\u00edlies monoparentals, nombroses\u2026). <\/li>\n\n\n\n<li style=\"font-size:15px\">El <strong><mark style=\"background-color:rgba(0, 0, 0, 0);color:#ff9900\" class=\"has-inline-color\">centre educatiu \u00e9s el responsable<\/mark><\/strong> del despla\u00e7ament d&#8217;anada i tornada al Camp d&#8217;aprenentatge.<\/li>\n\n\n\n<li style=\"font-size:15px\"><mark style=\"background-color:rgba(0, 0, 0, 0);color:#cc0000\" class=\"has-inline-color\"><strong>Cal fer una lectura<\/strong>&nbsp;<strong>compartida<\/strong><\/mark> amb l&#8217;equip docent que assistir\u00e0 a l&#8217;estada del <strong>document<a href=\"http:\/\/xtec.gencat.cat\/web\/.content\/serveis\/cda\/inscripcio\/documents\/Revisio-Responsabilitats_centre_cda-eda-juliol-2020.pdf\" target=\"_blank\" rel=\"noreferrer noopener\"> <mark style=\"background-color:rgba(0, 0, 0, 0);color:#0000ff\" class=\"has-inline-color\">(clicar aqu\u00ed)<\/mark><\/a><\/strong>&nbsp;<strong><em>Responsabilitats del centre, del seu professorat, dels alumnes i dels professionals dels Cda\/Eda<\/em><\/strong>.<\/li>\n<\/ul>\n<\/div><\/div>\n\n\n\n<div class=\"wp-block-getwid-tabs__nav-link\"><h6 class=\"wp-block-getwid-tabs__title-wrapper\"><a href=\"#\"><span class=\"wp-block-getwid-tabs__title\"><strong><mark style=\"background-color:rgba(0, 0, 0, 0)\" class=\"has-inline-color has-ast-global-color-1-color\">Tem\u00e0tiques<\/mark><\/strong><\/span><\/a><\/h6><\/div><div class=\"wp-block-getwid-tabs__tab-content-wrapper\"><div class=\"wp-block-getwid-tabs__tab-content\">\n<h2 class=\"wp-block-heading has-medium-font-size\"><strong><mark style=\"background-color:rgba(0, 0, 0, 0)\" class=\"has-inline-color has-ast-global-color-1-color\">Tem\u00e0tiques<\/mark><\/strong><\/h2>\n\n\n\n<ul class=\"wp-block-list\">\n<li style=\"font-size:15px\"><mark style=\"background-color:rgba(0, 0, 0, 0);color:#ff6600\" class=\"has-inline-color\"><strong>La sortida a ra\u00f3 de l&#8217;horari als centres d<\/strong>&#8216;<strong>educaci\u00f3 Secund\u00e0ria compta amb una \u00fanica pr\u00e0ctica d&#8217;aprenentatge.<\/strong> <\/mark>La informaci\u00f3 de la sol\u00b7licitud d&#8217;inscripci\u00f3 es t\u00e9 molt en compte a l&#8217;hora del disseny de la proposta de cronograma que des del Cda es realitza, i si cal i \u00e9s viable, despr\u00e9s s&#8217;adequa buscant el major consens possible entre cda-centre educatiu, per tal de donar la millor resposta possible a les necessitats que presenta cada situaci\u00f3 concreta.<\/li>\n\n\n\n<li style=\"font-size:15px\"><strong><mark style=\"background-color:rgba(0, 0, 0, 0);color:#ff9900\" class=\"has-inline-color\">\u00c9s molt important observar l&#8217;apartat TEM\u00c0TIQUES<\/mark><\/strong>. All\u00ed apareix una sortida de ESO per a cada una de les tres tem\u00e0tiques educatives del Cda de Flix. Tot i tenir el mateix t\u00edtol, es t\u00e9 en compte el nivell educatiu de l&#8217;alumnat d&#8217;ESO amb el qual s&#8217;ha fet la sol\u00b7licitud a l&#8217;hora de definir els par\u00e0metres de la pr\u00f2pia experi\u00e8ncia educativa.\n<ul class=\"wp-block-list\">\n<li><a href=\"https:\/\/serveiseducatius.xtec.cat\/cda-flix\/ambits\/entorn-natural-flora\/\" target=\"_blank\" rel=\"noreferrer noopener\"><strong><mark style=\"background-color:rgba(0, 0, 0, 0);color:#039638\" class=\"has-inline-color\">SORTIDA ESO A LA RESERVA NATURAL DE SEBES &#8211; ELS BOSCOS DE RIU I ELS SERVEIS ECOSIST\u00c8MICS<\/mark><\/strong><\/a><\/li>\n\n\n\n<li><a href=\"https:\/\/serveiseducatius.xtec.cat\/cda-flix\/ambits\/entorn-historic\/\" target=\"_blank\" rel=\"noreferrer noopener\"><strong><mark style=\"background-color:rgba(0, 0, 0, 0);color:#5f6a01\" class=\"has-inline-color\">SORTIDA ESO LA BATALLA DE L\u2019EBRE<\/mark><\/strong><\/a><\/li>\n\n\n\n<li><a href=\"https:\/\/serveiseducatius.xtec.cat\/cda-flix\/ambits\/entorn-energetic\/\" target=\"_blank\" rel=\"noreferrer noopener\"><strong><mark style=\"background-color:rgba(0, 0, 0, 0);color:#870012\" class=\"has-inline-color\">SORTIDA ESO CENTRAL NUCLEAR D\u2019ASC\u00d3<\/mark><\/strong><\/a><\/li>\n<\/ul>\n<\/li>\n<\/ul>\n<\/div><\/div>\n\n\n\n<div class=\"wp-block-getwid-tabs__nav-link\"><h6 class=\"wp-block-getwid-tabs__title-wrapper\"><a href=\"#\"><span class=\"wp-block-getwid-tabs__title\"><strong><mark style=\"background-color:rgba(0, 0, 0, 0)\" class=\"has-inline-color has-ast-global-color-1-color\">Espais<\/mark><\/strong><\/span><\/a><\/h6><\/div><div class=\"wp-block-getwid-tabs__tab-content-wrapper\"><div class=\"wp-block-getwid-tabs__tab-content\">\n<h2 class=\"wp-block-heading has-medium-font-size\"><strong><mark style=\"background-color:rgba(0, 0, 0, 0)\" class=\"has-inline-color has-ast-global-color-1-color\">Espais<\/mark><\/strong><\/h2>\n\n\n\n<ul class=\"wp-block-list\">\n<li style=\"font-size:15px\"><strong><mark style=\"background-color:rgba(0, 0, 0, 0);color:#08b6fa\" class=\"has-inline-color\">Majorit\u00e0riament les sortides d&#8217;aquests nivells educatius<\/mark><\/strong> es duen a terme al <em>Centre d\u2019Informaci\u00f3 de l\u2019Energia de la Central Nuclear d\u2019Asc\u00f3<\/em>, a ra\u00f3 de la singularitat que ofereix aquest espai divulgatiu, tanmateix en els <em>espais de la Batalla de l&#8217;Ebre<\/em> del municipi, a ra\u00f3 de la rellev\u00e0ncia de la poblaci\u00f3 de Flix en el s\u00ed del conflicte. Ifinalment a<em> l&#8217;espai natural de la Reserva Natural de Sebes<\/em>, tot i que a causa de les seves dimensions, a ra\u00f3 de la limitaci\u00f3 del temps que ofereix una sortida sol al mat\u00ed, malauradament sol es pot realitzar un recorregut parcial que no sol reflectir tot el potencial en clau educativa que s&#8217;hi alberga (i que amb una estada s\u00ed que es pot descobrir, ja que es comen\u00e7a aviat i \u00e9s t\u00e9 m\u00e9s temps per endinsar-se per l&#8217;espai).<\/li>\n<\/ul>\n<\/div><\/div>\n\n\n\n<div class=\"wp-block-getwid-tabs__nav-link\"><h6 class=\"wp-block-getwid-tabs__title-wrapper\"><a href=\"#\"><span class=\"wp-block-getwid-tabs__title\"><strong><mark style=\"background-color:rgba(0, 0, 0, 0)\" class=\"has-inline-color has-ast-global-color-1-color\">Explora!<\/mark><\/strong><\/span><\/a><\/h6><\/div><div class=\"wp-block-getwid-tabs__tab-content-wrapper\"><div class=\"wp-block-getwid-tabs__tab-content\">\n<h2 class=\"wp-block-heading has-medium-font-size\"><strong><mark style=\"background-color:rgba(0, 0, 0, 0)\" class=\"has-inline-color has-ast-global-color-1-color\">Explora!<\/mark><\/strong><\/h2>\n\n\n\n<ul class=\"wp-block-list\">\n<li style=\"font-size:15px\"><mark style=\"background-color:rgba(0, 0, 0, 0);color:#ba2dfd\" class=\"has-inline-color\"><strong>Abans de la vostra arribada, us facilitarem acc\u00e9s a alguna activitat virtual d\u2019aprenentatge<\/strong> <strong>pr\u00e8via<\/strong><\/mark> del nostre espai <strong>EXPLORA!<\/strong>, aix\u00ed d\u2019aquesta manera ajudar-vos a presentar i\/o anticipar conceptes que complementaran les activitats de la vostra sortida. <strong>\u00c9s necessari que la realitzeu<\/strong>. Per a m\u00e9s informaci\u00f3, <em><a href=\"https:\/\/serveiseducatius.xtec.cat\/cda-flix\/explora\/que-es-lespai-explora\/\" data-type=\"page\" data-id=\"10269\">us emplacem a visitar l&#8217;apartat titulat EXPLORA!<\/a><\/em><\/li>\n<\/ul>\n<\/div><\/div>\n<\/div>\n","protected":false},"excerpt":{"rendered":"<p>Les sortides de Secund\u00e0ria, generalment es duen a terme amb centres educatius propers (centres ubicats a una hora de Flix): d\u2019una banda a ra\u00f3 de l\u2019horari intensiu dels centres, i la demanda d\u2019aquests de retornar al centre dins l\u2019horari, i de l\u2019altra, a ra\u00f3 de la dist\u00e0ncia fins al Cda de Flix. No obstant aix\u00f2, [&hellip;]<\/p>\n","protected":false},"author":1,"featured_media":0,"parent":8260,"menu_order":4,"comment_status":"closed","ping_status":"closed","template":"","meta":{"_bbp_topic_count":0,"_bbp_reply_count":0,"_bbp_total_topic_count":0,"_bbp_total_reply_count":0,"_bbp_voice_count":0,"_bbp_anonymous_reply_count":0,"_bbp_topic_count_hidden":0,"_bbp_reply_count_hidden":0,"_bbp_forum_subforum_count":0,"site-sidebar-layout":"default","site-content-layout":"","ast-site-content-layout":"default","site-content-style":"default","site-sidebar-style":"default","ast-global-header-display":"","ast-banner-title-visibility":"","ast-main-header-display":"","ast-hfb-above-header-display":"","ast-hfb-below-header-display":"","ast-hfb-mobile-header-display":"","site-post-title":"","ast-breadcrumbs-content":"","ast-featured-img":"","footer-sml-layout":"","theme-transparent-header-meta":"","adv-header-id-meta":"","stick-header-meta":"","header-above-stick-meta":"","header-main-stick-meta":"","header-below-stick-meta":"","astra-migrate-meta-layouts":"set","ast-page-background-enabled":"default","ast-page-background-meta":{"desktop":{"background-color":"var(--ast-global-color-4)","background-image":"","background-repeat":"repeat","background-position":"center center","background-size":"auto","background-attachment":"scroll","background-type":"","background-media":"","overlay-type":"","overlay-color":"","overlay-opacity":"","overlay-gradient":""},"tablet":{"background-color":"","background-image":"","background-repeat":"repeat","background-position":"center center","background-size":"auto","background-attachment":"scroll","background-type":"","background-media":"","overlay-type":"","overlay-color":"","overlay-opacity":"","overlay-gradient":""},"mobile":{"background-color":"","background-image":"","background-repeat":"repeat","background-position":"center center","background-size":"auto","background-attachment":"scroll","background-type":"","background-media":"","overlay-type":"","overlay-color":"","overlay-opacity":"","overlay-gradient":""}},"ast-content-background-meta":{"desktop":{"background-color":"var(--ast-global-color-5)","background-image":"","background-repeat":"repeat","background-position":"center center","background-size":"auto","background-attachment":"scroll","background-type":"","background-media":"","overlay-type":"","overlay-color":"","overlay-opacity":"","overlay-gradient":""},"tablet":{"background-color":"var(--ast-global-color-5)","background-image":"","background-repeat":"repeat","background-position":"center center","background-size":"auto","background-attachment":"scroll","background-type":"","background-media":"","overlay-type":"","overlay-color":"","overlay-opacity":"","overlay-gradient":""},"mobile":{"background-color":"var(--ast-global-color-5)","background-image":"","background-repeat":"repeat","background-position":"center center","background-size":"auto","background-attachment":"scroll","background-type":"","background-media":"","overlay-type":"","overlay-color":"","overlay-opacity":"","overlay-gradient":""}},"footnotes":""},"class_list":["post-11938","page","type-page","status-publish","hentry"],"post_mailing_queue_ids":[],"_links":{"self":[{"href":"https:\/\/serveiseducatius.xtec.cat\/cda-flix\/wp-json\/wp\/v2\/pages\/11938","targetHints":{"allow":["GET"]}}],"collection":[{"href":"https:\/\/serveiseducatius.xtec.cat\/cda-flix\/wp-json\/wp\/v2\/pages"}],"about":[{"href":"https:\/\/serveiseducatius.xtec.cat\/cda-flix\/wp-json\/wp\/v2\/types\/page"}],"author":[{"embeddable":true,"href":"https:\/\/serveiseducatius.xtec.cat\/cda-flix\/wp-json\/wp\/v2\/users\/1"}],"replies":[{"embeddable":true,"href":"https:\/\/serveiseducatius.xtec.cat\/cda-flix\/wp-json\/wp\/v2\/comments?post=11938"}],"version-history":[{"count":2,"href":"https:\/\/serveiseducatius.xtec.cat\/cda-flix\/wp-json\/wp\/v2\/pages\/11938\/revisions"}],"predecessor-version":[{"id":11952,"href":"https:\/\/serveiseducatius.xtec.cat\/cda-flix\/wp-json\/wp\/v2\/pages\/11938\/revisions\/11952"}],"up":[{"embeddable":true,"href":"https:\/\/serveiseducatius.xtec.cat\/cda-flix\/wp-json\/wp\/v2\/pages\/8260"}],"wp:attachment":[{"href":"https:\/\/serveiseducatius.xtec.cat\/cda-flix\/wp-json\/wp\/v2\/media?parent=11938"}],"curies":[{"name":"wp","href":"https:\/\/api.w.org\/{rel}","templated":true}]}}