{"id":10580,"date":"2022-10-19T10:50:54","date_gmt":"2022-10-19T08:50:54","guid":{"rendered":"https:\/\/serveiseducatius.xtec.cat\/cda-flix\/?page_id=10580"},"modified":"2025-05-20T16:38:52","modified_gmt":"2025-05-20T14:38:52","slug":"voluntariat-ambiental","status":"publish","type":"page","link":"https:\/\/serveiseducatius.xtec.cat\/cda-flix\/el-camp\/voluntariat-ambiental\/","title":{"rendered":"Voluntariat ambiental"},"content":{"rendered":"<p style=\"text-align: justify;\"><img loading=\"lazy\" decoding=\"async\" class=\"alignleft wp-image-10581\" src=\"https:\/\/serveiseducatius.xtec.cat\/cda-flix\/wp-content\/uploads\/usu1373\/2022\/10\/fardatxo-logo-300x290-1.png\" alt=\"\" width=\"182\" height=\"176\" \/>L\u2019equip educatiu del <span style=\"color: #008080;\"><strong>Cda de Flix<\/strong><\/span> formem part del grup de voluntariat ambiental local <a href=\"https:\/\/www.freixe.cat\/collabora\/fardatxos\/\" target=\"_blank\" rel=\"noopener\"><em><strong><span style=\"color: #99cc00;\">Los Fardatxos<\/span><\/strong><\/em><\/a>, ja que creiem amb l\u2019educaci\u00f3 a temps complet, i on en moments d\u2019emerg\u00e8ncia clim\u00e0tica i ambiental com els que estem vivint, cada granet de sorra compta. El <strong><span style=\"color: #993300;\">voluntariat ambiental<\/span><\/strong> participa de manera lliure, organitzada i altruista en la conservaci\u00f3 dels recursos naturals i en la millora de la qualitat ambiental, mitjan\u00e7ant la realitzaci\u00f3 d\u2019activitats i programes, que poden tenir tant un vessant d\u2019acci\u00f3 directa sobre el medi, com de sensibilitzaci\u00f3 i de divulgaci\u00f3 dels seus valors, donant pautes a la poblaci\u00f3 i promovent la seva participaci\u00f3 en les accions i activitats que incideixen en la millora de la situaci\u00f3 ambiental.<\/p>\n<p style=\"text-align: left;\"><strong>Vols viure l\u2019experi\u00e8ncia i aix\u00ed formar-ne part?<\/strong> <a href=\"https:\/\/www.freixe.cat\/collabora\/voluntariat\/\" target=\"_blank\" rel=\"noopener\"><strong><span style=\"color: #0000ff;\">Inscriu-t\u2019hi<\/span><\/strong><\/a> i consulta l\u2019<a href=\"https:\/\/voluntariatambiental.cat\/organitzador\/grup-natura-freixe\/\" target=\"_blank\" rel=\"noopener\"><strong><span style=\"color: #993300;\">agenda<\/span><\/strong><\/a>!<\/p>\n<p style=\"text-align: justify;\">Els\/les companys\/es del <a href=\"https:\/\/www.freixe.cat\/\" target=\"_blank\" rel=\"noopener\"><strong><span style=\"color: #808000;\">Grup de Natura Freixe<\/span><\/strong><\/a>, fomenten la xarxa de voluntariat ambiental i promouen actuacions a trav\u00e9s del seu grup de voluntaris\/\u00e0ries <strong><em><span style=\"color: #99cc00;\">Los Fardatxos<\/span><\/em><\/strong>. S\u00f3n membres d\u2019una entitat sense \u00e0nim de lucre amb m\u00e9s de 30 anys de recorregut, dedicada a la conservaci\u00f3 de la natura, tenint com a eix vertebral els espais naturals del riu Ebre.<br \/>\nActualment, l\u2019entitat gestiona m\u00e9s de 700 ha d\u2019espais en cust\u00f2dia i \u00e9s gestora de la <a href=\"http:\/\/www.sebes.cat\/\" target=\"_blank\" rel=\"noopener\"><span style=\"color: #339966;\"><strong>Reserva Natural de Sebes i Meandre de Flix<\/strong><\/span><\/a>, on s\u2019actua recuperant i millorant h\u00e0bitats d\u2019inter\u00e8s (zones humides, espais forestals i espais oberts) per a afavorir-ne la biodiversitat.<img loading=\"lazy\" decoding=\"async\" class=\"aligncenter size-large wp-image-10582\" src=\"https:\/\/serveiseducatius.xtec.cat\/cda-flix\/wp-content\/uploads\/usu1373\/2022\/10\/imatge-petita-compress-1024x416.png\" alt=\"\" width=\"1024\" height=\"416\" srcset=\"https:\/\/serveiseducatius.xtec.cat\/cda-flix\/wp-content\/uploads\/usu1373\/2022\/10\/imatge-petita-compress-1024x416.png 1024w, https:\/\/serveiseducatius.xtec.cat\/cda-flix\/wp-content\/uploads\/usu1373\/2022\/10\/imatge-petita-compress-300x122.png 300w, https:\/\/serveiseducatius.xtec.cat\/cda-flix\/wp-content\/uploads\/usu1373\/2022\/10\/imatge-petita-compress-768x312.png 768w, https:\/\/serveiseducatius.xtec.cat\/cda-flix\/wp-content\/uploads\/usu1373\/2022\/10\/imatge-petita-compress-1536x624.png 1536w, https:\/\/serveiseducatius.xtec.cat\/cda-flix\/wp-content\/uploads\/usu1373\/2022\/10\/imatge-petita-compress.png 1725w\" sizes=\"auto, (max-width: 1024px) 100vw, 1024px\" \/><\/p>\n","protected":false},"excerpt":{"rendered":"<p>L\u2019equip educatiu del Cda de Flix formem part del grup de voluntariat ambiental local Los Fardatxos, ja que creiem amb l\u2019educaci\u00f3 a temps complet, i on en moments d\u2019emerg\u00e8ncia clim\u00e0tica i ambiental com els que estem vivint, cada granet de sorra compta. El voluntariat ambiental participa de manera lliure, organitzada i altruista en la conservaci\u00f3 [&hellip;]<\/p>\n","protected":false},"author":1,"featured_media":0,"parent":8225,"menu_order":4,"comment_status":"closed","ping_status":"closed","template":"","meta":{"_bbp_topic_count":0,"_bbp_reply_count":0,"_bbp_total_topic_count":0,"_bbp_total_reply_count":0,"_bbp_voice_count":0,"_bbp_anonymous_reply_count":0,"_bbp_topic_count_hidden":0,"_bbp_reply_count_hidden":0,"_bbp_forum_subforum_count":0,"site-sidebar-layout":"default","site-content-layout":"","ast-site-content-layout":"default","site-content-style":"default","site-sidebar-style":"default","ast-global-header-display":"","ast-banner-title-visibility":"","ast-main-header-display":"","ast-hfb-above-header-display":"","ast-hfb-below-header-display":"","ast-hfb-mobile-header-display":"","site-post-title":"","ast-breadcrumbs-content":"","ast-featured-img":"","footer-sml-layout":"","theme-transparent-header-meta":"","adv-header-id-meta":"","stick-header-meta":"","header-above-stick-meta":"","header-main-stick-meta":"","header-below-stick-meta":"","astra-migrate-meta-layouts":"set","ast-page-background-enabled":"default","ast-page-background-meta":{"desktop":{"background-color":"var(--ast-global-color-4)","background-image":"","background-repeat":"repeat","background-position":"center center","background-size":"auto","background-attachment":"scroll","background-type":"","background-media":"","overlay-type":"","overlay-color":"","overlay-opacity":"","overlay-gradient":""},"tablet":{"background-color":"","background-image":"","background-repeat":"repeat","background-position":"center center","background-size":"auto","background-attachment":"scroll","background-type":"","background-media":"","overlay-type":"","overlay-color":"","overlay-opacity":"","overlay-gradient":""},"mobile":{"background-color":"","background-image":"","background-repeat":"repeat","background-position":"center center","background-size":"auto","background-attachment":"scroll","background-type":"","background-media":"","overlay-type":"","overlay-color":"","overlay-opacity":"","overlay-gradient":""}},"ast-content-background-meta":{"desktop":{"background-color":"var(--ast-global-color-5)","background-image":"","background-repeat":"repeat","background-position":"center center","background-size":"auto","background-attachment":"scroll","background-type":"","background-media":"","overlay-type":"","overlay-color":"","overlay-opacity":"","overlay-gradient":""},"tablet":{"background-color":"var(--ast-global-color-5)","background-image":"","background-repeat":"repeat","background-position":"center center","background-size":"auto","background-attachment":"scroll","background-type":"","background-media":"","overlay-type":"","overlay-color":"","overlay-opacity":"","overlay-gradient":""},"mobile":{"background-color":"var(--ast-global-color-5)","background-image":"","background-repeat":"repeat","background-position":"center center","background-size":"auto","background-attachment":"scroll","background-type":"","background-media":"","overlay-type":"","overlay-color":"","overlay-opacity":"","overlay-gradient":""}},"footnotes":""},"class_list":["post-10580","page","type-page","status-publish","hentry"],"post_mailing_queue_ids":[],"_links":{"self":[{"href":"https:\/\/serveiseducatius.xtec.cat\/cda-flix\/wp-json\/wp\/v2\/pages\/10580","targetHints":{"allow":["GET"]}}],"collection":[{"href":"https:\/\/serveiseducatius.xtec.cat\/cda-flix\/wp-json\/wp\/v2\/pages"}],"about":[{"href":"https:\/\/serveiseducatius.xtec.cat\/cda-flix\/wp-json\/wp\/v2\/types\/page"}],"author":[{"embeddable":true,"href":"https:\/\/serveiseducatius.xtec.cat\/cda-flix\/wp-json\/wp\/v2\/users\/1"}],"replies":[{"embeddable":true,"href":"https:\/\/serveiseducatius.xtec.cat\/cda-flix\/wp-json\/wp\/v2\/comments?post=10580"}],"version-history":[{"count":4,"href":"https:\/\/serveiseducatius.xtec.cat\/cda-flix\/wp-json\/wp\/v2\/pages\/10580\/revisions"}],"predecessor-version":[{"id":11959,"href":"https:\/\/serveiseducatius.xtec.cat\/cda-flix\/wp-json\/wp\/v2\/pages\/10580\/revisions\/11959"}],"up":[{"embeddable":true,"href":"https:\/\/serveiseducatius.xtec.cat\/cda-flix\/wp-json\/wp\/v2\/pages\/8225"}],"wp:attachment":[{"href":"https:\/\/serveiseducatius.xtec.cat\/cda-flix\/wp-json\/wp\/v2\/media?parent=10580"}],"curies":[{"name":"wp","href":"https:\/\/api.w.org\/{rel}","templated":true}]}}

<p style="text-align: justify;"><img loading="lazy" decoding="async" class="alignleft wp-image-10581" src="https://serveiseducatius.xtec.cat/cda-flix/wp-content/uploads/usu1373/2022/10/fardatxo-logo-300x290-1.png" alt="" width="182" height="176" />L’equip educatiu del <span style="color: #008080;"><strong>Cda de Flix</strong></span> formem part del grup de voluntariat ambiental local <a href="https://www.freixe.cat/collabora/fardatxos/" target="_blank" rel="noopener"><em><strong><span style="color: #99cc00;">Los Fardatxos</span></strong></em></a>, ja que creiem amb l’educació a temps complet, i on en moments d’emergència climàtica i ambiental com els que estem vivint, cada granet de sorra compta. El <strong><span style="color: #993300;">voluntariat ambiental</span></strong> participa de manera lliure, organitzada i altruista en la conservació dels recursos naturals i en la millora de la qualitat ambiental, mitjançant la realització d’activitats i programes, que poden tenir tant un vessant d’acció directa sobre el medi, com de sensibilització i de divulgació dels seus valors, donant pautes a la població i promovent la seva participació en les accions i activitats que incideixen en la millora de la situació ambiental.</p>
<p style="text-align: left;"><strong>Vols viure l’experiència i així formar-ne part?</strong> <a href="https://www.freixe.cat/collabora/voluntariat/" target="_blank" rel="noopener"><strong><span style="color: #0000ff;">Inscriu-t’hi</span></strong></a> i consulta l’<a href="https://voluntariatambiental.cat/organitzador/grup-natura-freixe/" target="_blank" rel="noopener"><strong><span style="color: #993300;">agenda</span></strong></a>!</p>
<p style="text-align: justify;">Els/les companys/es del <a href="https://www.freixe.cat/" target="_blank" rel="noopener"><strong><span style="color: #808000;">Grup de Natura Freixe</span></strong></a>, fomenten la xarxa de voluntariat ambiental i promouen actuacions a través del seu grup de voluntaris/àries <strong><em><span style="color: #99cc00;">Los Fardatxos</span></em></strong>. Són membres d’una entitat sense ànim de lucre amb més de 30 anys de recorregut, dedicada a la conservació de la natura, tenint com a eix vertebral els espais naturals del riu Ebre.<br />
Actualment, l’entitat gestiona més de 700 ha d’espais en custòdia i és gestora de la <a href="http://www.sebes.cat/" target="_blank" rel="noopener"><span style="color: #339966;"><strong>Reserva Natural de Sebes i Meandre de Flix</strong></span></a>, on s’actua recuperant i millorant hàbitats d’interès (zones humides, espais forestals i espais oberts) per a afavorir-ne la biodiversitat.<img loading="lazy" decoding="async" class="aligncenter size-large wp-image-10582" src="https://serveiseducatius.xtec.cat/cda-flix/wp-content/uploads/usu1373/2022/10/imatge-petita-compress-1024x416.png" alt="" width="1024" height="416" srcset="https://serveiseducatius.xtec.cat/cda-flix/wp-content/uploads/usu1373/2022/10/imatge-petita-compress-1024x416.png 1024w, https://serveiseducatius.xtec.cat/cda-flix/wp-content/uploads/usu1373/2022/10/imatge-petita-compress-300x122.png 300w, https://serveiseducatius.xtec.cat/cda-flix/wp-content/uploads/usu1373/2022/10/imatge-petita-compress-768x312.png 768w, https://serveiseducatius.xtec.cat/cda-flix/wp-content/uploads/usu1373/2022/10/imatge-petita-compress-1536x624.png 1536w, https://serveiseducatius.xtec.cat/cda-flix/wp-content/uploads/usu1373/2022/10/imatge-petita-compress.png 1725w" sizes="auto, (max-width: 1024px) 100vw, 1024px" /></p>

<p>L’equip educatiu del Cda de Flix formem part del grup de voluntariat ambiental local Los Fardatxos, ja que creiem amb l’educació a temps complet, i on en moments d’emergència climàtica i ambiental com els que estem vivint, cada granet de sorra compta. El voluntariat ambiental participa de manera lliure, organitzada i altruista en la conservació [&hellip;]</p>
