{"id":9404,"date":"2019-06-30T09:32:04","date_gmt":"2019-06-30T07:32:04","guid":{"rendered":"http:\/\/serveiseducatius.xtec.cat\/cda-empuries\/?page_id=9404"},"modified":"2025-10-03T10:11:41","modified_gmt":"2025-10-03T08:11:41","slug":"aiguamolls-de-lemporda","status":"publish","type":"page","link":"https:\/\/serveiseducatius.xtec.cat\/cda-empuries\/aiguamolls-de-lemporda\/","title":{"rendered":"La Guita dels Aiguamolls de l\u2019Empord\u00e0. CM  (adaptable a CI)\u00a0"},"content":{"rendered":"<div class=\"entry-content\">\n<p class=\"Estilo2\"><strong>Nivell educatiu:<\/strong><span class=\"Estilo11\"> CM de Prim\u00e0ria (adaptable a CI)<br \/>\n<\/span><\/p>\n<p class=\"Estilo2\"><strong>Codi de l\u2019activitat:<\/strong> Ns1<\/p>\n<p class=\"Estilo2\" align=\"justify\">Despr\u00e9s d\u2019anys de lluita contra l\u2019especulaci\u00f3 urban\u00edstica, es va aconseguir preservar aquesta zona humida, rica en diversitat d\u2019ecosistemes, on es poden observar esp\u00e8cies vegetals caracter\u00edstiques de cadascun d\u2019ells, a m\u00e9s de mam\u00edfers, aus, r\u00e8ptils, amfibis, insectes\u2026\u00a0A m\u00e9s, tamb\u00e9 es pot estudiar la formaci\u00f3 de la plana empordanesa i la dels mateixos aiguamolls.<\/p>\n<p class=\"Estilo2\" align=\"justify\">Recorregut des del mas Mat\u00e0 (observatori Senillosa) b\u00e9 fins al Bruel, b\u00e9 a la platja de can Comas o b\u00e9 fins a la desembocadura del Fluvi\u00e0, amb estudi dels tres ambients principals del parc natural. Observaci\u00f3 de les aus amb ajut d\u2019una guia i de prism\u00e0tics.<\/p>\n<p class=\"Estilo2\">La durada de la visita \u00e9s de 3 o 6 hores, segons el recorregut que es pacti.<\/p>\n<p>Per vincular a la programaci\u00f3 del centre<\/p>\n<table class=\" aligncenter\" style=\"width: 82.2954%; border-style: solid; border-color: #000000;\" width=\"82.2954%\">\n<tbody>\n<tr>\n<td style=\"width: 31.7043%; border-style: solid; border-color: #000000; text-align: left;\" colspan=\"2\">\u00c0MBIT<\/td>\n<td style=\"width: 24.1855%; border-style: solid; border-color: #000000; text-align: left;\">DIMENSI\u00d3<\/td>\n<td style=\"width: 44.1103%; border-style: solid; border-color: #000000; text-align: left;\">COMPET\u00c8NCIA<\/td>\n<\/tr>\n<tr>\n<td style=\"width: 31.7043%; border-style: solid; border-color: #000000; text-align: left;\" colspan=\"2\">\n<h4>Coneixement del medi<\/h4>\n<\/td>\n<td style=\"width: 24.1855%; border-style: solid; border-color: #000000; text-align: left;\">\n<h4>M\u00f3n actual<\/h4>\n<h4><\/h4>\n<\/td>\n<td style=\"width: 44.1103%; border-style: solid; border-color: #000000; text-align: left;\">\n<h6>Compet\u00e8ncia 1<\/h6>\n<p>Plantejar-se preguntes sobre el medi, utilitzar estrat\u00e8gies de cerca de dades i analitzar resultats per trobar respostes<\/td>\n<\/tr>\n<tr>\n<td style=\"border-style: solid; text-align: left; width: 24.6867%; border-color: #000000;\" colspan=\"4\"><strong>Objectius:<\/strong><strong><br \/>\n<\/strong><\/td>\n<\/tr>\n<tr>\n<td style=\"width: 100%; border-style: solid; border-color: #000000; text-align: left;\" colspan=\"4\">\n<ul style=\"list-style-type: disc;\">\n<li style=\"list-style-type: none;\">\n<ul>\n<li>Aprendre la funci\u00f3 de relaci\u00f3 a partir de l\u2019observaci\u00f3 d\u2019animals i plantes i relacionant aquests amb els seus h\u00e0bitats.<\/li>\n<li>Classificar els diferents grups d\u2019animals i plantes de l\u2019entorn proper.<\/li>\n<li>Interessar-se per l\u2019observaci\u00f3, cura i protecci\u00f3 d\u2019animals i plantes de l\u2019entorn proper.<\/li>\n<li>Parlar de les ativitats econ\u00f2miques relacionades amb la cria d\u2019animals i el cultiu de plantes.<\/li>\n<\/ul>\n<\/li>\n<\/ul>\n<\/td>\n<\/tr>\n<\/tbody>\n<\/table>\n<p>&nbsp;<\/p>\n<p>Per dur a terme aquesta activitat partirem de la pregunta guia:<\/p>\n<p><a href=\"https:\/\/serveiseducatius.xtec.cat\/cda-empuries\/wp-content\/uploads\/usu1383\/2019\/07\/GUITA.png\"><img loading=\"lazy\" decoding=\"async\" class=\"alignnone size-full wp-image-9647\" src=\"https:\/\/serveiseducatius.xtec.cat\/cda-empuries\/wp-content\/uploads\/usu1383\/2019\/07\/GUITA.png\" alt=\"\" width=\"643\" height=\"103\" srcset=\"https:\/\/serveiseducatius.xtec.cat\/cda-empuries\/wp-content\/uploads\/usu1383\/2019\/07\/GUITA.png 643w, https:\/\/serveiseducatius.xtec.cat\/cda-empuries\/wp-content\/uploads\/usu1383\/2019\/07\/GUITA-300x48.png 300w\" sizes=\"auto, (max-width: 643px) 100vw, 643px\" \/><\/a><\/p>\n<p>&nbsp;<\/p>\n<p>\u00c9s important que mireu amb els alumnes la presentaci\u00f3 que us enllacem per tal de comen\u00e7ar a preparar el terreny i crear inter\u00e8s i curiositat.<\/p>\n<p><a href=\"https:\/\/serveiseducatius.xtec.cat\/cda-empuries\/moment-1-la-guita-i-els-seus-amics\/\">\u00a0<\/a> \u00a0 \u00a0 \u00a0 \u00a0 \u00a0 \u00a0 \u00a0 \u00a0 \u00a0 \u00a0 \u00a0 \u00a0 \u00a0 \u00a0 \u00a0 \u00a0 \u00a0 \u00a0 \u00a0\u00a0 \u00a0 \u00a0 <a href=\"https:\/\/serveiseducatius.xtec.cat\/cda-empuries\/moment-1-la-guita-i-els-seus-amics\/\" target=\"_blank\" rel=\"noopener noreferrer\"><img loading=\"lazy\" decoding=\"async\" class=\"alignnone size-full wp-image-9050\" src=\"https:\/\/serveiseducatius.xtec.cat\/cda-empuries\/wp-content\/uploads\/usu1383\/2019\/06\/1.jpg\" alt=\"\" width=\"207\" height=\"289\" \/><\/a> \u00a0\u00a0 <a href=\"https:\/\/serveiseducatius.xtec.cat\/cda-empuries\/moment-2-la-guita-i-els-seus-amics\/\"><img loading=\"lazy\" decoding=\"async\" class=\"alignnone wp-image-12302 size-full\" src=\"https:\/\/serveiseducatius.xtec.cat\/cda-empuries\/wp-content\/uploads\/usu1383\/2025\/10\/moment2senseQuadern2.jpg\" alt=\"\" width=\"206\" height=\"290\" \/><\/a> \u00a0\u00a0\u00a0<a href=\"https:\/\/serveiseducatius.xtec.cat\/cda-empuries\/proposta-de-treball-despres-de-l\/\" target=\"_blank\" rel=\"noopener noreferrer\"><img loading=\"lazy\" decoding=\"async\" class=\"alignnone size-full wp-image-9052\" src=\"https:\/\/serveiseducatius.xtec.cat\/cda-empuries\/wp-content\/uploads\/usu1383\/2019\/06\/3.jpg\" alt=\"\" width=\"205\" height=\"289\" \/><\/a><\/p>\n<h3>IMPORTANT<\/h3>\n<p>Als aiguamolls \u00e9s necessari <strong>portar prism\u00e0tics<\/strong>. Tot i que al CdA intentem tenir un prism\u00e0tic per a cada alumne, se\u2019ns en fan malb\u00e9 molts per l\u2019\u00fas continuat que se\u2019n fa. Tots els alumnes i professors que tinguin prism\u00e0tics, seria bo que els portessin i aix\u00ed garantirem que cadasc\u00fa tingui uns prism\u00e0tics durant la visita.<\/p>\n<p>Cal anar preparar pels canvis sobtats de meteorologia en un mateix dia, \u00e9s imprescindible que els alumnes portin <strong>roba d\u2019abric<\/strong> i crema solar i\/o protector dels mosquits a partir de la primavera fins al mes de setembre.<\/p>\n<p>Un <strong>bon cal\u00e7at<\/strong> \u00e9s imprescindible per a gaudir d\u2019un dia als aiguamolls (les xancletes no s\u00f3n una bona opci\u00f3).<\/p>\n<p>\u00c9s molt important portar <strong>roba de colors discrets<\/strong>, els colors marr\u00f3, gris, negre i verd fosc s\u00f3n els ideals. Els colors cridaners allunyen els ocells i fan que n&#8217;avistem molt menys.<\/p>\n<p>&nbsp;<\/p>\n<p class=\"Estilo2\">Aquesta activitat est\u00e0 directament relacionada amb:<\/p>\n<ul>\n<li class=\"Estilo2\"><a href=\"https:\/\/serveiseducatius.xtec.cat\/cda-empuries\/lemporda-a-vista-docell-nord-sud\/\">L\u2019Empord\u00e0 a vol d\u2019ocell, Nord-Sud<\/a><\/li>\n<li class=\"Estilo2\"><a href=\"https:\/\/serveiseducatius.xtec.cat\/cda-empuries\/riba-dreta-del-riu-fluvia-curs-baix\/\">Riba dreta del Fluvi\u00e0 (curs baix)<\/a><\/li>\n<li class=\"Estilo2\"><a href=\"https:\/\/serveiseducatius.xtec.cat\/cda-empuries\/la-duna-dempuries\/\">Sistema Dunar d\u2019Emp\u00faries<\/a><\/li>\n<\/ul>\n<p class=\"Estilo2\" align=\"center\"><a href=\"https:\/\/serveiseducatius.xtec.cat\/cda-empuries\/activitats-als-aiguamolls-per-nivells\/\">Torna a activitat dels Aiguamolls per nivells<\/a><\/p>\n<\/div>\n","protected":false},"excerpt":{"rendered":"<p>Nivell educatiu: CM de Prim\u00e0ria (adaptable a CI) Codi de l\u2019activitat: Ns1 Despr\u00e9s d\u2019anys de lluita contra l\u2019especulaci\u00f3 urban\u00edstica, es va aconseguir preservar aquesta zona humida, rica en diversitat d\u2019ecosistemes, on es poden observar esp\u00e8cies vegetals caracter\u00edstiques de cadascun d\u2019ells, a m\u00e9s de mam\u00edfers, aus, r\u00e8ptils, amfibis, insectes\u2026\u00a0A m\u00e9s, tamb\u00e9 es pot estudiar la formaci\u00f3 [&hellip;]<\/p>\n","protected":false},"author":1,"featured_media":0,"parent":0,"menu_order":0,"comment_status":"closed","ping_status":"closed","template":"","meta":{"_bbp_topic_count":0,"_bbp_reply_count":0,"_bbp_total_topic_count":0,"_bbp_total_reply_count":0,"_bbp_voice_count":0,"_bbp_anonymous_reply_count":0,"_bbp_topic_count_hidden":0,"_bbp_reply_count_hidden":0,"_bbp_forum_subforum_count":0,"site-sidebar-layout":"default","site-content-layout":"","ast-site-content-layout":"default","site-content-style":"default","site-sidebar-style":"default","ast-global-header-display":"","ast-banner-title-visibility":"","ast-main-header-display":"","ast-hfb-above-header-display":"","ast-hfb-below-header-display":"","ast-hfb-mobile-header-display":"","site-post-title":"","ast-breadcrumbs-content":"","ast-featured-img":"","footer-sml-layout":"","theme-transparent-header-meta":"default","adv-header-id-meta":"","stick-header-meta":"","header-above-stick-meta":"","header-main-stick-meta":"","header-below-stick-meta":"","astra-migrate-meta-layouts":"set","ast-page-background-enabled":"default","ast-page-background-meta":{"desktop":{"background-color":"var(--ast-global-color-4)","background-image":"","background-repeat":"repeat","background-position":"center center","background-size":"auto","background-attachment":"scroll","background-type":"","background-media":"","overlay-type":"","overlay-color":"","overlay-opacity":"","overlay-gradient":""},"tablet":{"background-color":"","background-image":"","background-repeat":"repeat","background-position":"center center","background-size":"auto","background-attachment":"scroll","background-type":"","background-media":"","overlay-type":"","overlay-color":"","overlay-opacity":"","overlay-gradient":""},"mobile":{"background-color":"","background-image":"","background-repeat":"repeat","background-position":"center center","background-size":"auto","background-attachment":"scroll","background-type":"","background-media":"","overlay-type":"","overlay-color":"","overlay-opacity":"","overlay-gradient":""}},"ast-content-background-meta":{"desktop":{"background-color":"var(--ast-global-color-5)","background-image":"","background-repeat":"repeat","background-position":"center center","background-size":"auto","background-attachment":"scroll","background-type":"","background-media":"","overlay-type":"","overlay-color":"","overlay-opacity":"","overlay-gradient":""},"tablet":{"background-color":"var(--ast-global-color-5)","background-image":"","background-repeat":"repeat","background-position":"center center","background-size":"auto","background-attachment":"scroll","background-type":"","background-media":"","overlay-type":"","overlay-color":"","overlay-opacity":"","overlay-gradient":""},"mobile":{"background-color":"var(--ast-global-color-5)","background-image":"","background-repeat":"repeat","background-position":"center center","background-size":"auto","background-attachment":"scroll","background-type":"","background-media":"","overlay-type":"","overlay-color":"","overlay-opacity":"","overlay-gradient":""}},"footnotes":""},"class_list":["post-9404","page","type-page","status-publish","hentry"],"post_mailing_queue_ids":[],"_links":{"self":[{"href":"https:\/\/serveiseducatius.xtec.cat\/cda-empuries\/wp-json\/wp\/v2\/pages\/9404","targetHints":{"allow":["GET"]}}],"collection":[{"href":"https:\/\/serveiseducatius.xtec.cat\/cda-empuries\/wp-json\/wp\/v2\/pages"}],"about":[{"href":"https:\/\/serveiseducatius.xtec.cat\/cda-empuries\/wp-json\/wp\/v2\/types\/page"}],"author":[{"embeddable":true,"href":"https:\/\/serveiseducatius.xtec.cat\/cda-empuries\/wp-json\/wp\/v2\/users\/1"}],"replies":[{"embeddable":true,"href":"https:\/\/serveiseducatius.xtec.cat\/cda-empuries\/wp-json\/wp\/v2\/comments?post=9404"}],"version-history":[{"count":6,"href":"https:\/\/serveiseducatius.xtec.cat\/cda-empuries\/wp-json\/wp\/v2\/pages\/9404\/revisions"}],"predecessor-version":[{"id":12309,"href":"https:\/\/serveiseducatius.xtec.cat\/cda-empuries\/wp-json\/wp\/v2\/pages\/9404\/revisions\/12309"}],"wp:attachment":[{"href":"https:\/\/serveiseducatius.xtec.cat\/cda-empuries\/wp-json\/wp\/v2\/media?parent=9404"}],"curies":[{"name":"wp","href":"https:\/\/api.w.org\/{rel}","templated":true}]}}