{"id":9388,"date":"2019-06-30T09:05:51","date_gmt":"2019-06-30T07:05:51","guid":{"rendered":"http:\/\/serveiseducatius.xtec.cat\/cda-empuries\/?page_id=9388"},"modified":"2023-09-18T17:14:45","modified_gmt":"2023-09-18T15:14:45","slug":"dunes-amb-gps","status":"publish","type":"page","link":"https:\/\/serveiseducatius.xtec.cat\/cda-empuries\/dunes-amb-gps\/","title":{"rendered":"Sistema Dunar: Activitat d&#8217;autodescoberta"},"content":{"rendered":"<div id=\"main\">\n<div id=\"primary\">\n<div id=\"content\" role=\"main\">\n<article id=\"post-1619\" class=\"post-1619 page type-page status-publish hentry\">\n<div class=\"entry-content\">\n<p class=\"Estilo2\"><strong>Nivell educatiu:<\/strong> <span class=\"Estilo10\">Cicle Superior de Prim\u00e0ria i ESO<br \/>\n<\/span><\/p>\n<p class=\"Estilo2\"><strong>Codi de l\u2019activitat:<\/strong> Pn4<\/p>\n<p class=\"Estilo2\">L\u2019activitat consisteix a descobrir el Sistema dunar \u2014entorn natural immediat del jaciment arqueol\u00f2gic d\u2019Emp\u00faries\u2014 mitjan\u00e7ant el treball de grups aut\u00f2noms i treball col\u00b7laboratiu.<\/p>\n<p class=\"Estilo2\">Cada grup disposa d&#8217;un mapa orientatiu per localizar els punts de l&#8217;itinerari i un Quadern de Camp, que \u00e9s subministrat del CdA.<\/p>\n<p class=\"Estilo2\">Acabada l\u2019activitat de recerca es fa una posada en com\u00fa de les descobertes, dubtes i observacions a les dues aules de les intal\u00b7lacions del CdA o, si el temps ho permet, a les platges d\u2019Emp\u00faries.<\/p>\n<p class=\"Estilo2\">Per tal de dur a terme l\u2019activitat cal nom\u00e9s una sessi\u00f3 de 2\u201930 o 3 hores.<\/p>\n<table style=\"width: 832px; height: 294px;\" width=\"709\">\n<tbody>\n<tr style=\"height: 33px;\">\n<td style=\"width: 826px; height: 33px;\" colspan=\"3\">Per vincular a la programaci\u00f3 del centre<\/td>\n<\/tr>\n<tr style=\"height: 33px;\">\n<td style=\"width: 116.7px; height: 33px;\">\u00c0MBIT<\/td>\n<td style=\"width: 283.167px; height: 33px;\">DIMENSI\u00d3<\/td>\n<td style=\"width: 422.133px; height: 33px;\">COMPET\u00c8NCIA<\/td>\n<\/tr>\n<tr style=\"height: 49px;\">\n<td style=\"width: 116.7px; height: 49px;\">Coneixement del medi<\/td>\n<td style=\"width: 283.167px; height: 49px;\">M\u00f3n actual<\/td>\n<td style=\"width: 422.133px; height: 49px;\">Plantejar-se preguntes sobre el medi, utilitzar estrat\u00e8gies de cerca de dades i analitzar resultats per trobar respostes.<\/td>\n<\/tr>\n<tr style=\"height: 179px;\">\n<td style=\"width: 116.7px; height: 179px;\">Objectius:<\/td>\n<td style=\"width: 707.3px; height: 179px;\" colspan=\"2\">\u00b7\u00a0\u00a0\u00a0\u00a0\u00a0\u00a0\u00a0\u00a0 Iniciaciar\u00a0 l\u2019alumnat en l\u2019\u00fas del GPS.<\/p>\n<p>\u00b7\u00a0\u00a0\u00a0\u00a0\u00a0\u00a0\u00a0\u00a0 Fer una descoberta aut\u00f2noma de les principals caracter\u00edstiques del sistema dunar d\u2019Emp\u00faries com a ecosistema.<\/p>\n<p>\u00b7\u00a0\u00a0\u00a0\u00a0\u00a0\u00a0\u00a0\u00a0 Comprendre la import\u00e0ncia del vent i la sorra en la formaci\u00f3 de L\u2019Empord\u00e0<\/p>\n<p>\u00b7\u00a0\u00a0\u00a0\u00a0\u00a0\u00a0\u00a0\u00a0 Descobrir la hist\u00f2ria de la duna d\u2019Emp\u00faries<\/td>\n<\/tr>\n<\/tbody>\n<\/table>\n<p>Per dur a terme aquesta activitat partirem de la pregunta guia:<\/p>\n<p><a href=\"https:\/\/serveiseducatius.xtec.cat\/cda-empuries\/wp-content\/uploads\/usu1383\/2019\/07\/pregunta-duna-gps.png\"><img loading=\"lazy\" decoding=\"async\" class=\"alignnone size-full wp-image-9618\" src=\"https:\/\/serveiseducatius.xtec.cat\/cda-empuries\/wp-content\/uploads\/usu1383\/2019\/07\/pregunta-duna-gps.png\" alt=\"\" width=\"578\" height=\"130\" srcset=\"https:\/\/serveiseducatius.xtec.cat\/cda-empuries\/wp-content\/uploads\/usu1383\/2019\/07\/pregunta-duna-gps.png 578w, https:\/\/serveiseducatius.xtec.cat\/cda-empuries\/wp-content\/uploads\/usu1383\/2019\/07\/pregunta-duna-gps-300x67.png 300w\" sizes=\"auto, (max-width: 578px) 100vw, 578px\" \/><\/a><\/p>\n<p>Recomanem que mireu la presentaci\u00f3 que us enviem per tal de comen\u00e7ar a preparar el terreny i crear inter\u00e8s i curiositat. Els alumnes s\u2019hauran de plantejar noves preguntes i trobar respostes fins a poder resoldre la pregunta guia que els plantegem.<\/p>\n<p><a href=\"https:\/\/serveiseducatius.xtec.cat\/cda-empuries\/moment-1-sistema-dunar\/\" target=\"_blank\" rel=\"noopener noreferrer\"><img loading=\"lazy\" decoding=\"async\" class=\"alignnone size-full wp-image-9050\" src=\"https:\/\/serveiseducatius.xtec.cat\/cda-empuries\/wp-content\/uploads\/usu1383\/2019\/06\/1.jpg\" alt=\"\" width=\"207\" height=\"289\" \/><\/a> <a href=\"https:\/\/drive.google.com\/file\/d\/1rg3aM0LD972YwNR_iliWmaJKuw0kdG2Y\/view?usp=sharing\" target=\"_blank\" rel=\"noopener noreferrer\"><img loading=\"lazy\" decoding=\"async\" class=\"alignnone wp-image-9051 size-full\" src=\"https:\/\/serveiseducatius.xtec.cat\/cda-empuries\/wp-content\/uploads\/usu1383\/2019\/06\/2.jpg\" alt=\"\" width=\"206\" height=\"290\" \/><\/a> <a href=\"https:\/\/drive.google.com\/file\/d\/1z5an1FUgklfPliAVPMdX-3NinCWRmpiY\/view?usp=sharing\" target=\"_blank\" rel=\"noopener noreferrer\"><img loading=\"lazy\" decoding=\"async\" class=\"alignnone size-full wp-image-9052\" src=\"https:\/\/serveiseducatius.xtec.cat\/cda-empuries\/wp-content\/uploads\/usu1383\/2019\/06\/3.jpg\" alt=\"\" width=\"205\" height=\"289\" \/><\/a><\/p>\n<p>&nbsp;<\/p>\n<\/div>\n<\/article>\n<article id=\"post-1619\" class=\"post-1619 page type-page status-publish hentry\">\n<div class=\"entry-content\">\n<p class=\"Estilo2\">Aquesta activitat est\u00e0 directament relacionada amb:<\/p>\n<ul>\n<li class=\"Estilo2\">Jaciment grecorom\u00e0 d\u2019Emp\u00faries i Museu<\/li>\n<li class=\"Estilo2\">Emp\u00faries de la m\u00e0 dels d\u00e9us (Mitologia a Emp\u00faries)<\/li>\n<li class=\"Estilo2\">Cales de l\u2019Escala<\/li>\n<li class=\"Estilo2\">Aiguamolls de l\u2019Empord\u00e0<\/li>\n<\/ul>\n<p class=\"Estilo2\"><img loading=\"lazy\" decoding=\"async\" src=\"http:\/\/www.xtec.cat\/cda-empuries\/Imatges\/dungps01.jpg\" alt=\"\" width=\"178\" height=\"144\" \/> <img loading=\"lazy\" decoding=\"async\" src=\"http:\/\/www.xtec.cat\/cda-empuries\/Imatges\/dungps02.jpg\" alt=\"\" width=\"177\" height=\"145\" \/><\/p>\n<p style=\"text-align: center;\"><a href=\"https:\/\/serveiseducatius.xtec.cat\/cda-empuries\/la-duna-dempuries\/\">Torna a la duna d&#8217;Emp\u00faries<\/a><\/p>\n<\/div>\n<\/article>\n<div id=\"comments\"><\/div>\n<\/div>\n<\/div>\n<\/div>\n<footer id=\"colophon\" role=\"contentinfo\">\n<div id=\"supplementary\" class=\"three\"><\/div>\n<\/footer>\n","protected":false},"excerpt":{"rendered":"<p>Nivell educatiu: Cicle Superior de Prim\u00e0ria i ESO Codi de l\u2019activitat: Pn4 L\u2019activitat consisteix a descobrir el Sistema dunar \u2014entorn natural immediat del jaciment arqueol\u00f2gic d\u2019Emp\u00faries\u2014 mitjan\u00e7ant el treball de grups aut\u00f2noms i treball col\u00b7laboratiu. Cada grup disposa d&#8217;un mapa orientatiu per localizar els punts de l&#8217;itinerari i un Quadern de Camp, que \u00e9s subministrat [&hellip;]<\/p>\n","protected":false},"author":1,"featured_media":0,"parent":0,"menu_order":0,"comment_status":"closed","ping_status":"closed","template":"","meta":{"_bbp_topic_count":0,"_bbp_reply_count":0,"_bbp_total_topic_count":0,"_bbp_total_reply_count":0,"_bbp_voice_count":0,"_bbp_anonymous_reply_count":0,"_bbp_topic_count_hidden":0,"_bbp_reply_count_hidden":0,"_bbp_forum_subforum_count":0,"site-sidebar-layout":"default","site-content-layout":"","ast-site-content-layout":"","site-content-style":"default","site-sidebar-style":"default","ast-global-header-display":"","ast-banner-title-visibility":"","ast-main-header-display":"","ast-hfb-above-header-display":"","ast-hfb-below-header-display":"","ast-hfb-mobile-header-display":"","site-post-title":"","ast-breadcrumbs-content":"","ast-featured-img":"","footer-sml-layout":"","theme-transparent-header-meta":"","adv-header-id-meta":"","stick-header-meta":"","header-above-stick-meta":"","header-main-stick-meta":"","header-below-stick-meta":"","astra-migrate-meta-layouts":"default","ast-page-background-enabled":"default","ast-page-background-meta":{"desktop":{"background-color":"var(--ast-global-color-4)","background-image":"","background-repeat":"repeat","background-position":"center center","background-size":"auto","background-attachment":"scroll","background-type":"","background-media":"","overlay-type":"","overlay-color":"","overlay-opacity":"","overlay-gradient":""},"tablet":{"background-color":"","background-image":"","background-repeat":"repeat","background-position":"center center","background-size":"auto","background-attachment":"scroll","background-type":"","background-media":"","overlay-type":"","overlay-color":"","overlay-opacity":"","overlay-gradient":""},"mobile":{"background-color":"","background-image":"","background-repeat":"repeat","background-position":"center center","background-size":"auto","background-attachment":"scroll","background-type":"","background-media":"","overlay-type":"","overlay-color":"","overlay-opacity":"","overlay-gradient":""}},"ast-content-background-meta":{"desktop":{"background-color":"var(--ast-global-color-5)","background-image":"","background-repeat":"repeat","background-position":"center center","background-size":"auto","background-attachment":"scroll","background-type":"","background-media":"","overlay-type":"","overlay-color":"","overlay-opacity":"","overlay-gradient":""},"tablet":{"background-color":"var(--ast-global-color-5)","background-image":"","background-repeat":"repeat","background-position":"center center","background-size":"auto","background-attachment":"scroll","background-type":"","background-media":"","overlay-type":"","overlay-color":"","overlay-opacity":"","overlay-gradient":""},"mobile":{"background-color":"var(--ast-global-color-5)","background-image":"","background-repeat":"repeat","background-position":"center center","background-size":"auto","background-attachment":"scroll","background-type":"","background-media":"","overlay-type":"","overlay-color":"","overlay-opacity":"","overlay-gradient":""}},"footnotes":""},"class_list":["post-9388","page","type-page","status-publish","hentry"],"post_mailing_queue_ids":[],"_links":{"self":[{"href":"https:\/\/serveiseducatius.xtec.cat\/cda-empuries\/wp-json\/wp\/v2\/pages\/9388","targetHints":{"allow":["GET"]}}],"collection":[{"href":"https:\/\/serveiseducatius.xtec.cat\/cda-empuries\/wp-json\/wp\/v2\/pages"}],"about":[{"href":"https:\/\/serveiseducatius.xtec.cat\/cda-empuries\/wp-json\/wp\/v2\/types\/page"}],"author":[{"embeddable":true,"href":"https:\/\/serveiseducatius.xtec.cat\/cda-empuries\/wp-json\/wp\/v2\/users\/1"}],"replies":[{"embeddable":true,"href":"https:\/\/serveiseducatius.xtec.cat\/cda-empuries\/wp-json\/wp\/v2\/comments?post=9388"}],"version-history":[{"count":3,"href":"https:\/\/serveiseducatius.xtec.cat\/cda-empuries\/wp-json\/wp\/v2\/pages\/9388\/revisions"}],"predecessor-version":[{"id":11973,"href":"https:\/\/serveiseducatius.xtec.cat\/cda-empuries\/wp-json\/wp\/v2\/pages\/9388\/revisions\/11973"}],"wp:attachment":[{"href":"https:\/\/serveiseducatius.xtec.cat\/cda-empuries\/wp-json\/wp\/v2\/media?parent=9388"}],"curies":[{"name":"wp","href":"https:\/\/api.w.org\/{rel}","templated":true}]}}