{"id":9316,"date":"2019-06-29T08:08:19","date_gmt":"2019-06-29T06:08:19","guid":{"rendered":"http:\/\/serveiseducatius.xtec.cat\/cda-empuries\/?page_id=9316"},"modified":"2025-11-06T13:12:50","modified_gmt":"2025-11-06T12:12:50","slug":"treballs-previs-de-lactivitat-a-la-platja-sorra-i-petxines-cm","status":"publish","type":"page","link":"https:\/\/serveiseducatius.xtec.cat\/cda-empuries\/treballs-previs-de-lactivitat-a-la-platja-sorra-i-petxines-cm\/","title":{"rendered":"Treballs previs de l&#8217;activitat a la platja sorra i petxines CM"},"content":{"rendered":"<p>Per dur a terme aquesta activitat partirem de la pregunta guia:<\/p>\n<p><a href=\"https:\/\/serveiseducatius.xtec.cat\/cda-empuries\/wp-content\/uploads\/usu1383\/2019\/06\/petxines-CM.png\"><img loading=\"lazy\" decoding=\"async\" class=\"alignnone size-full wp-image-9313\" src=\"https:\/\/serveiseducatius.xtec.cat\/cda-empuries\/wp-content\/uploads\/usu1383\/2019\/06\/petxines-CM.png\" alt=\"\" width=\"496\" height=\"91\" srcset=\"https:\/\/serveiseducatius.xtec.cat\/cda-empuries\/wp-content\/uploads\/usu1383\/2019\/06\/petxines-CM.png 496w, https:\/\/serveiseducatius.xtec.cat\/cda-empuries\/wp-content\/uploads\/usu1383\/2019\/06\/petxines-CM-300x55.png 300w\" sizes=\"auto, (max-width: 496px) 100vw, 496px\" \/><\/a><\/p>\n<h3>Treballs m\u00ednims<\/h3>\n<p style=\"font-family: 'Helvetica Neue', Helvetica, Helvetica, Arial, sans-serif; font-size: 16px;\"><a href=\"https:\/\/drive.google.com\/file\/d\/1YS4-axEippYhQClNIrrz22agcQvZ_ja7\/view?usp=sharing\" target=\"_blank\" rel=\"noopener\"><strong>Pels alumnes: <\/strong>Coneguem les petxines<\/a><\/p>\n<p style=\"font-family: 'Helvetica Neue', Helvetica, Helvetica, Arial, sans-serif; font-size: 16px;\"><a href=\"https:\/\/drive.google.com\/file\/d\/1YS4-axEippYhQClNIrrz22agcQvZ_ja7\/view?usp=sharing\" target=\"_blank\" rel=\"noopener noreferrer\"><img loading=\"lazy\" decoding=\"async\" class=\"alignnone wp-image-9346\" src=\"https:\/\/serveiseducatius.xtec.cat\/cda-empuries\/wp-content\/uploads\/usu1383\/2019\/06\/petxines-quadern.png\" alt=\"\" width=\"266\" height=\"120\" \/><\/a><\/p>\n<p><a href=\"http:\/\/www.xtec.cat\/cda-empuries\/GCMalacologia1a.pdf\" target=\"_blank\" rel=\"noopener\">Pels docents: Gui\u00f3 de continguts<\/a><\/p>\n<h3>Treballs complementaris<\/h3>\n<p>Per a\u00a0 treballar un xic m\u00e9s a fons qu\u00e8 s\u00f3n els mol\u00b7luscs, quins s\u00f3n bivalves, parts del cos, qu\u00e8 s\u00f3n\u00a0 les petxines o conquilles, etc:<\/p>\n<p><a href=\"https:\/\/www.slideshare.net\/Mprof\/molluscs-5332420\" target=\"_blank\" rel=\"noopener noreferrer\">https:\/\/www.slideshare.net\/Mprof\/molluscs-5332420<\/a><\/p>\n<p>O b\u00e9 donar l\u2019oportunitat als m\u00e9s petits que pintin animals de mar. En el seg\u00fcent enlla\u00e7 hi trobareu diverses petxines per pintar:<\/p>\n<p><a href=\"http:\/\/animals.dibuixos.cat\/el-mar\/\" target=\"_blank\" rel=\"noopener noreferrer\">http:\/\/animals.dibuixos.cat\/el-mar\/<\/a><\/p>\n<p>Tamb\u00e9 us podeu imprimir les etiquetes de les petxines m\u00e9s comuns i fer un treball de lectoescritura o dibuix a l\u2019aula:<\/p>\n<p><a href=\"https:\/\/drive.google.com\/file\/d\/1RlKxFkXBgL33swI3lGQ9p7An8tlMFaBC\/view?usp=sharing\" target=\"_blank\" rel=\"noopener noreferrer\">FITXES PETXINES<\/a><\/p>\n<table style=\"height: 150px; width: 56.7758%; border-style: solid; border-color: #000000;\">\n<tbody>\n<tr style=\"height: 14px;\">\n<td style=\"width: 38.8385%; height: 14px; border-style: solid; border-color: #000000;\" colspan=\"3\"><strong>V\u00eddeos interessants (en castell\u00e0):<\/strong><strong><br \/>\n<\/strong><\/td>\n<\/tr>\n<tr style=\"height: 136px;\">\n<td style=\"width: 38.8385%; height: 136px; border-style: solid; border-color: #000000;\"><a href=\"https:\/\/www.youtube.com\/watch?v=akjkjikwVBk&amp;list=PLkbTxiph5TH4pVbOhMlvo_hY-enrSDizU&amp;index=36\" target=\"_blank\" rel=\"noopener noreferrer\">D\u2019on\u00a0 ve el vent?<\/a><\/p>\n<p><a href=\"https:\/\/www.youtube.com\/watch?v=xQsOksIPW-4&amp;index=27&amp;list=PLkbTxiph5TH4pVbOhMlvo_hY-enrSDizU\"><img loading=\"lazy\" decoding=\"async\" class=\"alignnone wp-image-12481 size-medium\" src=\"https:\/\/serveiseducatius.xtec.cat\/cda-empuries\/wp-content\/uploads\/usu1383\/2025\/11\/Don-ve-el-vent-300x222.png\" alt=\"\" width=\"300\" height=\"222\" srcset=\"https:\/\/serveiseducatius.xtec.cat\/cda-empuries\/wp-content\/uploads\/usu1383\/2025\/11\/Don-ve-el-vent-300x222.png 300w, https:\/\/serveiseducatius.xtec.cat\/cda-empuries\/wp-content\/uploads\/usu1383\/2025\/11\/Don-ve-el-vent-1024x757.png 1024w, https:\/\/serveiseducatius.xtec.cat\/cda-empuries\/wp-content\/uploads\/usu1383\/2025\/11\/Don-ve-el-vent-768x568.png 768w, https:\/\/serveiseducatius.xtec.cat\/cda-empuries\/wp-content\/uploads\/usu1383\/2025\/11\/Don-ve-el-vent.png 1167w\" sizes=\"auto, (max-width: 300px) 100vw, 300px\" \/><\/a><\/td>\n<td style=\"width: 30.49%; border-style: solid; border-color: #000000;\"><a href=\"https:\/\/www.youtube.com\/watch?v=xQsOksIPW-4&amp;index=27&amp;list=PLkbTxiph5TH4pVbOhMlvo_hY-enrSDizU\" target=\"_blank\" rel=\"noopener noreferrer\">Per qu\u00e8 el mar \u00e9s salat?<\/a><\/p>\n<p><a href=\"https:\/\/www.youtube.com\/watch?v=akjkjikwVBk&amp;list=PLkbTxiph5TH4pVbOhMlvo_hY-enrSDizU&amp;index=36\"><img loading=\"lazy\" decoding=\"async\" class=\"alignnone wp-image-12483\" src=\"https:\/\/serveiseducatius.xtec.cat\/cda-empuries\/wp-content\/uploads\/usu1383\/2025\/11\/MarSalada2-300x155.png\" alt=\"\" width=\"228\" height=\"118\" srcset=\"https:\/\/serveiseducatius.xtec.cat\/cda-empuries\/wp-content\/uploads\/usu1383\/2025\/11\/MarSalada2-300x155.png 300w, https:\/\/serveiseducatius.xtec.cat\/cda-empuries\/wp-content\/uploads\/usu1383\/2025\/11\/MarSalada2-1024x529.png 1024w, https:\/\/serveiseducatius.xtec.cat\/cda-empuries\/wp-content\/uploads\/usu1383\/2025\/11\/MarSalada2-768x397.png 768w, https:\/\/serveiseducatius.xtec.cat\/cda-empuries\/wp-content\/uploads\/usu1383\/2025\/11\/MarSalada2-1536x794.png 1536w, https:\/\/serveiseducatius.xtec.cat\/cda-empuries\/wp-content\/uploads\/usu1383\/2025\/11\/MarSalada2.png 1639w\" sizes=\"auto, (max-width: 228px) 100vw, 228px\" \/><\/a><\/td>\n<td style=\"width: 30.49%; border-style: solid; border-color: #000000;\"><a href=\"https:\/\/www.youtube.com\/watch?v=Ez3Cmu2NYs0\">Com es forman les dunes?\u00a0<\/a><\/p>\n<p><a href=\"https:\/\/www.youtube.com\/watch?v=Ez3Cmu2NYs0\"><img loading=\"lazy\" decoding=\"async\" class=\"alignnone wp-image-12477\" src=\"https:\/\/serveiseducatius.xtec.cat\/cda-empuries\/wp-content\/uploads\/usu1383\/2025\/11\/videoDunes-300x240.jpg\" alt=\"\" width=\"201\" height=\"161\" srcset=\"https:\/\/serveiseducatius.xtec.cat\/cda-empuries\/wp-content\/uploads\/usu1383\/2025\/11\/videoDunes-300x240.jpg 300w, https:\/\/serveiseducatius.xtec.cat\/cda-empuries\/wp-content\/uploads\/usu1383\/2025\/11\/videoDunes-768x614.jpg 768w, https:\/\/serveiseducatius.xtec.cat\/cda-empuries\/wp-content\/uploads\/usu1383\/2025\/11\/videoDunes.jpg 915w\" sizes=\"auto, (max-width: 201px) 100vw, 201px\" \/><\/a><\/p>\n<p><strong>\u00a0<\/strong><\/td>\n<\/tr>\n<\/tbody>\n<\/table>\n<table style=\"border-style: solid; border-color: #000000; width: 42.4758%;\">\n<tbody>\n<tr>\n<td style=\"width: 100%; border-style: solid; border-color: #000000;\">Sistemes dunars. V\u00eddeo Dunes, un desert ple de vida<\/p>\n<p><a href=\"https:\/\/www.youtube.com\/watch?v=xPMSE7RyMeE&amp;t=216s\"><img loading=\"lazy\" decoding=\"async\" class=\"alignnone wp-image-12476 \" src=\"https:\/\/serveiseducatius.xtec.cat\/cda-empuries\/wp-content\/uploads\/usu1383\/2025\/11\/DesertDuna-300x168.jpg\" alt=\"\" width=\"309\" height=\"173\" srcset=\"https:\/\/serveiseducatius.xtec.cat\/cda-empuries\/wp-content\/uploads\/usu1383\/2025\/11\/DesertDuna-300x168.jpg 300w, https:\/\/serveiseducatius.xtec.cat\/cda-empuries\/wp-content\/uploads\/usu1383\/2025\/11\/DesertDuna-1024x574.jpg 1024w, https:\/\/serveiseducatius.xtec.cat\/cda-empuries\/wp-content\/uploads\/usu1383\/2025\/11\/DesertDuna-768x431.jpg 768w, https:\/\/serveiseducatius.xtec.cat\/cda-empuries\/wp-content\/uploads\/usu1383\/2025\/11\/DesertDuna.jpg 1209w\" sizes=\"auto, (max-width: 309px) 100vw, 309px\" \/><\/a><\/td>\n<\/tr>\n<\/tbody>\n<\/table>\n<p>&nbsp;<\/p>\n<h4 style=\"text-align: center;\"><a href=\"https:\/\/serveiseducatius.xtec.cat\/cda-empuries\/a-la-platja-sorra-i-petxines\/\">Torna a l&#8217;activitat A la platja sorra i petxines<\/a><\/h4>\n","protected":false},"excerpt":{"rendered":"<p>Per dur a terme aquesta activitat partirem de la pregunta guia: Treballs m\u00ednims Pels alumnes: Coneguem les petxines Pels docents: Gui\u00f3 de continguts Treballs complementaris Per a\u00a0 treballar un xic m\u00e9s a fons qu\u00e8 s\u00f3n els mol\u00b7luscs, quins s\u00f3n bivalves, parts del cos, qu\u00e8 s\u00f3n\u00a0 les petxines o conquilles, etc: https:\/\/www.slideshare.net\/Mprof\/molluscs-5332420 O b\u00e9 donar l\u2019oportunitat [&hellip;]<\/p>\n","protected":false},"author":1,"featured_media":0,"parent":0,"menu_order":0,"comment_status":"closed","ping_status":"closed","template":"","meta":{"_bbp_topic_count":0,"_bbp_reply_count":0,"_bbp_total_topic_count":0,"_bbp_total_reply_count":0,"_bbp_voice_count":0,"_bbp_anonymous_reply_count":0,"_bbp_topic_count_hidden":0,"_bbp_reply_count_hidden":0,"_bbp_forum_subforum_count":0,"site-sidebar-layout":"default","site-content-layout":"","ast-site-content-layout":"default","site-content-style":"default","site-sidebar-style":"default","ast-global-header-display":"","ast-banner-title-visibility":"","ast-main-header-display":"","ast-hfb-above-header-display":"","ast-hfb-below-header-display":"","ast-hfb-mobile-header-display":"","site-post-title":"","ast-breadcrumbs-content":"","ast-featured-img":"","footer-sml-layout":"","theme-transparent-header-meta":"default","adv-header-id-meta":"","stick-header-meta":"","header-above-stick-meta":"","header-main-stick-meta":"","header-below-stick-meta":"","astra-migrate-meta-layouts":"set","ast-page-background-enabled":"default","ast-page-background-meta":{"desktop":{"background-color":"var(--ast-global-color-4)","background-image":"","background-repeat":"repeat","background-position":"center center","background-size":"auto","background-attachment":"scroll","background-type":"","background-media":"","overlay-type":"","overlay-color":"","overlay-opacity":"","overlay-gradient":""},"tablet":{"background-color":"","background-image":"","background-repeat":"repeat","background-position":"center center","background-size":"auto","background-attachment":"scroll","background-type":"","background-media":"","overlay-type":"","overlay-color":"","overlay-opacity":"","overlay-gradient":""},"mobile":{"background-color":"","background-image":"","background-repeat":"repeat","background-position":"center center","background-size":"auto","background-attachment":"scroll","background-type":"","background-media":"","overlay-type":"","overlay-color":"","overlay-opacity":"","overlay-gradient":""}},"ast-content-background-meta":{"desktop":{"background-color":"var(--ast-global-color-5)","background-image":"","background-repeat":"repeat","background-position":"center center","background-size":"auto","background-attachment":"scroll","background-type":"","background-media":"","overlay-type":"","overlay-color":"","overlay-opacity":"","overlay-gradient":""},"tablet":{"background-color":"var(--ast-global-color-5)","background-image":"","background-repeat":"repeat","background-position":"center center","background-size":"auto","background-attachment":"scroll","background-type":"","background-media":"","overlay-type":"","overlay-color":"","overlay-opacity":"","overlay-gradient":""},"mobile":{"background-color":"var(--ast-global-color-5)","background-image":"","background-repeat":"repeat","background-position":"center center","background-size":"auto","background-attachment":"scroll","background-type":"","background-media":"","overlay-type":"","overlay-color":"","overlay-opacity":"","overlay-gradient":""}},"footnotes":""},"class_list":["post-9316","page","type-page","status-publish","hentry"],"post_mailing_queue_ids":[],"_links":{"self":[{"href":"https:\/\/serveiseducatius.xtec.cat\/cda-empuries\/wp-json\/wp\/v2\/pages\/9316","targetHints":{"allow":["GET"]}}],"collection":[{"href":"https:\/\/serveiseducatius.xtec.cat\/cda-empuries\/wp-json\/wp\/v2\/pages"}],"about":[{"href":"https:\/\/serveiseducatius.xtec.cat\/cda-empuries\/wp-json\/wp\/v2\/types\/page"}],"author":[{"embeddable":true,"href":"https:\/\/serveiseducatius.xtec.cat\/cda-empuries\/wp-json\/wp\/v2\/users\/1"}],"replies":[{"embeddable":true,"href":"https:\/\/serveiseducatius.xtec.cat\/cda-empuries\/wp-json\/wp\/v2\/comments?post=9316"}],"version-history":[{"count":4,"href":"https:\/\/serveiseducatius.xtec.cat\/cda-empuries\/wp-json\/wp\/v2\/pages\/9316\/revisions"}],"predecessor-version":[{"id":12484,"href":"https:\/\/serveiseducatius.xtec.cat\/cda-empuries\/wp-json\/wp\/v2\/pages\/9316\/revisions\/12484"}],"wp:attachment":[{"href":"https:\/\/serveiseducatius.xtec.cat\/cda-empuries\/wp-json\/wp\/v2\/media?parent=9316"}],"curies":[{"name":"wp","href":"https:\/\/api.w.org\/{rel}","templated":true}]}}