{"id":9270,"date":"2019-06-28T17:26:18","date_gmt":"2019-06-28T15:26:18","guid":{"rendered":"http:\/\/serveiseducatius.xtec.cat\/cda-empuries\/?page_id=9270"},"modified":"2022-09-29T17:22:38","modified_gmt":"2022-09-29T15:22:38","slug":"ullastret-un-poblat-dels-ibers","status":"publish","type":"page","link":"https:\/\/serveiseducatius.xtec.cat\/cda-empuries\/ullastret-un-poblat-dels-ibers\/","title":{"rendered":"Ullastret, l&#8217;enigma iber"},"content":{"rendered":"<div class=\"entry-content\">\n<div id=\"main\">\n<div id=\"primary\">\n<div id=\"content\" role=\"main\">\n<article id=\"post-1520\" class=\"post-1520 page type-page status-publish hentry\">\n<div class=\"entry-content\">\n<p class=\"Estilo2\"><strong>Nivell educatiu: <\/strong><span class=\"Estilo11\">Cicle Superior de Prim\u00e0ria i 1r ESO<br \/>\n<\/span><\/p>\n<p class=\"Estilo2\"><strong>Codi de l\u2019activitat:<\/strong> Ea9<\/p>\n<p class=\"Estilo2\" align=\"justify\">Visita de les ru\u00efnes ib\u00e8riques del Puig de Sant Andreu que, per als nivells inicials, es pot contextualitzar a partir de les activitats quotidianes d\u2019en M\u00e0rius, un noi de l\u2019Emp\u00faries del segle I, i dels records d\u2019un avantpassat seu d\u2019ascend\u00e8ncia ib\u00e8rica, en Caracremada, que va viure a Ullastret en el segle IV aC, tot explicat a trav\u00e9s d\u2019una narraci\u00f3 il\u00b7lustrada.<\/p>\n<p class=\"Estilo2\" align=\"justify\">Els continguts principals s\u00f3n el coneixement de la cultura ib\u00e8rica en general, per\u00f2 amb les particularitats d\u2019Ullastret, la vida quotidiana dels ibers, l\u2019entorn natural d\u2019Ullastret, la seva evoluci\u00f3 al llarg dels segles i la seq\u00fcenciaci\u00f3 cronol\u00f2gica.<\/p>\n<p class=\"Estilo2\">La visita al jaciment i Museu t\u00e9 una durada d\u2019unes 3 hores.<\/p>\n<table style=\"width: 717px;\" width=\"709\">\n<tbody>\n<tr>\n<td style=\"width: 711px;\" colspan=\"3\"><strong>\u00a0<\/strong><strong>Per vincular a la programaci\u00f3 del centre<\/strong><\/td>\n<\/tr>\n<tr>\n<td style=\"width: 136.217px;\"><strong>\u00c0MBIT<\/strong><\/td>\n<td style=\"width: 84.5px;\">DIMENSI\u00d3<\/td>\n<td style=\"width: 486.283px;\">COMPET\u00c8NCIA<\/td>\n<\/tr>\n<tr>\n<td style=\"width: 136.217px;\"><strong> coneixement del medi<\/strong><\/td>\n<td style=\"width: 84.5px;\">m\u00f3n actual<\/td>\n<td style=\"width: 486.283px;\">\n<h3>Compet\u00e8ncia 2.<\/h3>\n<p>Interpretar el present a partir de l\u2019an\u00e0lisi dels canvis i continu\u00eftats al llarg del temps, per comprendre la societat en qu\u00e8 vivim<\/td>\n<\/tr>\n<tr>\n<td style=\"width: 711px;\" colspan=\"3\"><strong>Objectius:<\/strong><\/td>\n<\/tr>\n<tr>\n<td style=\"width: 711px;\" colspan=\"3\">\n<ul>\n<li>\u00a0 Con\u00e8ixer la cultura ib\u00e8rica en general i \u00a0les particularitats dels Indigets d\u2019Ullastret.<\/li>\n<li>\u00a0 Situar l\u2019\u00e8poca dels ibers dins el context espai temporal.<\/li>\n<li>\u00a0 Fer part\u00edcep l\u2019alumnat del passat iber, situar-lo en el context hist\u00f2ric i geogr\u00e0fic, con\u00e8ixer de primera m\u00e0 les restes per tal de posar-les en valor. \u00a0\u00a0\u00a0 <strong><br \/>\n<\/strong><\/li>\n<\/ul>\n<\/td>\n<\/tr>\n<\/tbody>\n<\/table>\n<p>Per dur a terme aquesta activitat partirem de la pregunta guia:<\/p>\n<p><a href=\"https:\/\/serveiseducatius.xtec.cat\/cda-empuries\/wp-content\/uploads\/usu1383\/2019\/10\/pregunta-ullastret-CS.png\"><img loading=\"lazy\" decoding=\"async\" class=\"alignnone size-full wp-image-10144\" src=\"https:\/\/serveiseducatius.xtec.cat\/cda-empuries\/wp-content\/uploads\/usu1383\/2019\/10\/pregunta-ullastret-CS.png\" alt=\"\" width=\"567\" height=\"133\" srcset=\"https:\/\/serveiseducatius.xtec.cat\/cda-empuries\/wp-content\/uploads\/usu1383\/2019\/10\/pregunta-ullastret-CS.png 567w, https:\/\/serveiseducatius.xtec.cat\/cda-empuries\/wp-content\/uploads\/usu1383\/2019\/10\/pregunta-ullastret-CS-300x70.png 300w\" sizes=\"auto, (max-width: 567px) 100vw, 567px\" \/><\/a><\/p>\n<p>\u00c9s important que mireu amb els alumnes la presentaci\u00f3 que us enllacem per tal de comen\u00e7ar a preparar el terreny i crear inter\u00e8s i curiositat<\/p>\n<p><a href=\"https:\/\/serveiseducatius.xtec.cat\/cda-empuries\/treballs-previs-ullastret\/\"><img loading=\"lazy\" decoding=\"async\" class=\"alignnone size-full wp-image-9050\" src=\"https:\/\/serveiseducatius.xtec.cat\/cda-empuries\/wp-content\/uploads\/usu1383\/2019\/06\/1.jpg\" alt=\"\" width=\"207\" height=\"289\" \/><\/a> \u00a0 \u00a0 \u00a0 \u00a0 \u00a0 <a href=\"https:\/\/drive.google.com\/file\/d\/1gPdoP3TNiOniYIKhqBI7RTagHeB15r01\/view?usp=sharing\" target=\"_blank\" rel=\"noopener noreferrer\"><img loading=\"lazy\" decoding=\"async\" class=\"alignnone wp-image-9051 size-full\" src=\"https:\/\/serveiseducatius.xtec.cat\/cda-empuries\/wp-content\/uploads\/usu1383\/2019\/06\/2.jpg\" alt=\"\" width=\"206\" height=\"290\" \/><\/a> \u00a0 \u00a0 \u00a0 \u00a0 \u00a0\u00a0 <a href=\"https:\/\/serveiseducatius.xtec.cat\/cda-empuries\/moment-3-ullastret-un-poblat-dels-ibers-cs\/\"><img loading=\"lazy\" decoding=\"async\" class=\"alignnone size-full wp-image-9052\" src=\"https:\/\/serveiseducatius.xtec.cat\/cda-empuries\/wp-content\/uploads\/usu1383\/2019\/06\/3.jpg\" alt=\"\" width=\"205\" height=\"289\" \/><\/a><\/p>\n<p class=\"Estilo2\">Aquesta activitat est\u00e0 directament relacionada amb:<\/p>\n<ul>\n<li class=\"Estilo2\"><a href=\"https:\/\/serveiseducatius.xtec.cat\/cda-empuries\/empuries-un-pont-de-mar-blava-2\/\" target=\"_blank\" rel=\"noopener noreferrer\">Jaciment grecorom\u00e0 d\u2019Emp\u00faries i Museu<\/a><\/li>\n<li class=\"Estilo2\"><a href=\"https:\/\/serveiseducatius.xtec.cat\/cda-empuries\/activitats-de-sant-marti-dempuries\/\" target=\"_blank\" rel=\"noopener noreferrer\">Sant Mart\u00ed d\u2019Emp\u00faries i Espig\u00f3 hel\u00b7len\u00edstic<\/a><\/li>\n<\/ul>\n<p class=\"Estilo2\"><img loading=\"lazy\" decoding=\"async\" class=\" alignleft\" src=\"http:\/\/www.xtec.cat\/cda-empuries\/Imatges\/ullastret02.jpg\" alt=\"\" width=\"164\" height=\"138\" \/><img loading=\"lazy\" decoding=\"async\" class=\"alignleft\" src=\"http:\/\/www.xtec.cat\/cda-empuries\/Imatges\/ullastret01.jpg\" alt=\"\" width=\"138\" height=\"129\" \/><img loading=\"lazy\" decoding=\"async\" class=\"alignleft\" src=\"http:\/\/www.xtec.cat\/cda-empuries\/Imatges\/ullastret03.jpg\" alt=\"\" width=\"137\" height=\"121\" \/><\/p>\n<\/div>\n<footer class=\"entry-meta\"><\/footer>\n<\/article>\n<div id=\"comments\"><\/div>\n<\/div>\n<\/div>\n<\/div>\n<div class=\"three\"><\/div>\n<div><\/div>\n<div><\/div>\n<div><\/div>\n<div><\/div>\n<div><\/div>\n<div><\/div>\n<div><\/div>\n<div><\/div>\n<h2 style=\"text-align: center;\"><a href=\"https:\/\/serveiseducatius.xtec.cat\/cda-empuries\/jaciment-iberic-dullastret-i-museu-2\/\">Torna a Jaciment ib\u00e8ric d&#8217;Ullastret i museu<\/a><\/h2>\n<\/div>\n","protected":false},"excerpt":{"rendered":"<p>Nivell educatiu: Cicle Superior de Prim\u00e0ria i 1r ESO Codi de l\u2019activitat: Ea9 Visita de les ru\u00efnes ib\u00e8riques del Puig de Sant Andreu que, per als nivells inicials, es pot contextualitzar a partir de les activitats quotidianes d\u2019en M\u00e0rius, un noi de l\u2019Emp\u00faries del segle I, i dels records d\u2019un avantpassat seu d\u2019ascend\u00e8ncia ib\u00e8rica, en [&hellip;]<\/p>\n","protected":false},"author":1,"featured_media":0,"parent":0,"menu_order":0,"comment_status":"closed","ping_status":"closed","template":"","meta":{"_bbp_topic_count":0,"_bbp_reply_count":0,"_bbp_total_topic_count":0,"_bbp_total_reply_count":0,"_bbp_voice_count":0,"_bbp_anonymous_reply_count":0,"_bbp_topic_count_hidden":0,"_bbp_reply_count_hidden":0,"_bbp_forum_subforum_count":0,"site-sidebar-layout":"default","site-content-layout":"","ast-site-content-layout":"","site-content-style":"default","site-sidebar-style":"default","ast-global-header-display":"","ast-banner-title-visibility":"","ast-main-header-display":"","ast-hfb-above-header-display":"","ast-hfb-below-header-display":"","ast-hfb-mobile-header-display":"","site-post-title":"","ast-breadcrumbs-content":"","ast-featured-img":"","footer-sml-layout":"","theme-transparent-header-meta":"","adv-header-id-meta":"","stick-header-meta":"","header-above-stick-meta":"","header-main-stick-meta":"","header-below-stick-meta":"","astra-migrate-meta-layouts":"default","ast-page-background-enabled":"default","ast-page-background-meta":{"desktop":{"background-color":"var(--ast-global-color-4)","background-image":"","background-repeat":"repeat","background-position":"center center","background-size":"auto","background-attachment":"scroll","background-type":"","background-media":"","overlay-type":"","overlay-color":"","overlay-opacity":"","overlay-gradient":""},"tablet":{"background-color":"","background-image":"","background-repeat":"repeat","background-position":"center center","background-size":"auto","background-attachment":"scroll","background-type":"","background-media":"","overlay-type":"","overlay-color":"","overlay-opacity":"","overlay-gradient":""},"mobile":{"background-color":"","background-image":"","background-repeat":"repeat","background-position":"center center","background-size":"auto","background-attachment":"scroll","background-type":"","background-media":"","overlay-type":"","overlay-color":"","overlay-opacity":"","overlay-gradient":""}},"ast-content-background-meta":{"desktop":{"background-color":"var(--ast-global-color-5)","background-image":"","background-repeat":"repeat","background-position":"center center","background-size":"auto","background-attachment":"scroll","background-type":"","background-media":"","overlay-type":"","overlay-color":"","overlay-opacity":"","overlay-gradient":""},"tablet":{"background-color":"var(--ast-global-color-5)","background-image":"","background-repeat":"repeat","background-position":"center center","background-size":"auto","background-attachment":"scroll","background-type":"","background-media":"","overlay-type":"","overlay-color":"","overlay-opacity":"","overlay-gradient":""},"mobile":{"background-color":"var(--ast-global-color-5)","background-image":"","background-repeat":"repeat","background-position":"center center","background-size":"auto","background-attachment":"scroll","background-type":"","background-media":"","overlay-type":"","overlay-color":"","overlay-opacity":"","overlay-gradient":""}},"footnotes":""},"class_list":["post-9270","page","type-page","status-publish","hentry"],"post_mailing_queue_ids":[],"_links":{"self":[{"href":"https:\/\/serveiseducatius.xtec.cat\/cda-empuries\/wp-json\/wp\/v2\/pages\/9270","targetHints":{"allow":["GET"]}}],"collection":[{"href":"https:\/\/serveiseducatius.xtec.cat\/cda-empuries\/wp-json\/wp\/v2\/pages"}],"about":[{"href":"https:\/\/serveiseducatius.xtec.cat\/cda-empuries\/wp-json\/wp\/v2\/types\/page"}],"author":[{"embeddable":true,"href":"https:\/\/serveiseducatius.xtec.cat\/cda-empuries\/wp-json\/wp\/v2\/users\/1"}],"replies":[{"embeddable":true,"href":"https:\/\/serveiseducatius.xtec.cat\/cda-empuries\/wp-json\/wp\/v2\/comments?post=9270"}],"version-history":[{"count":4,"href":"https:\/\/serveiseducatius.xtec.cat\/cda-empuries\/wp-json\/wp\/v2\/pages\/9270\/revisions"}],"predecessor-version":[{"id":11780,"href":"https:\/\/serveiseducatius.xtec.cat\/cda-empuries\/wp-json\/wp\/v2\/pages\/9270\/revisions\/11780"}],"wp:attachment":[{"href":"https:\/\/serveiseducatius.xtec.cat\/cda-empuries\/wp-json\/wp\/v2\/media?parent=9270"}],"curies":[{"name":"wp","href":"https:\/\/api.w.org\/{rel}","templated":true}]}}