{"id":9230,"date":"2019-06-28T08:15:34","date_gmt":"2019-06-28T06:15:34","guid":{"rendered":"http:\/\/serveiseducatius.xtec.cat\/cda-empuries\/?page_id=9230"},"modified":"2021-04-14T23:37:28","modified_gmt":"2021-04-14T21:37:28","slug":"la-paraula-en-el-vent-itinerari-historicoliterari-a-empuries","status":"publish","type":"page","link":"https:\/\/serveiseducatius.xtec.cat\/cda-empuries\/la-paraula-en-el-vent-itinerari-historicoliterari-a-empuries\/","title":{"rendered":"La paraula en el vent: Itinerari hist\u00f2ricoliterari a Emp\u00faries"},"content":{"rendered":"<div class=\"entry-content\">\n<p><strong>Nivell educatiu:<\/strong>\u00a0Batxillerat i adaptable a 4rt d\u2019ESO i a Cicles Formatius<\/p>\n<p><strong>Codi de l\u2019activitat:<\/strong> Ea7<\/p>\n<p>Aquesta activitat pret\u00e9n combinar la visita guiada tradicional a la ciutat grega i romana d\u2019Emp\u00faries i al seu Museu amb la lectura, per part dels alumnes participants, de textos relacionats amb aquest jaciment, d\u2019escriptors grecs i llatins en traducci\u00f3 catalana.<\/p>\n<p>Cada alumne, sota el guiatge del seu professor o professora, es prepara un dels textos subministrats pels professionals del CdA (i que es poden descarregar en aquest <a href=\"http:\/\/blocs.xtec.cat\/cdaempuries\/files\/2016\/01\/TEXTOS-Batxillerat.pdf\">Enlla\u00e7<\/a> i el llegeix davant de l\u2019espai que s\u2019hi relaciona. Finalment, tots els participants el comenten breument i en glossen la seva relaci\u00f3 amb l\u2019espai visitat.<\/p>\n<p>Aquest projecte es presenta sota dues modalitats diferents segons el nivell acad\u00e8mic dels alumnes participants.<\/p>\n<p>En cas d\u2019instituts petits que aix\u00ed ho desitgin i per tal d\u2019optimitzar el despla\u00e7ament a Emp\u00faries, es pot combinar aquesta activitat amb la titulada \u00abItinerari cient\u00edfic a les Dunes d\u2019Emp\u00faries\u00bb, adre\u00e7ada preferentment a alumnes del batxillerat cient\u00edfic, de manera que ambdues activitats es poden realitzar paral\u00b7lelament.<\/p>\n<p>En relaci\u00f3 a aquest itinerari i al titulat \u201cItinerari cient\u00edfic a les Dunes d\u2019Emp\u00faries\u201d, us recomanem que llegiu amb atenci\u00f3 les <a href=\"http:\/\/blocs.xtec.cat\/cdaempuries\/files\/2016\/01\/Consideracions-Itinerari-Batx.docx\">Consideracions Itineraris Batxillerat<\/a> aqu\u00ed indexades.<\/p>\n<p>Per dur a terme aquesta activitat partirem de la pregunta guia:<\/p>\n<p><a href=\"https:\/\/serveiseducatius.xtec.cat\/cda-empuries\/wp-content\/uploads\/usu1383\/2019\/06\/vent-1.jpg\"><img loading=\"lazy\" decoding=\"async\" class=\"size-full wp-image-9237 aligncenter\" src=\"https:\/\/serveiseducatius.xtec.cat\/cda-empuries\/wp-content\/uploads\/usu1383\/2019\/06\/vent-1.jpg\" alt=\"\" width=\"551\" height=\"113\" srcset=\"https:\/\/serveiseducatius.xtec.cat\/cda-empuries\/wp-content\/uploads\/usu1383\/2019\/06\/vent-1.jpg 551w, https:\/\/serveiseducatius.xtec.cat\/cda-empuries\/wp-content\/uploads\/usu1383\/2019\/06\/vent-1-300x62.jpg 300w\" sizes=\"auto, (max-width: 551px) 100vw, 551px\" \/><\/a><br \/>\nRecomanem que mireu la presentaci\u00f3 que us enviem per tal de comen\u00e7ar a preparar el terreny i crear inter\u00e8s i curiositat.<\/p>\n<p><a href=\"https:\/\/www.youtube.com\/watch?v=iqKf0BvlM4k&amp;feature=youtu.be\">Aqu\u00ed teniu un v\u00eddeo il\u00b7lustratiu dels nostres guiatges hist\u00f2ricoliteraris, <\/a><a href=\"http:\/\/www.canal10.cat\/video\/13926-la-paraula-en-el-vent-nou-recorregut-hist-ric-i-literari-a-emp-ries\">aix\u00ed com un reportatge audiovisual protagonitzat pels professors i alumnes de dos instituts de T\u00e0rrega.<\/a><\/p>\n<p>En aquest enlla\u00e7 podeu trobar el <a href=\"https:\/\/drive.google.com\/file\/d\/1J1jWVRMX2Gfvt15grpW7zkPVZmAfGPuG\/view?usp=sharing\">Quadernet de Camp<\/a>.<\/p>\n<p>Treball posterior que els alumnes han de fer (aquesta \u00e9s una proposta, podeu fer-ne una altra si voleu)<\/p>\n<\/div>\n<table width=\"720\">\n<tbody>\n<tr>\n<td width=\"134\"><strong><a href=\"https:\/\/serveiseducatius.xtec.cat\/cda-empuries\/wp-content\/uploads\/usu1383\/2019\/06\/producte-final.png\"><img loading=\"lazy\" decoding=\"async\" class=\"alignnone size-full wp-image-9118\" src=\"https:\/\/serveiseducatius.xtec.cat\/cda-empuries\/wp-content\/uploads\/usu1383\/2019\/06\/producte-final.png\" alt=\"\" width=\"129\" height=\"130\" \/><\/a><\/strong><\/td>\n<td width=\"586\"><strong>Per 1r de batx.<\/strong> Fer un treball de recerca de textos literaris que descriguin l\u2019estructura i organitzaci\u00f3 d\u2019una ciutat romana o grega.<\/p>\n<p>At\u00e8s que <strong>2n de batxillera<\/strong>t\u00a0 est\u00e0 orientat a la selectivitat, no s\u2019estableix un producte final concret, sin\u00f3 simplement que l\u2019alumne sigui capa\u00e7 de resoldre qualsevol pregunta, de qualsevol tipologia, sobre la ciutat grega i romana d\u2019Emp\u00faries en les proves de grec i llat\u00ed de selectivitat.<\/td>\n<\/tr>\n<\/tbody>\n<\/table>\n<p>&nbsp;<\/p>\n<p>Per saber-ne m\u00e9s:<\/p>\n<div class=\"entry-content\">\n<p>I aqu\u00ed dos articles i el tr\u00edptic de promoci\u00f3 de l\u2019activitat:<\/p>\n<p><a href=\"http:\/\/blocs.xtec.cat\/cdaempuries\/files\/2016\/01\/article-Eusebi-Ayensa1.pdf\">\u00abPoesia m\u00e9s enll\u00e0 de l\u2019aula: Els itineraris de la paraula\u00bb (<em>Serra d\u2019Or,<\/em> n\u00ba 674, febrer de 2016) <\/a><\/p>\n<p><a href=\"http:\/\/blocs.xtec.cat\/cdaempuries\/files\/2016\/01\/article-Eusebi-Ayensa-2.pdf\">\u00abLa paraula en el vent: Guiatges hist\u00f2ricoliteraris a Emp\u00faries\u00bb (<em>Auriga,<\/em> n\u00ba 81, abril de 2016)<\/a><\/p>\n<p>&nbsp;<\/p>\n<p class=\"Estilo2\">Aquesta activitat est\u00e0 directament relacionada amb:<\/p>\n<ul>\n<li class=\"Estilo2\">Jaciment ib\u00e8ric d\u2019Ullastret i Museu<\/li>\n<li class=\"Estilo2\">Itinerari cient\u00edfic a les Dunes d\u2019Emp\u00faries<\/li>\n<\/ul>\n<p data-wp-editing=\"1\"><a href=\"http:\/\/blocs.xtec.cat\/cdaempuries\/files\/2016\/01\/P1060599.jpg\"><img loading=\"lazy\" decoding=\"async\" class=\"wp-image-1585 alignleft\" src=\"http:\/\/blocs.xtec.cat\/cdaempuries\/files\/2016\/01\/P1060599.jpg\" alt=\"P1060599\" width=\"295\" height=\"221\" \/><\/a><a href=\"http:\/\/blocs.xtec.cat\/cdaempuries\/files\/2016\/01\/001-2.jpg\"><img loading=\"lazy\" decoding=\"async\" class=\"wp-image-1640 alignright\" src=\"http:\/\/blocs.xtec.cat\/cdaempuries\/files\/2016\/01\/001-2.jpg\" alt=\"001-2\" width=\"431\" height=\"242\" \/><\/a><a href=\"http:\/\/blocs.xtec.cat\/cdaempuries\/files\/2016\/01\/001-2.jpg\"><br \/>\n<\/a>\n<\/p>\n<\/div>\n<div class=\"entry-content\">\n<p>&nbsp;<\/p>\n<p>&nbsp;<\/p>\n<p>&nbsp;<\/p>\n<p>&nbsp;<\/p>\n<p><a href=\"https:\/\/serveiseducatius.xtec.cat\/cda-empuries\/empuries-un-pont-de-mar-blava-2\/\">Torna a Emp\u00faries, un pont de mar blava<\/a><\/p>\n<\/div>\n","protected":false},"excerpt":{"rendered":"<p>Nivell educatiu:\u00a0Batxillerat i adaptable a 4rt d\u2019ESO i a Cicles Formatius Codi de l\u2019activitat: Ea7 Aquesta activitat pret\u00e9n combinar la visita guiada tradicional a la ciutat grega i romana d\u2019Emp\u00faries i al seu Museu amb la lectura, per part dels alumnes participants, de textos relacionats amb aquest jaciment, d\u2019escriptors grecs i llatins en traducci\u00f3 catalana. [&hellip;]<\/p>\n","protected":false},"author":1,"featured_media":0,"parent":0,"menu_order":0,"comment_status":"closed","ping_status":"closed","template":"","meta":{"_bbp_topic_count":0,"_bbp_reply_count":0,"_bbp_total_topic_count":0,"_bbp_total_reply_count":0,"_bbp_voice_count":0,"_bbp_anonymous_reply_count":0,"_bbp_topic_count_hidden":0,"_bbp_reply_count_hidden":0,"_bbp_forum_subforum_count":0,"site-sidebar-layout":"default","site-content-layout":"","ast-site-content-layout":"","site-content-style":"default","site-sidebar-style":"default","ast-global-header-display":"","ast-banner-title-visibility":"","ast-main-header-display":"","ast-hfb-above-header-display":"","ast-hfb-below-header-display":"","ast-hfb-mobile-header-display":"","site-post-title":"","ast-breadcrumbs-content":"","ast-featured-img":"","footer-sml-layout":"","theme-transparent-header-meta":"","adv-header-id-meta":"","stick-header-meta":"","header-above-stick-meta":"","header-main-stick-meta":"","header-below-stick-meta":"","astra-migrate-meta-layouts":"default","ast-page-background-enabled":"default","ast-page-background-meta":{"desktop":{"background-color":"var(--ast-global-color-4)","background-image":"","background-repeat":"repeat","background-position":"center center","background-size":"auto","background-attachment":"scroll","background-type":"","background-media":"","overlay-type":"","overlay-color":"","overlay-opacity":"","overlay-gradient":""},"tablet":{"background-color":"","background-image":"","background-repeat":"repeat","background-position":"center center","background-size":"auto","background-attachment":"scroll","background-type":"","background-media":"","overlay-type":"","overlay-color":"","overlay-opacity":"","overlay-gradient":""},"mobile":{"background-color":"","background-image":"","background-repeat":"repeat","background-position":"center center","background-size":"auto","background-attachment":"scroll","background-type":"","background-media":"","overlay-type":"","overlay-color":"","overlay-opacity":"","overlay-gradient":""}},"ast-content-background-meta":{"desktop":{"background-color":"var(--ast-global-color-5)","background-image":"","background-repeat":"repeat","background-position":"center center","background-size":"auto","background-attachment":"scroll","background-type":"","background-media":"","overlay-type":"","overlay-color":"","overlay-opacity":"","overlay-gradient":""},"tablet":{"background-color":"var(--ast-global-color-5)","background-image":"","background-repeat":"repeat","background-position":"center center","background-size":"auto","background-attachment":"scroll","background-type":"","background-media":"","overlay-type":"","overlay-color":"","overlay-opacity":"","overlay-gradient":""},"mobile":{"background-color":"var(--ast-global-color-5)","background-image":"","background-repeat":"repeat","background-position":"center center","background-size":"auto","background-attachment":"scroll","background-type":"","background-media":"","overlay-type":"","overlay-color":"","overlay-opacity":"","overlay-gradient":""}},"footnotes":""},"class_list":["post-9230","page","type-page","status-publish","hentry"],"post_mailing_queue_ids":[],"_links":{"self":[{"href":"https:\/\/serveiseducatius.xtec.cat\/cda-empuries\/wp-json\/wp\/v2\/pages\/9230","targetHints":{"allow":["GET"]}}],"collection":[{"href":"https:\/\/serveiseducatius.xtec.cat\/cda-empuries\/wp-json\/wp\/v2\/pages"}],"about":[{"href":"https:\/\/serveiseducatius.xtec.cat\/cda-empuries\/wp-json\/wp\/v2\/types\/page"}],"author":[{"embeddable":true,"href":"https:\/\/serveiseducatius.xtec.cat\/cda-empuries\/wp-json\/wp\/v2\/users\/1"}],"replies":[{"embeddable":true,"href":"https:\/\/serveiseducatius.xtec.cat\/cda-empuries\/wp-json\/wp\/v2\/comments?post=9230"}],"version-history":[{"count":3,"href":"https:\/\/serveiseducatius.xtec.cat\/cda-empuries\/wp-json\/wp\/v2\/pages\/9230\/revisions"}],"predecessor-version":[{"id":11224,"href":"https:\/\/serveiseducatius.xtec.cat\/cda-empuries\/wp-json\/wp\/v2\/pages\/9230\/revisions\/11224"}],"wp:attachment":[{"href":"https:\/\/serveiseducatius.xtec.cat\/cda-empuries\/wp-json\/wp\/v2\/media?parent=9230"}],"curies":[{"name":"wp","href":"https:\/\/api.w.org\/{rel}","templated":true}]}}