{"id":9226,"date":"2019-06-28T08:10:00","date_gmt":"2019-06-28T06:10:00","guid":{"rendered":"http:\/\/serveiseducatius.xtec.cat\/cda-empuries\/?page_id=9226"},"modified":"2023-01-24T11:17:19","modified_gmt":"2023-01-24T10:17:19","slug":"ciutat-romana-dempuries-i-taller-dinscripcions","status":"publish","type":"page","link":"https:\/\/serveiseducatius.xtec.cat\/cda-empuries\/ciutat-romana-dempuries-i-taller-dinscripcions\/","title":{"rendered":"Ciutat romana d\u2019Emp\u00faries i Taller d\u2019inscripcions"},"content":{"rendered":"<div class=\"entry-content\">\n<p><strong>Nivell educatiu:<\/strong> 4art d\u2019ESO i Batxillerat (i adaptable a Cicles Formatius)<\/p>\n<p><strong>Codi de l\u2019activitat:<\/strong> Ea9<\/p>\n<p>Aquesta activitat s\u2019inicia amb una visita guiada en profunditat a la ciutat romana d\u2019Emp\u00faries (tant als seus edificis d\u2019\u00fas p\u00fablic com privat), aix\u00ed com als objectes d\u2019aquesta cultura exposats en el Museu d\u2019Emp\u00faries.<\/p>\n<p>En un segon moment, la visita es complementa, en el mateix museu, amb un taller d\u2019interpretaci\u00f3 d\u2019inscripcions llatines, tant votives com funer\u00e0ries, en el qual s\u2019exposen a l\u2019alumne les principals caracter\u00edstiques d\u2019una inscripci\u00f3 (materials, tipus de lletra, ordre dels mots, abreviatures m\u00e9s freq\u00fcents\u2026). Es tracta d\u2019un taller eminentment pr\u00e0ctic, en el qual l\u2019alumne aprendr\u00e0 a interpretar una inscripci\u00f3 en llat\u00ed, amb l\u2019objectiu que, en el futur, pugui aplicar aquest coneixement a qualsevol inscripci\u00f3 que pugui trobar en qualsevol jaciment o museu arqueol\u00f2gic del m\u00f3n.<\/p>\n<p>Nombre m\u00e0xim d\u2019alumnes: 25 (activitat combinable, per\u00f2, amb l\u2019Itinerari cient\u00edfic per les dunes d\u2019Emp\u00faries, adre\u00e7ada a alumnes de l\u2019itinerari cient\u00edfic).<\/p>\n<p>Per a la realitzaci\u00f3 activitat \u00e9s necessari un coneixement rudimentari de la llengua llatina (tres primeres declinacions)<\/p>\n<p class=\"Estilo2\">La visita t\u00e9 una durada d\u2019unes <strong>3 hores<\/strong>.<\/p>\n<p class=\"Estilo2\">En aquest enlla\u00e7 us podeu descarregar el <a href=\"https:\/\/drive.google.com\/file\/d\/1OxNGLX9NbXtxuM9wx0brD-s3ed2bcvhp\/view?usp=sharing\" target=\"_blank\" rel=\"noopener\">Quadern de Camp<\/a>.<\/p>\n<p>Aquesta activitat est\u00e0 directament relacionada amb:<\/p>\n<ul>\n<li>Jaciment ib\u00e8ric d\u2019Ullastret i Museu<\/li>\n<li>Itinerari cient\u00edfic a les Dunes d\u2019Emp\u00faries<\/li>\n<\/ul>\n<p><a href=\"http:\/\/blocs.xtec.cat\/cdaempuries\/files\/2017\/04\/2008-04-25_IMG_2008-04-18_12-03-08_dif_pro_cr_00239.jpg\"><img loading=\"lazy\" decoding=\"async\" class=\"wp-image-2040 alignleft\" src=\"http:\/\/blocs.xtec.cat\/cdaempuries\/files\/2017\/04\/2008-04-25_IMG_2008-04-18_12-03-08_dif_pro_cr_00239.jpg\" alt=\"2008-04-25_IMG_2008-04-18_12 03 08_dif_pro_cr_00239\" width=\"287\" height=\"191\" \/><\/a><a href=\"http:\/\/blocs.xtec.cat\/cdaempuries\/files\/2017\/04\/vista-aeria-ciutat-romana.jpg_imagelarge-1.gif\"><img loading=\"lazy\" decoding=\"async\" class=\"wp-image-2039 alignleft\" src=\"http:\/\/blocs.xtec.cat\/cdaempuries\/files\/2017\/04\/vista-aeria-ciutat-romana.jpg_imagelarge-1.gif\" alt=\"vista-aeria-ciutat-romana.jpg_imagelarge\" width=\"429\" height=\"189\" \/><\/a><a href=\"https:\/\/serveiseducatius.xtec.cat\/cda-empuries\/wp-content\/uploads\/usu1383\/2022\/02\/Caius-Aemilius-2.jpg\"><img loading=\"lazy\" decoding=\"async\" class=\"wp-image-11639 alignnone\" src=\"https:\/\/serveiseducatius.xtec.cat\/cda-empuries\/wp-content\/uploads\/usu1383\/2022\/02\/Caius-Aemilius-2-1024x566.jpg\" alt=\"\" width=\"313\" height=\"173\" srcset=\"https:\/\/serveiseducatius.xtec.cat\/cda-empuries\/wp-content\/uploads\/usu1383\/2022\/02\/Caius-Aemilius-2-1024x566.jpg 1024w, https:\/\/serveiseducatius.xtec.cat\/cda-empuries\/wp-content\/uploads\/usu1383\/2022\/02\/Caius-Aemilius-2-300x166.jpg 300w, https:\/\/serveiseducatius.xtec.cat\/cda-empuries\/wp-content\/uploads\/usu1383\/2022\/02\/Caius-Aemilius-2-768x425.jpg 768w, https:\/\/serveiseducatius.xtec.cat\/cda-empuries\/wp-content\/uploads\/usu1383\/2022\/02\/Caius-Aemilius-2.jpg 1392w\" sizes=\"auto, (max-width: 313px) 100vw, 313px\" \/><\/a><img loading=\"lazy\" decoding=\"async\" class=\"wp-image-2049 alignleft\" src=\"http:\/\/blocs.xtec.cat\/cdaempuries\/files\/2017\/04\/Luci-Minici-2.jpg\" alt=\"Luci Minici 2\" width=\"182\" height=\"197\" \/><\/p>\n<p><a href=\"https:\/\/serveiseducatius.xtec.cat\/cda-empuries\/empuries-un-pont-de-mar-blava-2\/\">Torna a Emp\u00faries un pont de mar blava<\/a><\/p>\n<\/div>\n","protected":false},"excerpt":{"rendered":"<p>Nivell educatiu: 4art d\u2019ESO i Batxillerat (i adaptable a Cicles Formatius) Codi de l\u2019activitat: Ea9 Aquesta activitat s\u2019inicia amb una visita guiada en profunditat a la ciutat romana d\u2019Emp\u00faries (tant als seus edificis d\u2019\u00fas p\u00fablic com privat), aix\u00ed com als objectes d\u2019aquesta cultura exposats en el Museu d\u2019Emp\u00faries. En un segon moment, la visita es [&hellip;]<\/p>\n","protected":false},"author":1,"featured_media":0,"parent":0,"menu_order":0,"comment_status":"closed","ping_status":"closed","template":"","meta":{"_bbp_topic_count":0,"_bbp_reply_count":0,"_bbp_total_topic_count":0,"_bbp_total_reply_count":0,"_bbp_voice_count":0,"_bbp_anonymous_reply_count":0,"_bbp_topic_count_hidden":0,"_bbp_reply_count_hidden":0,"_bbp_forum_subforum_count":0,"site-sidebar-layout":"default","site-content-layout":"","ast-site-content-layout":"","site-content-style":"default","site-sidebar-style":"default","ast-global-header-display":"","ast-banner-title-visibility":"","ast-main-header-display":"","ast-hfb-above-header-display":"","ast-hfb-below-header-display":"","ast-hfb-mobile-header-display":"","site-post-title":"","ast-breadcrumbs-content":"","ast-featured-img":"","footer-sml-layout":"","theme-transparent-header-meta":"","adv-header-id-meta":"","stick-header-meta":"","header-above-stick-meta":"","header-main-stick-meta":"","header-below-stick-meta":"","astra-migrate-meta-layouts":"default","ast-page-background-enabled":"default","ast-page-background-meta":{"desktop":{"background-color":"var(--ast-global-color-4)","background-image":"","background-repeat":"repeat","background-position":"center center","background-size":"auto","background-attachment":"scroll","background-type":"","background-media":"","overlay-type":"","overlay-color":"","overlay-opacity":"","overlay-gradient":""},"tablet":{"background-color":"","background-image":"","background-repeat":"repeat","background-position":"center center","background-size":"auto","background-attachment":"scroll","background-type":"","background-media":"","overlay-type":"","overlay-color":"","overlay-opacity":"","overlay-gradient":""},"mobile":{"background-color":"","background-image":"","background-repeat":"repeat","background-position":"center center","background-size":"auto","background-attachment":"scroll","background-type":"","background-media":"","overlay-type":"","overlay-color":"","overlay-opacity":"","overlay-gradient":""}},"ast-content-background-meta":{"desktop":{"background-color":"var(--ast-global-color-5)","background-image":"","background-repeat":"repeat","background-position":"center center","background-size":"auto","background-attachment":"scroll","background-type":"","background-media":"","overlay-type":"","overlay-color":"","overlay-opacity":"","overlay-gradient":""},"tablet":{"background-color":"var(--ast-global-color-5)","background-image":"","background-repeat":"repeat","background-position":"center center","background-size":"auto","background-attachment":"scroll","background-type":"","background-media":"","overlay-type":"","overlay-color":"","overlay-opacity":"","overlay-gradient":""},"mobile":{"background-color":"var(--ast-global-color-5)","background-image":"","background-repeat":"repeat","background-position":"center center","background-size":"auto","background-attachment":"scroll","background-type":"","background-media":"","overlay-type":"","overlay-color":"","overlay-opacity":"","overlay-gradient":""}},"footnotes":""},"class_list":["post-9226","page","type-page","status-publish","hentry"],"post_mailing_queue_ids":[],"_links":{"self":[{"href":"https:\/\/serveiseducatius.xtec.cat\/cda-empuries\/wp-json\/wp\/v2\/pages\/9226","targetHints":{"allow":["GET"]}}],"collection":[{"href":"https:\/\/serveiseducatius.xtec.cat\/cda-empuries\/wp-json\/wp\/v2\/pages"}],"about":[{"href":"https:\/\/serveiseducatius.xtec.cat\/cda-empuries\/wp-json\/wp\/v2\/types\/page"}],"author":[{"embeddable":true,"href":"https:\/\/serveiseducatius.xtec.cat\/cda-empuries\/wp-json\/wp\/v2\/users\/1"}],"replies":[{"embeddable":true,"href":"https:\/\/serveiseducatius.xtec.cat\/cda-empuries\/wp-json\/wp\/v2\/comments?post=9226"}],"version-history":[{"count":3,"href":"https:\/\/serveiseducatius.xtec.cat\/cda-empuries\/wp-json\/wp\/v2\/pages\/9226\/revisions"}],"predecessor-version":[{"id":11826,"href":"https:\/\/serveiseducatius.xtec.cat\/cda-empuries\/wp-json\/wp\/v2\/pages\/9226\/revisions\/11826"}],"wp:attachment":[{"href":"https:\/\/serveiseducatius.xtec.cat\/cda-empuries\/wp-json\/wp\/v2\/media?parent=9226"}],"curies":[{"name":"wp","href":"https:\/\/api.w.org\/{rel}","templated":true}]}}