{"id":9080,"date":"2019-06-22T09:56:07","date_gmt":"2019-06-22T07:56:07","guid":{"rendered":"http:\/\/serveiseducatius.xtec.cat\/cda-empuries\/?page_id=9080"},"modified":"2023-08-19T12:46:48","modified_gmt":"2023-08-19T10:46:48","slug":"empuries-mitologica","status":"publish","type":"page","link":"https:\/\/serveiseducatius.xtec.cat\/cda-empuries\/empuries-mitologica\/","title":{"rendered":"Taller de Mitologia I"},"content":{"rendered":"<div class=\"entry-content\">\n<p><strong>Nivell educatiu:<\/strong>\u00a0 Cicle Superior de Prim\u00e0ria i 1r i 2n d\u2019ESO (adaptable a 3r i 4t d&#8217;ESO)<\/p>\n<p><strong>Codi de l\u2019activitat:<\/strong> Ea4<\/p>\n<p>Aquesta activitat pret\u00e9n completar la visita al jaciment grecorom\u00e0 d&#8217;Emp\u00faries amb l\u2019explicaci\u00f3 de sis mites grecs estretament relacionats amb els espais visitats o amb alguns objectes especialment rellevants del Museu.<\/p>\n<p>Per tal de dur-lo a terme, \u00e9s necessari haver visitat previament el jaciment.<\/p>\n<p>Podeu descarregar els textos dels mites treballats a Emp\u00faries en el seg\u00fcent <a href=\"https:\/\/drive.google.com\/file\/d\/1aV2wUSBo0LVBdX8Gv2Tm6lTO6XmphhGF\/view?usp=share_link\">enlla\u00e7<\/a>.<\/p>\n<p>I clicant <a href=\"https:\/\/drive.google.com\/file\/d\/1EYCUJxooKhigEMNt2XFuAkmI4UMkvkzH\/view?usp=share_link\">aqu\u00ed<\/a> us\u00a0podeu descarregar el Quadernet de Camp (l&#8217;\u00fas del qual \u00e9s opcional, segons s&#8217;hagi acordat amb els docents del CdA).<\/p>\n<p>Aquesta activitat est\u00e0 estretament relacionada amb:<\/p>\n<ul>\n<li><a href=\"http:\/\/blocs.xtec.cat\/cdaempuries\/visita-guiada-al-jaciment-dullastret-i-al-museu\/\">Jaciment ib\u00e8ric d\u2019U<\/a>llastret i Museu<\/li>\n<\/ul>\n<p><a href=\"http:\/\/blocs.xtec.cat\/cdaempuries\/files\/2016\/01\/Asclepi3-2.jpg\"><img loading=\"lazy\" decoding=\"async\" class=\" wp-image-1598 alignleft\" src=\"http:\/\/blocs.xtec.cat\/cdaempuries\/files\/2016\/01\/Asclepi3-2-768x1024.jpg\" alt=\"Asclepi3 (2)\" width=\"111\" height=\"145\" \/><\/a><a href=\"http:\/\/blocs.xtec.cat\/cdaempuries\/files\/2016\/01\/IMG_6856-petit.jpg\"><img loading=\"lazy\" decoding=\"async\" class=\"alignnone wp-image-1602\" src=\"http:\/\/blocs.xtec.cat\/cdaempuries\/files\/2016\/01\/250px-SerapisHellenistic.jpg\" alt=\"250px-SerapisHellenistic\" width=\"101\" height=\"142\" \/><\/a><a href=\"https:\/\/serveiseducatius.xtec.cat\/cda-empuries\/wp-content\/uploads\/usu1383\/2022\/02\/dracma.jpg\"><img loading=\"lazy\" decoding=\"async\" class=\"alignnone wp-image-11640\" src=\"https:\/\/serveiseducatius.xtec.cat\/cda-empuries\/wp-content\/uploads\/usu1383\/2022\/02\/dracma.jpg\" alt=\"\" width=\"238\" height=\"122\" srcset=\"https:\/\/serveiseducatius.xtec.cat\/cda-empuries\/wp-content\/uploads\/usu1383\/2022\/02\/dracma.jpg 1000w, https:\/\/serveiseducatius.xtec.cat\/cda-empuries\/wp-content\/uploads\/usu1383\/2022\/02\/dracma-300x153.jpg 300w, https:\/\/serveiseducatius.xtec.cat\/cda-empuries\/wp-content\/uploads\/usu1383\/2022\/02\/dracma-768x392.jpg 768w\" sizes=\"auto, (max-width: 238px) 100vw, 238px\" \/><\/a><\/p>\n<\/div>\n","protected":false},"excerpt":{"rendered":"<p>Nivell educatiu:\u00a0 Cicle Superior de Prim\u00e0ria i 1r i 2n d\u2019ESO (adaptable a 3r i 4t d&#8217;ESO) Codi de l\u2019activitat: Ea4 Aquesta activitat pret\u00e9n completar la visita al jaciment grecorom\u00e0 d&#8217;Emp\u00faries amb l\u2019explicaci\u00f3 de sis mites grecs estretament relacionats amb els espais visitats o amb alguns objectes especialment rellevants del Museu. Per tal de dur-lo [&hellip;]<\/p>\n","protected":false},"author":1,"featured_media":0,"parent":0,"menu_order":0,"comment_status":"closed","ping_status":"closed","template":"","meta":{"_bbp_topic_count":0,"_bbp_reply_count":0,"_bbp_total_topic_count":0,"_bbp_total_reply_count":0,"_bbp_voice_count":0,"_bbp_anonymous_reply_count":0,"_bbp_topic_count_hidden":0,"_bbp_reply_count_hidden":0,"_bbp_forum_subforum_count":0,"site-sidebar-layout":"default","site-content-layout":"","ast-site-content-layout":"","site-content-style":"default","site-sidebar-style":"default","ast-global-header-display":"","ast-banner-title-visibility":"","ast-main-header-display":"","ast-hfb-above-header-display":"","ast-hfb-below-header-display":"","ast-hfb-mobile-header-display":"","site-post-title":"","ast-breadcrumbs-content":"","ast-featured-img":"","footer-sml-layout":"","theme-transparent-header-meta":"","adv-header-id-meta":"","stick-header-meta":"","header-above-stick-meta":"","header-main-stick-meta":"","header-below-stick-meta":"","astra-migrate-meta-layouts":"default","ast-page-background-enabled":"default","ast-page-background-meta":{"desktop":{"background-color":"var(--ast-global-color-4)","background-image":"","background-repeat":"repeat","background-position":"center center","background-size":"auto","background-attachment":"scroll","background-type":"","background-media":"","overlay-type":"","overlay-color":"","overlay-opacity":"","overlay-gradient":""},"tablet":{"background-color":"","background-image":"","background-repeat":"repeat","background-position":"center center","background-size":"auto","background-attachment":"scroll","background-type":"","background-media":"","overlay-type":"","overlay-color":"","overlay-opacity":"","overlay-gradient":""},"mobile":{"background-color":"","background-image":"","background-repeat":"repeat","background-position":"center center","background-size":"auto","background-attachment":"scroll","background-type":"","background-media":"","overlay-type":"","overlay-color":"","overlay-opacity":"","overlay-gradient":""}},"ast-content-background-meta":{"desktop":{"background-color":"var(--ast-global-color-5)","background-image":"","background-repeat":"repeat","background-position":"center center","background-size":"auto","background-attachment":"scroll","background-type":"","background-media":"","overlay-type":"","overlay-color":"","overlay-opacity":"","overlay-gradient":""},"tablet":{"background-color":"var(--ast-global-color-5)","background-image":"","background-repeat":"repeat","background-position":"center center","background-size":"auto","background-attachment":"scroll","background-type":"","background-media":"","overlay-type":"","overlay-color":"","overlay-opacity":"","overlay-gradient":""},"mobile":{"background-color":"var(--ast-global-color-5)","background-image":"","background-repeat":"repeat","background-position":"center center","background-size":"auto","background-attachment":"scroll","background-type":"","background-media":"","overlay-type":"","overlay-color":"","overlay-opacity":"","overlay-gradient":""}},"footnotes":""},"class_list":["post-9080","page","type-page","status-publish","hentry"],"post_mailing_queue_ids":[],"_links":{"self":[{"href":"https:\/\/serveiseducatius.xtec.cat\/cda-empuries\/wp-json\/wp\/v2\/pages\/9080","targetHints":{"allow":["GET"]}}],"collection":[{"href":"https:\/\/serveiseducatius.xtec.cat\/cda-empuries\/wp-json\/wp\/v2\/pages"}],"about":[{"href":"https:\/\/serveiseducatius.xtec.cat\/cda-empuries\/wp-json\/wp\/v2\/types\/page"}],"author":[{"embeddable":true,"href":"https:\/\/serveiseducatius.xtec.cat\/cda-empuries\/wp-json\/wp\/v2\/users\/1"}],"replies":[{"embeddable":true,"href":"https:\/\/serveiseducatius.xtec.cat\/cda-empuries\/wp-json\/wp\/v2\/comments?post=9080"}],"version-history":[{"count":4,"href":"https:\/\/serveiseducatius.xtec.cat\/cda-empuries\/wp-json\/wp\/v2\/pages\/9080\/revisions"}],"predecessor-version":[{"id":11965,"href":"https:\/\/serveiseducatius.xtec.cat\/cda-empuries\/wp-json\/wp\/v2\/pages\/9080\/revisions\/11965"}],"wp:attachment":[{"href":"https:\/\/serveiseducatius.xtec.cat\/cda-empuries\/wp-json\/wp\/v2\/media?parent=9080"}],"curies":[{"name":"wp","href":"https:\/\/api.w.org\/{rel}","templated":true}]}}