{"id":10313,"date":"2019-11-29T20:09:59","date_gmt":"2019-11-29T19:09:59","guid":{"rendered":"http:\/\/serveiseducatius.xtec.cat\/cda-empuries\/?page_id=10313"},"modified":"2023-09-15T18:20:53","modified_gmt":"2023-09-15T16:20:53","slug":"el-projecte-theos","status":"publish","type":"page","link":"https:\/\/serveiseducatius.xtec.cat\/cda-empuries\/el-projecte-theos\/","title":{"rendered":"El Projecte THEOS"},"content":{"rendered":"<p>La\u00a0 localitzaci\u00f3 del nostre CdA dins del poble de L&#8217;Escala, a tocar del jaciment arqueol\u00f2gic d&#8217;Emp\u00faries i tamb\u00e9 enmig dels parcs naturals dels Aiguamolls, del Montgr\u00ed-Baix ter i del Cap de Creus, ens situa en una posici\u00f3 excel\u00b7lent per treballar tant el patrimoni arquitect\u00f2nic, com cultural, social i, per descomptat, patrimoni natural. La nostra singularitat \u00e9s que tenim l&#8217;\u00fanic jaciment grec de Catalunya.<\/p>\n<p>Aix\u00f2 ens va dur a pensar que nom\u00e9s a Gr\u00e8cia podr\u00edem trobar algun centre d&#8217;educaci\u00f3 ambiental semblant al nostre i que seria interessant establir una col\u00b7laboraci\u00f3 en xarxa.<\/p>\n<p>Durant el curs 2015\/2016 es van comen\u00e7ar les converses amb Georgia Mystridou, una professora de biologia que havia treballat al &#8220;Center for Environmental Education Kato Poroia&#8221;. Ella ens va posar en contacte amb els professionals del centre d\u2019Educaci\u00f3 Ambiental d\u2019Eleftherio Kordelio de Tesal\u00f2nica. Arran dels primers contactes, ells es mostren molt interessats a col\u00b7laborar.<\/p>\n<p>Decidim tant ells com nosaltres comen\u00e7ar a construit junts el projecte a trav\u00e9s d&#8217;internet i simult\u00e0niament demanar finanaciaci\u00f3 europea a trav\u00e9s d&#8217;un Erasmus +. En l&#8217;assessorament que rebem, se&#8217;n indica que, com a CdA, no podem demanar un Erasmus com el que demanen els altres centres, sin\u00f3 un projecte KA104, dedicat a la formaci\u00f3 d\u2019adults.<\/p>\n<p>V\u00e0rem redactar el projecte i ens vam presentar a la convocat\u00f2ria, per\u00f2 no vam ser seleccionats.<\/p>\n<p>Els companys grecs tamb\u00e9 es van presentar amb el mateix projecte i a ells els van concedir el projecte.<\/p>\n<p>La cooperaci\u00f3 segueix, ells amb finan\u00e7ament i nosaltres sense.<\/p>\n<p>Si voleu con\u00e8ixer m\u00e9s sobre el projecte cliqueu la icona:<\/p>\n<p><a href=\"https:\/\/drive.google.com\/file\/d\/1AcOrXjKpNUVEnaMFe5ZjFpOoSFhvqdj_\/view?usp=sharing\" target=\"_blank\" rel=\"noopener noreferrer\"><img loading=\"lazy\" decoding=\"async\" class=\"alignnone wp-image-10319\" src=\"https:\/\/serveiseducatius.xtec.cat\/cda-empuries\/wp-content\/uploads\/usu1383\/2019\/11\/EL-PROJECTE.jpg\" alt=\"\" width=\"255\" height=\"88\" srcset=\"https:\/\/serveiseducatius.xtec.cat\/cda-empuries\/wp-content\/uploads\/usu1383\/2019\/11\/EL-PROJECTE.jpg 838w, https:\/\/serveiseducatius.xtec.cat\/cda-empuries\/wp-content\/uploads\/usu1383\/2019\/11\/EL-PROJECTE-300x104.jpg 300w, https:\/\/serveiseducatius.xtec.cat\/cda-empuries\/wp-content\/uploads\/usu1383\/2019\/11\/EL-PROJECTE-768x266.jpg 768w\" sizes=\"auto, (max-width: 255px) 100vw, 255px\" \/><\/a><\/p>\n<p>la versi\u00f3 en angl\u00e8s la trobareu clicant aqu\u00ed:<\/p>\n<p><a href=\"https:\/\/drive.google.com\/file\/d\/1hw1gvSOgyUJHXMzOKT5oEhfV_x6XJgsE\/view?usp=sharing\" target=\"_blank\" rel=\"noopener noreferrer\"><img loading=\"lazy\" decoding=\"async\" class=\"alignnone wp-image-10314\" src=\"https:\/\/serveiseducatius.xtec.cat\/cda-empuries\/wp-content\/uploads\/usu1383\/2019\/11\/THEOS.jpg\" alt=\"\" width=\"297\" height=\"43\" srcset=\"https:\/\/serveiseducatius.xtec.cat\/cda-empuries\/wp-content\/uploads\/usu1383\/2019\/11\/THEOS.jpg 414w, https:\/\/serveiseducatius.xtec.cat\/cda-empuries\/wp-content\/uploads\/usu1383\/2019\/11\/THEOS-300x43.jpg 300w\" sizes=\"auto, (max-width: 297px) 100vw, 297px\" \/><\/a><\/p>\n","protected":false},"excerpt":{"rendered":"<p>La\u00a0 localitzaci\u00f3 del nostre CdA dins del poble de L&#8217;Escala, a tocar del jaciment arqueol\u00f2gic d&#8217;Emp\u00faries i tamb\u00e9 enmig dels parcs naturals dels Aiguamolls, del Montgr\u00ed-Baix ter i del Cap de Creus, ens situa en una posici\u00f3 excel\u00b7lent per treballar tant el patrimoni arquitect\u00f2nic, com cultural, social i, per descomptat, patrimoni natural. La nostra singularitat [&hellip;]<\/p>\n","protected":false},"author":1,"featured_media":0,"parent":0,"menu_order":0,"comment_status":"closed","ping_status":"closed","template":"","meta":{"_bbp_topic_count":0,"_bbp_reply_count":0,"_bbp_total_topic_count":0,"_bbp_total_reply_count":0,"_bbp_voice_count":0,"_bbp_anonymous_reply_count":0,"_bbp_topic_count_hidden":0,"_bbp_reply_count_hidden":0,"_bbp_forum_subforum_count":0,"site-sidebar-layout":"default","site-content-layout":"","ast-site-content-layout":"","site-content-style":"default","site-sidebar-style":"default","ast-global-header-display":"","ast-banner-title-visibility":"","ast-main-header-display":"","ast-hfb-above-header-display":"","ast-hfb-below-header-display":"","ast-hfb-mobile-header-display":"","site-post-title":"","ast-breadcrumbs-content":"","ast-featured-img":"","footer-sml-layout":"","theme-transparent-header-meta":"","adv-header-id-meta":"","stick-header-meta":"","header-above-stick-meta":"","header-main-stick-meta":"","header-below-stick-meta":"","astra-migrate-meta-layouts":"default","ast-page-background-enabled":"default","ast-page-background-meta":{"desktop":{"background-color":"var(--ast-global-color-4)","background-image":"","background-repeat":"repeat","background-position":"center center","background-size":"auto","background-attachment":"scroll","background-type":"","background-media":"","overlay-type":"","overlay-color":"","overlay-opacity":"","overlay-gradient":""},"tablet":{"background-color":"","background-image":"","background-repeat":"repeat","background-position":"center center","background-size":"auto","background-attachment":"scroll","background-type":"","background-media":"","overlay-type":"","overlay-color":"","overlay-opacity":"","overlay-gradient":""},"mobile":{"background-color":"","background-image":"","background-repeat":"repeat","background-position":"center center","background-size":"auto","background-attachment":"scroll","background-type":"","background-media":"","overlay-type":"","overlay-color":"","overlay-opacity":"","overlay-gradient":""}},"ast-content-background-meta":{"desktop":{"background-color":"var(--ast-global-color-5)","background-image":"","background-repeat":"repeat","background-position":"center center","background-size":"auto","background-attachment":"scroll","background-type":"","background-media":"","overlay-type":"","overlay-color":"","overlay-opacity":"","overlay-gradient":""},"tablet":{"background-color":"var(--ast-global-color-5)","background-image":"","background-repeat":"repeat","background-position":"center center","background-size":"auto","background-attachment":"scroll","background-type":"","background-media":"","overlay-type":"","overlay-color":"","overlay-opacity":"","overlay-gradient":""},"mobile":{"background-color":"var(--ast-global-color-5)","background-image":"","background-repeat":"repeat","background-position":"center center","background-size":"auto","background-attachment":"scroll","background-type":"","background-media":"","overlay-type":"","overlay-color":"","overlay-opacity":"","overlay-gradient":""}},"footnotes":""},"class_list":["post-10313","page","type-page","status-publish","hentry"],"post_mailing_queue_ids":[],"_links":{"self":[{"href":"https:\/\/serveiseducatius.xtec.cat\/cda-empuries\/wp-json\/wp\/v2\/pages\/10313","targetHints":{"allow":["GET"]}}],"collection":[{"href":"https:\/\/serveiseducatius.xtec.cat\/cda-empuries\/wp-json\/wp\/v2\/pages"}],"about":[{"href":"https:\/\/serveiseducatius.xtec.cat\/cda-empuries\/wp-json\/wp\/v2\/types\/page"}],"author":[{"embeddable":true,"href":"https:\/\/serveiseducatius.xtec.cat\/cda-empuries\/wp-json\/wp\/v2\/users\/1"}],"replies":[{"embeddable":true,"href":"https:\/\/serveiseducatius.xtec.cat\/cda-empuries\/wp-json\/wp\/v2\/comments?post=10313"}],"version-history":[{"count":3,"href":"https:\/\/serveiseducatius.xtec.cat\/cda-empuries\/wp-json\/wp\/v2\/pages\/10313\/revisions"}],"predecessor-version":[{"id":11972,"href":"https:\/\/serveiseducatius.xtec.cat\/cda-empuries\/wp-json\/wp\/v2\/pages\/10313\/revisions\/11972"}],"wp:attachment":[{"href":"https:\/\/serveiseducatius.xtec.cat\/cda-empuries\/wp-json\/wp\/v2\/media?parent=10313"}],"curies":[{"name":"wp","href":"https:\/\/api.w.org\/{rel}","templated":true}]}}