{"id":9871,"date":"2021-01-26T14:16:08","date_gmt":"2021-01-26T13:16:08","guid":{"rendered":"http:\/\/serveiseducatius.xtec.cat\/cda-delta\/?page_id=9871"},"modified":"2021-01-26T14:16:08","modified_gmt":"2021-01-26T13:16:08","slug":"visors-icgc-delta-de-lebre","status":"publish","type":"page","link":"https:\/\/serveiseducatius.xtec.cat\/cda-delta\/visors-icgc-delta-de-lebre\/","title":{"rendered":"Visors ICGC delta de l&#8217;Ebre"},"content":{"rendered":"<p>L\u2019Institut Cartogr\u00e0fic i Geol\u00f2gic de Catalunya (ICGC)\u00a0ha habilitat\u00a0<a href=\"https:\/\/visors.icgc.cat\/costa\/#12\/40.6978\/0.7596\" target=\"_blank\" rel=\"noopener noreferrer\">un\u00a0visor\u00a0amb imatges a\u00e8ries comparatives<\/a>\u00a0per observar la superf\u00edcie afectada pel pas de la borrasca Filomena entre el 6 i l\u201911 de gener al Delta de l\u2019Ebre. \u00c9s una eina que vol facilitar a les diverses administracions l\u2019avaluaci\u00f3 dels desperfectes i tamb\u00e9 donar a con\u00e8ixer a la ciutadania les afectacions d\u2019estos fen\u00f2mens naturals, de manera senzilla i visual.<\/p>\n<p>El visor permet con\u00e8ixer l\u2019abast de les afectacions del Filomena, el Gl\u00f2ria i altres temporals. Nom\u00e9s cal seleccionar, en el desplegable de la imatge de la dreta, quin \u00e9s el temporal que es vol visualitzar.<\/p>\n<p><a href=\"https:\/\/visors.icgc.cat\/costa\/#12\/40.6978\/0.7596\" target=\"_blank\" rel=\"noopener noreferrer\"><img loading=\"lazy\" decoding=\"async\" class=\"aligncenter wp-image-9883 size-full\" src=\"https:\/\/serveiseducatius.xtec.cat\/cda-delta\/wp-content\/uploads\/usu1384\/2021\/01\/2021-01-26_140930.png\" alt=\"\" width=\"1616\" height=\"733\" srcset=\"https:\/\/serveiseducatius.xtec.cat\/cda-delta\/wp-content\/uploads\/usu1384\/2021\/01\/2021-01-26_140930.png 1616w, https:\/\/serveiseducatius.xtec.cat\/cda-delta\/wp-content\/uploads\/usu1384\/2021\/01\/2021-01-26_140930-300x136.png 300w, https:\/\/serveiseducatius.xtec.cat\/cda-delta\/wp-content\/uploads\/usu1384\/2021\/01\/2021-01-26_140930-768x348.png 768w, https:\/\/serveiseducatius.xtec.cat\/cda-delta\/wp-content\/uploads\/usu1384\/2021\/01\/2021-01-26_140930-1024x464.png 1024w\" sizes=\"auto, (max-width: 1616px) 100vw, 1616px\" \/><\/a><\/p>\n<p>Tamb\u00e9 es pot consultar el\u00a0<a href=\"https:\/\/betaserver.icgc.cat\/delta\/#11.18\/40.7102\/0.681\" target=\"_blank\" rel=\"noopener noreferrer\">visor d\u2019estimaci\u00f3 provisional al Delta de l\u2019Ebre<\/a>, el primer que es va habilitar immediatament despr\u00e9s del Gloria amb imatges del sat\u00e8l\u00b7lit Sentinel 1. Es pot observar l\u2019estimaci\u00f3 provisional de la superf\u00edcie coberta per l&#8217;aigua i\/o els s\u00f2ls humits el dia 9 de gener (en blau fosc, un total de 22.637 hect\u00e0rees) i tamb\u00e9 la superf\u00edcie addicional coberta per l&#8217;aigua en data 21 de gener (en blau clar, 3.941 hect\u00e0rees). A estes capes se superposen els l\u00edmits dels termes municipals. D&#8217;esta manera es pot copsar tant l&#8217;extensi\u00f3 de les zones humides habituals del Delta com els terrenys que van poder quedar negats per la borrasca.<\/p>\n<p><a href=\"https:\/\/betaserver.icgc.cat\/delta\/#11.18\/40.7102\/0.681\" target=\"_blank\" rel=\"noopener noreferrer\"><img loading=\"lazy\" decoding=\"async\" class=\"aligncenter wp-image-9885 size-full\" src=\"https:\/\/serveiseducatius.xtec.cat\/cda-delta\/wp-content\/uploads\/usu1384\/2021\/01\/2021-01-26_141254.png\" alt=\"\" width=\"1299\" height=\"944\" srcset=\"https:\/\/serveiseducatius.xtec.cat\/cda-delta\/wp-content\/uploads\/usu1384\/2021\/01\/2021-01-26_141254.png 1299w, https:\/\/serveiseducatius.xtec.cat\/cda-delta\/wp-content\/uploads\/usu1384\/2021\/01\/2021-01-26_141254-300x218.png 300w, https:\/\/serveiseducatius.xtec.cat\/cda-delta\/wp-content\/uploads\/usu1384\/2021\/01\/2021-01-26_141254-768x558.png 768w, https:\/\/serveiseducatius.xtec.cat\/cda-delta\/wp-content\/uploads\/usu1384\/2021\/01\/2021-01-26_141254-1024x744.png 1024w\" sizes=\"auto, (max-width: 1299px) 100vw, 1299px\" \/><\/a><\/p>\n<p style=\"text-align: right;\">Font: Aguaita.cat<\/p>\n","protected":false},"excerpt":{"rendered":"<p>L\u2019Institut Cartogr\u00e0fic i Geol\u00f2gic de Catalunya (ICGC)\u00a0ha habilitat\u00a0un\u00a0visor\u00a0amb imatges a\u00e8ries comparatives\u00a0per observar la superf\u00edcie afectada pel pas de la borrasca Filomena entre el 6 i l\u201911 de gener al Delta de l\u2019Ebre. \u00c9s una eina que vol facilitar a les diverses administracions l\u2019avaluaci\u00f3 dels desperfectes i tamb\u00e9 donar a con\u00e8ixer a la ciutadania les afectacions [&hellip;]<\/p>\n","protected":false},"author":3,"featured_media":0,"parent":0,"menu_order":0,"comment_status":"closed","ping_status":"closed","template":"","meta":{"_bbp_topic_count":0,"_bbp_reply_count":0,"_bbp_total_topic_count":0,"_bbp_total_reply_count":0,"_bbp_voice_count":0,"_bbp_anonymous_reply_count":0,"_bbp_topic_count_hidden":0,"_bbp_reply_count_hidden":0,"_bbp_forum_subforum_count":0,"site-sidebar-layout":"default","site-content-layout":"","ast-site-content-layout":"","site-content-style":"default","site-sidebar-style":"default","ast-global-header-display":"","ast-banner-title-visibility":"","ast-main-header-display":"","ast-hfb-above-header-display":"","ast-hfb-below-header-display":"","ast-hfb-mobile-header-display":"","site-post-title":"","ast-breadcrumbs-content":"","ast-featured-img":"","footer-sml-layout":"","theme-transparent-header-meta":"","adv-header-id-meta":"","stick-header-meta":"","header-above-stick-meta":"","header-main-stick-meta":"","header-below-stick-meta":"","astra-migrate-meta-layouts":"default","ast-page-background-enabled":"default","ast-page-background-meta":{"desktop":{"background-color":"var(--ast-global-color-4)","background-image":"","background-repeat":"repeat","background-position":"center center","background-size":"auto","background-attachment":"scroll","background-type":"","background-media":"","overlay-type":"","overlay-color":"","overlay-opacity":"","overlay-gradient":""},"tablet":{"background-color":"","background-image":"","background-repeat":"repeat","background-position":"center center","background-size":"auto","background-attachment":"scroll","background-type":"","background-media":"","overlay-type":"","overlay-color":"","overlay-opacity":"","overlay-gradient":""},"mobile":{"background-color":"","background-image":"","background-repeat":"repeat","background-position":"center center","background-size":"auto","background-attachment":"scroll","background-type":"","background-media":"","overlay-type":"","overlay-color":"","overlay-opacity":"","overlay-gradient":""}},"ast-content-background-meta":{"desktop":{"background-color":"var(--ast-global-color-5)","background-image":"","background-repeat":"repeat","background-position":"center center","background-size":"auto","background-attachment":"scroll","background-type":"","background-media":"","overlay-type":"","overlay-color":"","overlay-opacity":"","overlay-gradient":""},"tablet":{"background-color":"var(--ast-global-color-5)","background-image":"","background-repeat":"repeat","background-position":"center center","background-size":"auto","background-attachment":"scroll","background-type":"","background-media":"","overlay-type":"","overlay-color":"","overlay-opacity":"","overlay-gradient":""},"mobile":{"background-color":"var(--ast-global-color-5)","background-image":"","background-repeat":"repeat","background-position":"center center","background-size":"auto","background-attachment":"scroll","background-type":"","background-media":"","overlay-type":"","overlay-color":"","overlay-opacity":"","overlay-gradient":""}},"footnotes":""},"class_list":["post-9871","page","type-page","status-publish","hentry"],"post_mailing_queue_ids":[],"_links":{"self":[{"href":"https:\/\/serveiseducatius.xtec.cat\/cda-delta\/wp-json\/wp\/v2\/pages\/9871","targetHints":{"allow":["GET"]}}],"collection":[{"href":"https:\/\/serveiseducatius.xtec.cat\/cda-delta\/wp-json\/wp\/v2\/pages"}],"about":[{"href":"https:\/\/serveiseducatius.xtec.cat\/cda-delta\/wp-json\/wp\/v2\/types\/page"}],"author":[{"embeddable":true,"href":"https:\/\/serveiseducatius.xtec.cat\/cda-delta\/wp-json\/wp\/v2\/users\/3"}],"replies":[{"embeddable":true,"href":"https:\/\/serveiseducatius.xtec.cat\/cda-delta\/wp-json\/wp\/v2\/comments?post=9871"}],"version-history":[{"count":3,"href":"https:\/\/serveiseducatius.xtec.cat\/cda-delta\/wp-json\/wp\/v2\/pages\/9871\/revisions"}],"predecessor-version":[{"id":9887,"href":"https:\/\/serveiseducatius.xtec.cat\/cda-delta\/wp-json\/wp\/v2\/pages\/9871\/revisions\/9887"}],"wp:attachment":[{"href":"https:\/\/serveiseducatius.xtec.cat\/cda-delta\/wp-json\/wp\/v2\/media?parent=9871"}],"curies":[{"name":"wp","href":"https:\/\/api.w.org\/{rel}","templated":true}]}}

<p>L’Institut Cartogràfic i Geològic de Catalunya (ICGC) ha habilitat <a href="https://visors.icgc.cat/costa/#12/40.6978/0.7596" target="_blank" rel="noopener noreferrer">un visor amb imatges aèries comparatives</a> per observar la superfície afectada pel pas de la borrasca Filomena entre el 6 i l’11 de gener al Delta de l’Ebre. És una eina que vol facilitar a les diverses administracions l’avaluació dels desperfectes i també donar a conèixer a la ciutadania les afectacions d’estos fenòmens naturals, de manera senzilla i visual.</p>
<p>El visor permet conèixer l’abast de les afectacions del Filomena, el Glòria i altres temporals. Només cal seleccionar, en el desplegable de la imatge de la dreta, quin és el temporal que es vol visualitzar.</p>
<p><a href="https://visors.icgc.cat/costa/#12/40.6978/0.7596" target="_blank" rel="noopener noreferrer"><img loading="lazy" decoding="async" class="aligncenter wp-image-9883 size-full" src="https://serveiseducatius.xtec.cat/cda-delta/wp-content/uploads/usu1384/2021/01/2021-01-26_140930.png" alt="" width="1616" height="733" srcset="https://serveiseducatius.xtec.cat/cda-delta/wp-content/uploads/usu1384/2021/01/2021-01-26_140930.png 1616w, https://serveiseducatius.xtec.cat/cda-delta/wp-content/uploads/usu1384/2021/01/2021-01-26_140930-300x136.png 300w, https://serveiseducatius.xtec.cat/cda-delta/wp-content/uploads/usu1384/2021/01/2021-01-26_140930-768x348.png 768w, https://serveiseducatius.xtec.cat/cda-delta/wp-content/uploads/usu1384/2021/01/2021-01-26_140930-1024x464.png 1024w" sizes="auto, (max-width: 1616px) 100vw, 1616px" /></a></p>
<p>També es pot consultar el <a href="https://betaserver.icgc.cat/delta/#11.18/40.7102/0.681" target="_blank" rel="noopener noreferrer">visor d’estimació provisional al Delta de l’Ebre</a>, el primer que es va habilitar immediatament després del Gloria amb imatges del satèl·lit Sentinel 1. Es pot observar l’estimació provisional de la superfície coberta per l&#8217;aigua i/o els sòls humits el dia 9 de gener (en blau fosc, un total de 22.637 hectàrees) i també la superfície addicional coberta per l&#8217;aigua en data 21 de gener (en blau clar, 3.941 hectàrees). A estes capes se superposen els límits dels termes municipals. D&#8217;esta manera es pot copsar tant l&#8217;extensió de les zones humides habituals del Delta com els terrenys que van poder quedar negats per la borrasca.</p>
<p><a href="https://betaserver.icgc.cat/delta/#11.18/40.7102/0.681" target="_blank" rel="noopener noreferrer"><img loading="lazy" decoding="async" class="aligncenter wp-image-9885 size-full" src="https://serveiseducatius.xtec.cat/cda-delta/wp-content/uploads/usu1384/2021/01/2021-01-26_141254.png" alt="" width="1299" height="944" srcset="https://serveiseducatius.xtec.cat/cda-delta/wp-content/uploads/usu1384/2021/01/2021-01-26_141254.png 1299w, https://serveiseducatius.xtec.cat/cda-delta/wp-content/uploads/usu1384/2021/01/2021-01-26_141254-300x218.png 300w, https://serveiseducatius.xtec.cat/cda-delta/wp-content/uploads/usu1384/2021/01/2021-01-26_141254-768x558.png 768w, https://serveiseducatius.xtec.cat/cda-delta/wp-content/uploads/usu1384/2021/01/2021-01-26_141254-1024x744.png 1024w" sizes="auto, (max-width: 1299px) 100vw, 1299px" /></a></p>
<p style="text-align: right;">Font: Aguaita.cat</p>

<p>L’Institut Cartogràfic i Geològic de Catalunya (ICGC) ha habilitat un visor amb imatges aèries comparatives per observar la superfície afectada pel pas de la borrasca Filomena entre el 6 i l’11 de gener al Delta de l’Ebre. És una eina que vol facilitar a les diverses administracions l’avaluació dels desperfectes i també donar a conèixer a la ciutadania les afectacions [&hellip;]</p>
