{"id":9532,"date":"2020-04-23T11:57:44","date_gmt":"2020-04-23T09:57:44","guid":{"rendered":"http:\/\/serveiseducatius.xtec.cat\/cda-delta\/?page_id=9532"},"modified":"2020-07-14T13:17:54","modified_gmt":"2020-07-14T11:17:54","slug":"endevinalles-confinades","status":"publish","type":"page","link":"https:\/\/serveiseducatius.xtec.cat\/cda-delta\/endevinalles-confinades\/","title":{"rendered":"Endevinalles confinades"},"content":{"rendered":"<p dir=\"ltr\">Des del camp d&#8217;aprenentatge del delta de l\u2019Ebre volem encetar una proposta adre\u00e7ada a tot l\u2019alumnat:<\/p>\n<p dir=\"ltr\"><b>Les aus del delta&#8230; des de casa!!<\/b><\/p>\n<p dir=\"ltr\">A partir del dilluns 27, penjarem una endevinalla di\u00e0ria relacionada amb alguna de les <strong>300 esp\u00e8cies d\u2019aus<\/strong> que tenim al delta. Vosaltres podreu participar <strong>comentant<\/strong> en l\u2019apartat de comentaris el nom de l\u2019ocell que creieu que s\u2019amaga darrere l\u2019endevinalla. L&#8217;endem\u00e0, donarem la resposta i ampliarem la informaci\u00f3 de l\u2019ocell. A m\u00e9s a m\u00e9s, us proposarem una nova endevinalla amb un nou ocell per a qu\u00e8 pugueu seguir jugant a <strong>descobrir els ocells del delta de l\u2019Ebre.<\/strong><\/p>\n<p dir=\"ltr\">Creiem que pot ser una proposta divertida i a la vegada did\u00e0ctica ja que podeu aprendre moltes dades, curiositats i noms sobre les aus que tenim al delta per a qu\u00e8 aix\u00ed, quan s\u2019acabi el confinament i pugueu sortir a donar un tomb pel nostre estimat delta, mireu amb uns altres ulls els ocells que volen, descansen i s\u2019alimenten en els diferents ecosistemes tan id\u00edl\u00b7lics que tenim aqu\u00ed al delta.<\/p>\n<p><span id=\"m_-1095972706258726322gmail-m_-2625292932383082757gmail-docs-internal-guid-a69ab30c-7fff-a3c2-5df4-74a7b97db2f5\">Des d&#8217;aqu\u00ed volem donar les gr\u00e0cies a l\u2019editorial<strong> \u201cPas de pardal\u201d<\/strong>, Xavier Riera i en especial al seu il\u00b7lustrador Pep Gavald\u00e0 per concedir-nos el dret a publicar a les nostres xarxes alguns textos de la seva publicaci\u00f3 <b><u>\u201cOcells del Delta\u201d. <\/u><\/b><\/span><\/p>\n<div><\/div>\n<div><span style=\"color: #000000; font-family: Arial;\"><b>Us animeu??? Som-hi!!!<\/b><\/span><\/div>\n<div><\/div>\n<div><\/div>\n<div><span style=\"color: #000000; font-family: Arial;\">Us deixem amb els enlla\u00e7os on publicarem les endevinalles, qualsevol dels dos primers us servir\u00e0 per a qu\u00e8 ens envieu la vostra resposta:<\/span><b><\/b><b><\/b><\/div>\n<div><\/div>\n<div><\/div>\n<div><\/div>\n<div>\n<div style=\"text-align: center;\"><a href=\"http:\/\/cda-delta-ebre.blogspot.com\/\"><b><span style=\"font-size: large;\">El nostre blog<\/span><\/b><\/a><\/div>\n<\/div>\n<div><\/div>\n<div><\/div>\n<div>\n<div><\/div>\n<div style=\"text-align: center;\"><a href=\"https:\/\/www.instagram.com\/cdadeltaebre\/\"><span style=\"font-size: large;\"><b>Instagram<\/b><\/span><\/a><\/div>\n<div style=\"text-align: center;\"><\/div>\n<\/div>\n<div><\/div>\n<div><\/div>\n<div style=\"text-align: center;\"><a href=\"https:\/\/view.genial.ly\/5f0d66c31ff5300d26bd2d25\/game-action-genially-sin-titulo\"><span style=\"font-size: large;\"><b>Acc\u00e9s al genially final amb tot el recull de les endevinalles<\/b><\/span><\/a><\/div>\n<div><\/div>\n<div><\/div>\n<div><\/div>\n<div style=\"text-align: center;\"><\/div>\n<div><\/div>\n<div><\/div>\n<div><\/div>\n<div><\/div>\n<div><\/div>\n<div><\/div>\n<div><img loading=\"lazy\" decoding=\"async\" class=\"aligncenter size-full wp-image-9537\" src=\"https:\/\/serveiseducatius.xtec.cat\/cda-delta\/wp-content\/uploads\/usu1384\/2020\/04\/19.Delta_de_lebre_MARIANO_CEBOLLA-4_1000x500.jpg\" alt=\"\" width=\"1000\" height=\"500\" srcset=\"https:\/\/serveiseducatius.xtec.cat\/cda-delta\/wp-content\/uploads\/usu1384\/2020\/04\/19.Delta_de_lebre_MARIANO_CEBOLLA-4_1000x500.jpg 1000w, https:\/\/serveiseducatius.xtec.cat\/cda-delta\/wp-content\/uploads\/usu1384\/2020\/04\/19.Delta_de_lebre_MARIANO_CEBOLLA-4_1000x500-300x150.jpg 300w, https:\/\/serveiseducatius.xtec.cat\/cda-delta\/wp-content\/uploads\/usu1384\/2020\/04\/19.Delta_de_lebre_MARIANO_CEBOLLA-4_1000x500-768x384.jpg 768w\" sizes=\"auto, (max-width: 1000px) 100vw, 1000px\" \/><\/div>\n<div>\u00a9 Mariano Cebolla<\/div>\n<div><\/div>\n<div style=\"text-align: right;\"><strong>#joemquedoacasa<\/strong><\/div>\n","protected":false},"excerpt":{"rendered":"<p>Des del camp d&#8217;aprenentatge del delta de l\u2019Ebre volem encetar una proposta adre\u00e7ada a tot l\u2019alumnat: Les aus del delta&#8230; des de casa!! A partir del dilluns 27, penjarem una endevinalla di\u00e0ria relacionada amb alguna de les 300 esp\u00e8cies d\u2019aus que tenim al delta. Vosaltres podreu participar comentant en l\u2019apartat de comentaris el nom de [&hellip;]<\/p>\n","protected":false},"author":3,"featured_media":0,"parent":0,"menu_order":0,"comment_status":"closed","ping_status":"closed","template":"","meta":{"_bbp_topic_count":0,"_bbp_reply_count":0,"_bbp_total_topic_count":0,"_bbp_total_reply_count":0,"_bbp_voice_count":0,"_bbp_anonymous_reply_count":0,"_bbp_topic_count_hidden":0,"_bbp_reply_count_hidden":0,"_bbp_forum_subforum_count":0,"site-sidebar-layout":"default","site-content-layout":"","ast-site-content-layout":"","site-content-style":"default","site-sidebar-style":"default","ast-global-header-display":"","ast-banner-title-visibility":"","ast-main-header-display":"","ast-hfb-above-header-display":"","ast-hfb-below-header-display":"","ast-hfb-mobile-header-display":"","site-post-title":"","ast-breadcrumbs-content":"","ast-featured-img":"","footer-sml-layout":"","theme-transparent-header-meta":"","adv-header-id-meta":"","stick-header-meta":"","header-above-stick-meta":"","header-main-stick-meta":"","header-below-stick-meta":"","astra-migrate-meta-layouts":"default","ast-page-background-enabled":"default","ast-page-background-meta":{"desktop":{"background-color":"var(--ast-global-color-4)","background-image":"","background-repeat":"repeat","background-position":"center center","background-size":"auto","background-attachment":"scroll","background-type":"","background-media":"","overlay-type":"","overlay-color":"","overlay-opacity":"","overlay-gradient":""},"tablet":{"background-color":"","background-image":"","background-repeat":"repeat","background-position":"center center","background-size":"auto","background-attachment":"scroll","background-type":"","background-media":"","overlay-type":"","overlay-color":"","overlay-opacity":"","overlay-gradient":""},"mobile":{"background-color":"","background-image":"","background-repeat":"repeat","background-position":"center center","background-size":"auto","background-attachment":"scroll","background-type":"","background-media":"","overlay-type":"","overlay-color":"","overlay-opacity":"","overlay-gradient":""}},"ast-content-background-meta":{"desktop":{"background-color":"var(--ast-global-color-5)","background-image":"","background-repeat":"repeat","background-position":"center center","background-size":"auto","background-attachment":"scroll","background-type":"","background-media":"","overlay-type":"","overlay-color":"","overlay-opacity":"","overlay-gradient":""},"tablet":{"background-color":"var(--ast-global-color-5)","background-image":"","background-repeat":"repeat","background-position":"center center","background-size":"auto","background-attachment":"scroll","background-type":"","background-media":"","overlay-type":"","overlay-color":"","overlay-opacity":"","overlay-gradient":""},"mobile":{"background-color":"var(--ast-global-color-5)","background-image":"","background-repeat":"repeat","background-position":"center center","background-size":"auto","background-attachment":"scroll","background-type":"","background-media":"","overlay-type":"","overlay-color":"","overlay-opacity":"","overlay-gradient":""}},"footnotes":""},"class_list":["post-9532","page","type-page","status-publish","hentry"],"post_mailing_queue_ids":[],"_links":{"self":[{"href":"https:\/\/serveiseducatius.xtec.cat\/cda-delta\/wp-json\/wp\/v2\/pages\/9532","targetHints":{"allow":["GET"]}}],"collection":[{"href":"https:\/\/serveiseducatius.xtec.cat\/cda-delta\/wp-json\/wp\/v2\/pages"}],"about":[{"href":"https:\/\/serveiseducatius.xtec.cat\/cda-delta\/wp-json\/wp\/v2\/types\/page"}],"author":[{"embeddable":true,"href":"https:\/\/serveiseducatius.xtec.cat\/cda-delta\/wp-json\/wp\/v2\/users\/3"}],"replies":[{"embeddable":true,"href":"https:\/\/serveiseducatius.xtec.cat\/cda-delta\/wp-json\/wp\/v2\/comments?post=9532"}],"version-history":[{"count":3,"href":"https:\/\/serveiseducatius.xtec.cat\/cda-delta\/wp-json\/wp\/v2\/pages\/9532\/revisions"}],"predecessor-version":[{"id":9690,"href":"https:\/\/serveiseducatius.xtec.cat\/cda-delta\/wp-json\/wp\/v2\/pages\/9532\/revisions\/9690"}],"wp:attachment":[{"href":"https:\/\/serveiseducatius.xtec.cat\/cda-delta\/wp-json\/wp\/v2\/media?parent=9532"}],"curies":[{"name":"wp","href":"https:\/\/api.w.org\/{rel}","templated":true}]}}