{"id":9100,"date":"2019-06-17T11:36:12","date_gmt":"2019-06-17T09:36:12","guid":{"rendered":"http:\/\/serveiseducatius.xtec.cat\/cda-delta\/?page_id=9100"},"modified":"2019-06-17T14:39:22","modified_gmt":"2019-06-17T12:39:22","slug":"lentorn-historia-i-poblament","status":"publish","type":"page","link":"https:\/\/serveiseducatius.xtec.cat\/cda-delta\/lentorn-historia-i-poblament\/","title":{"rendered":"L&#8217;entorn: hist\u00f2ria i poblament"},"content":{"rendered":"<div class=\"page\" title=\"Page 16\">\n<div class=\"layoutArea\">\n<div class=\"column\">\n<p><a href=\"https:\/\/serveiseducatius.xtec.cat\/cda-delta\/wp-content\/uploads\/usu1384\/2019\/06\/entorn_his.jpg\"><img loading=\"lazy\" decoding=\"async\" class=\" wp-image-9120 alignleft\" src=\"https:\/\/serveiseducatius.xtec.cat\/cda-delta\/wp-content\/uploads\/usu1384\/2019\/06\/entorn_his.jpg\" alt=\"\" width=\"427\" height=\"744\" srcset=\"https:\/\/serveiseducatius.xtec.cat\/cda-delta\/wp-content\/uploads\/usu1384\/2019\/06\/entorn_his.jpg 574w, https:\/\/serveiseducatius.xtec.cat\/cda-delta\/wp-content\/uploads\/usu1384\/2019\/06\/entorn_his-172x300.jpg 172w\" sizes=\"auto, (max-width: 427px) 100vw, 427px\" \/><\/a>L\u2019Ebre ha estat l\u2019element vertebrador del poblament hum\u00e0 de les Terres de l\u2019Ebre al llarg de la hist\u00f2ria, especialment com a via de comunicaci\u00f3 i navegaci\u00f3 fluvial per on han circulat persones i mercaderies des del litoral fins a l\u2019interior de la pen\u00ednsula.<\/p>\n<p>Tamb\u00e9 l\u2019Ebre ha estat, per\u00f2, un obstacle natural que ha barrat el pas al lliure tr\u00e0nsit per terra i ha constitu\u00eft, en molts de moments hist\u00f2rics, una frontera dif\u00edcil de traspassar. Des de temps remots hom coneix l\u2019exist\u00e8ncia dels passos de barca i, durant segles, el Pont de Barques de Tortosa constitu\u00ed l\u2019\u00fanic pas estable entre Saragossa i la mar.<\/p>\n<p>Finalment, l\u2019Ebre ha representat una font de recursos econ\u00f2mics per als habitants riberencs, derivats dels diferents usos de l\u2019aigua i la llera: usos agr\u00edcoles, indus- trials, urbans i comercials que han perdurat fins l\u2019actualitat.<\/p>\n<p>Als turons pr\u00f2xims a la vall al.luvial es van establir, des de molt antic, tot un seguit de poblats ibers de la tribu dels ilercavons. Sabem que la desembocadura del riu fou l\u2019escenari d\u2019una batalla naval decisiva entre romans i cartaginesos en el context del que hom coneix com a Guerres P\u00faniques el segle III aC. A partir d\u2019aqu\u00ed es va produir l\u2019espenta definitiva a l\u2019ocupaci\u00f3 romana de la pen\u00ednsula.<\/p>\n<p>De la dominaci\u00f3 sarra\u00efna ens ha quedat el millor testimoni fluvial del Baix Ebre: l\u2019Assut. Aquesta obra va permetre la construcci\u00f3 de canals i s\u00e9quies de regatge que van convertir les vores del riu en una gran horta.<\/p>\n<p>Despr\u00e9s de la conquesta cristiana, Tortosa es mant\u00e9 com a important nucli comer- cial i fluvial, i castells com Miravet i Amposta permeten als ordes religiosos contro- lar el riu. Els ports Fang\u00f3s, primer, i dels Alfacs, despr\u00e9s, al Delta, es converteixen en lloc de concentraci\u00f3 de les flotes de la Corona catalanoaragonesa els s. XIV i XV.<\/p>\n<p>El descobriment d\u2019Am\u00e8rica balanceja el comer\u00e7 mar\u00edtim cap a l\u2019Atl\u00e0ntic, al qual no tindran acc\u00e9s les flotes catalanes. Haurem d\u2019esperar el s. XVIII perqu\u00e8 Carles III habiliti el port de la R\u00e0pita per al comer\u00e7 amb les Am\u00e8riques. Per\u00f2 els canvis tecnol\u00f2gics, econ\u00f2mics i socials del s. XIX fan perdre el protagonisme que tenia el territori fins aquell moment. La construcci\u00f3 dels grans embassaments a mitjan s. XX acaba l\u2019\u00e8poca en qu\u00e8 els llaguts, primer, i els vapors, despr\u00e9s, surcaven les aig\u00fces del riu.<\/p>\n<p>Actualment, la declaraci\u00f3 dels Parcs Naturals dels Ports i el delta de l\u2019Ebre, i de les Terres de l\u2019Ebre com a reserva de la biosfera, est\u00e0 potenciant el turisme rural, cultural i naturalista com a nou motor de l\u2019economia del territori.<\/p>\n<h5 style=\"text-align: center;\"><strong><a href=\"http:\/\/serveiseducatius.xtec.cat\/cda-delta\/modalitats\/cataleg-de-sortides\/#URB\">Veure activitats amb alumnes d&#8217;hist\u00f2ria i poblament<\/a><\/strong><\/h5>\n<p><a href=\"http:\/\/serveiseducatius.xtec.cat\/cda-delta\/lentorn\/\"><img loading=\"lazy\" decoding=\"async\" class=\"wp-image-9122 alignright\" src=\"https:\/\/serveiseducatius.xtec.cat\/cda-delta\/wp-content\/uploads\/usu1384\/2019\/06\/atras.png\" alt=\"\" width=\"51\" height=\"51\" srcset=\"https:\/\/serveiseducatius.xtec.cat\/cda-delta\/wp-content\/uploads\/usu1384\/2019\/06\/atras.png 256w, https:\/\/serveiseducatius.xtec.cat\/cda-delta\/wp-content\/uploads\/usu1384\/2019\/06\/atras-150x150.png 150w\" sizes=\"auto, (max-width: 51px) 100vw, 51px\" \/><\/a><\/p>\n<\/div>\n<\/div>\n<\/div>\n","protected":false},"excerpt":{"rendered":"<p>L\u2019Ebre ha estat l\u2019element vertebrador del poblament hum\u00e0 de les Terres de l\u2019Ebre al llarg de la hist\u00f2ria, especialment com a via de comunicaci\u00f3 i navegaci\u00f3 fluvial per on han circulat persones i mercaderies des del litoral fins a l\u2019interior de la pen\u00ednsula. Tamb\u00e9 l\u2019Ebre ha estat, per\u00f2, un obstacle natural que ha barrat el [&hellip;]<\/p>\n","protected":false},"author":1,"featured_media":0,"parent":0,"menu_order":0,"comment_status":"closed","ping_status":"closed","template":"","meta":{"_bbp_topic_count":0,"_bbp_reply_count":0,"_bbp_total_topic_count":0,"_bbp_total_reply_count":0,"_bbp_voice_count":0,"_bbp_anonymous_reply_count":0,"_bbp_topic_count_hidden":0,"_bbp_reply_count_hidden":0,"_bbp_forum_subforum_count":0,"site-sidebar-layout":"default","site-content-layout":"","ast-site-content-layout":"","site-content-style":"default","site-sidebar-style":"default","ast-global-header-display":"","ast-banner-title-visibility":"","ast-main-header-display":"","ast-hfb-above-header-display":"","ast-hfb-below-header-display":"","ast-hfb-mobile-header-display":"","site-post-title":"","ast-breadcrumbs-content":"","ast-featured-img":"","footer-sml-layout":"","theme-transparent-header-meta":"","adv-header-id-meta":"","stick-header-meta":"","header-above-stick-meta":"","header-main-stick-meta":"","header-below-stick-meta":"","astra-migrate-meta-layouts":"default","ast-page-background-enabled":"default","ast-page-background-meta":{"desktop":{"background-color":"var(--ast-global-color-4)","background-image":"","background-repeat":"repeat","background-position":"center center","background-size":"auto","background-attachment":"scroll","background-type":"","background-media":"","overlay-type":"","overlay-color":"","overlay-opacity":"","overlay-gradient":""},"tablet":{"background-color":"","background-image":"","background-repeat":"repeat","background-position":"center center","background-size":"auto","background-attachment":"scroll","background-type":"","background-media":"","overlay-type":"","overlay-color":"","overlay-opacity":"","overlay-gradient":""},"mobile":{"background-color":"","background-image":"","background-repeat":"repeat","background-position":"center center","background-size":"auto","background-attachment":"scroll","background-type":"","background-media":"","overlay-type":"","overlay-color":"","overlay-opacity":"","overlay-gradient":""}},"ast-content-background-meta":{"desktop":{"background-color":"var(--ast-global-color-5)","background-image":"","background-repeat":"repeat","background-position":"center center","background-size":"auto","background-attachment":"scroll","background-type":"","background-media":"","overlay-type":"","overlay-color":"","overlay-opacity":"","overlay-gradient":""},"tablet":{"background-color":"var(--ast-global-color-5)","background-image":"","background-repeat":"repeat","background-position":"center center","background-size":"auto","background-attachment":"scroll","background-type":"","background-media":"","overlay-type":"","overlay-color":"","overlay-opacity":"","overlay-gradient":""},"mobile":{"background-color":"var(--ast-global-color-5)","background-image":"","background-repeat":"repeat","background-position":"center center","background-size":"auto","background-attachment":"scroll","background-type":"","background-media":"","overlay-type":"","overlay-color":"","overlay-opacity":"","overlay-gradient":""}},"footnotes":""},"class_list":["post-9100","page","type-page","status-publish","hentry"],"post_mailing_queue_ids":[],"_links":{"self":[{"href":"https:\/\/serveiseducatius.xtec.cat\/cda-delta\/wp-json\/wp\/v2\/pages\/9100","targetHints":{"allow":["GET"]}}],"collection":[{"href":"https:\/\/serveiseducatius.xtec.cat\/cda-delta\/wp-json\/wp\/v2\/pages"}],"about":[{"href":"https:\/\/serveiseducatius.xtec.cat\/cda-delta\/wp-json\/wp\/v2\/types\/page"}],"author":[{"embeddable":true,"href":"https:\/\/serveiseducatius.xtec.cat\/cda-delta\/wp-json\/wp\/v2\/users\/1"}],"replies":[{"embeddable":true,"href":"https:\/\/serveiseducatius.xtec.cat\/cda-delta\/wp-json\/wp\/v2\/comments?post=9100"}],"version-history":[{"count":3,"href":"https:\/\/serveiseducatius.xtec.cat\/cda-delta\/wp-json\/wp\/v2\/pages\/9100\/revisions"}],"predecessor-version":[{"id":9147,"href":"https:\/\/serveiseducatius.xtec.cat\/cda-delta\/wp-json\/wp\/v2\/pages\/9100\/revisions\/9147"}],"wp:attachment":[{"href":"https:\/\/serveiseducatius.xtec.cat\/cda-delta\/wp-json\/wp\/v2\/media?parent=9100"}],"curies":[{"name":"wp","href":"https:\/\/api.w.org\/{rel}","templated":true}]}}