{"id":54,"date":"2013-11-14T18:56:33","date_gmt":"2013-11-14T17:56:33","guid":{"rendered":"http:\/\/blocs.xtec.cat\/plantillacda\/?page_id=54"},"modified":"2020-01-20T12:11:51","modified_gmt":"2020-01-20T11:11:51","slug":"presentacio","status":"publish","type":"page","link":"https:\/\/serveiseducatius.xtec.cat\/cda-delta\/el-camp\/presentacio\/","title":{"rendered":"Qui som?"},"content":{"rendered":"<p align=\"justify\"><a href=\"https:\/\/serveiseducatius.xtec.cat\/cda-delta\/wp-content\/uploads\/usu1384\/2013\/12\/capc_safata.jpg\"><img loading=\"lazy\" decoding=\"async\" class=\"alignnone size-full wp-image-434\" src=\"https:\/\/serveiseducatius.xtec.cat\/cda-delta\/wp-content\/uploads\/usu1384\/2013\/12\/capc_safata.jpg\" alt=\"\" width=\"1000\" height=\"240\" srcset=\"https:\/\/serveiseducatius.xtec.cat\/cda-delta\/wp-content\/uploads\/usu1384\/2013\/12\/capc_safata.jpg 1000w, https:\/\/serveiseducatius.xtec.cat\/cda-delta\/wp-content\/uploads\/usu1384\/2013\/12\/capc_safata-300x72.jpg 300w, https:\/\/serveiseducatius.xtec.cat\/cda-delta\/wp-content\/uploads\/usu1384\/2013\/12\/capc_safata-768x184.jpg 768w\" sizes=\"auto, (max-width: 1000px) 100vw, 1000px\" \/><\/a><\/p>\n<p align=\"justify\">El Camp d\u2019Aprenentatge (CdA) del delta de l\u2019Ebre \u00e9s un servei educatiu del Departament d\u2019Educaci\u00f3 que ofereix al professorat i als centres docents la possibilitat de desenvolupar conjuntament projectes de treball mitjan\u00e7ant l\u2019estudi i l\u2019experimentaci\u00f3 en un medi singular com \u00e9s el delta de l\u2019Ebre, per tal d\u2019aprofundir en la formaci\u00f3 competencial de l\u2019alumne.<\/p>\n<p align=\"justify\">El CdA del delta de l\u2019Ebre va ser un dels quatre primers CdAs creats en el marc del programa d\u2019<em>Ajut a la Renovaci\u00f3 pedag\u00f2gica<\/em>\u00a0(Ordre de 31 d\u2019agost de 1982) i va comen\u00e7ar les primeres activitats amb alumnes l\u201911 d\u2019abril de 1983.<\/p>\n<p align=\"justify\">Actualment forma part d\u2019una xarxa de setze Camps d\u2019Aprenentatge (CdA), als quals cal afegir cinc Entorns d\u2019Aprenentatge (EdA). Consulteu el web: \u00a0 <a title=\"Camps d'Aprenentatge\" href=\"http:\/\/xtec.gencat.cat\/ca\/serveis\/sesc\/cda\/mapa\/\" target=\"_blank\" rel=\"noopener noreferrer\">http:\/\/xtec.gencat.cat\/ca\/serveis\/sesc\/cda\/mapa\/<\/a><\/p>\n<p align=\"justify\">Podeu fer-vos una idea del nostre treball veient aquest v\u00eddeo de presentaci\u00f3 que es va realitzar el 2011:<\/p>\n<p><a href=\"http:\/\/www.edu3.cat\/Edu3tv\/Fitxa?p_id=16524\"><img loading=\"lazy\" decoding=\"async\" title=\"Edu3.cat\" src=\"http:\/\/www.edu3.cat\/img\/logo_embed.png\" alt=\"Edu3.cat\" width=\"37\" height=\"39\" border=\"0\" \/><\/a>\u00a0\u00a0<a href=\"http:\/\/www.edu3.cat\/Edu3tv\/Fitxa?p_id=16524&amp;p_ex=Camp%20d%BFAprenentatge\" target=\"_blank\" rel=\"noopener noreferrer\">http:\/\/www.edu3.cat\/Edu3tv\/Fitxa?p_id=16524&amp;p_ex=Camp%20d%BFAprenentatge<\/a><\/p>\n<p>El centre educatiu que vol assistir al Camp d\u2019Aprenentatge del delta de l\u2019Ebre ha d\u2019estar disposat a compartir amb el CdA un projecte de treball que es desenvolupa abans, durant i despr\u00e9s de l\u2019estada o sortida d\u2019un dia, i que s\u2019incorpora a la programaci\u00f3 anual del centre.<\/p>\n<p align=\"justify\"><strong>Objectius<\/strong><\/p>\n<p align=\"justify\">\u2022 Con\u00e8ixer i interpretar els diferents paisatges, ecosistemes i aprofitaments del delta de l\u2019Ebre.<br \/>\n\u2022\u00a0Crear consci\u00e8ncia de la import\u00e0ncia ecol\u00f2gica de les zones humides i de la necessitat de la seva conservaci\u00f3.<br \/>\n\u2022\u00a0 Aportar recursos metodol\u00f2gics a l\u2019estudi del medi i contribuir als objectius de l\u2019educaci\u00f3 ambiental.<\/p>\n<p align=\"justify\">Per tal de facilitar l\u2019assoliment d\u2019aquests\u00a0objectius, les Estades o Sortides en el CdA comporten:<\/p>\n<ul>\n<li>Un\u00a0<strong>coneixement previ<\/strong>, per part del professorat, de les instal\u00b7lacions, els recursos i la metodologia de treball.<\/li>\n<li>La realitzaci\u00f3 d\u2019una s\u00e8rie d\u2019<strong>activitats al propi centre<\/strong>, pr\u00e8vies i posteriors a l\u2019estada, a partir dels materials facilitats pel CdA.<\/li>\n<li><strong>La implicaci\u00f3 del professorat<\/strong>\u00a0en les activitats que es fan durant l\u2019estada al CdA.<\/li>\n<\/ul>\n<p align=\"justify\">\n","protected":false},"excerpt":{"rendered":"<p>El Camp d\u2019Aprenentatge (CdA) del delta de l\u2019Ebre \u00e9s un servei educatiu del Departament d\u2019Educaci\u00f3 que ofereix al professorat i als centres docents la possibilitat de desenvolupar conjuntament projectes de treball mitjan\u00e7ant l\u2019estudi i l\u2019experimentaci\u00f3 en un medi singular com \u00e9s el delta de l\u2019Ebre, per tal d\u2019aprofundir en la formaci\u00f3 competencial de l\u2019alumne. El [&hellip;]<\/p>\n","protected":false},"author":1,"featured_media":0,"parent":8225,"menu_order":10,"comment_status":"closed","ping_status":"closed","template":"","meta":{"_bbp_topic_count":0,"_bbp_reply_count":0,"_bbp_total_topic_count":0,"_bbp_total_reply_count":0,"_bbp_voice_count":0,"_bbp_anonymous_reply_count":0,"_bbp_topic_count_hidden":0,"_bbp_reply_count_hidden":0,"_bbp_forum_subforum_count":0,"site-sidebar-layout":"default","site-content-layout":"","ast-site-content-layout":"","site-content-style":"default","site-sidebar-style":"default","ast-global-header-display":"","ast-banner-title-visibility":"","ast-main-header-display":"","ast-hfb-above-header-display":"","ast-hfb-below-header-display":"","ast-hfb-mobile-header-display":"","site-post-title":"","ast-breadcrumbs-content":"","ast-featured-img":"","footer-sml-layout":"","theme-transparent-header-meta":"","adv-header-id-meta":"","stick-header-meta":"","header-above-stick-meta":"","header-main-stick-meta":"","header-below-stick-meta":"","astra-migrate-meta-layouts":"default","ast-page-background-enabled":"default","ast-page-background-meta":{"desktop":{"background-color":"var(--ast-global-color-4)","background-image":"","background-repeat":"repeat","background-position":"center center","background-size":"auto","background-attachment":"scroll","background-type":"","background-media":"","overlay-type":"","overlay-color":"","overlay-opacity":"","overlay-gradient":""},"tablet":{"background-color":"","background-image":"","background-repeat":"repeat","background-position":"center center","background-size":"auto","background-attachment":"scroll","background-type":"","background-media":"","overlay-type":"","overlay-color":"","overlay-opacity":"","overlay-gradient":""},"mobile":{"background-color":"","background-image":"","background-repeat":"repeat","background-position":"center center","background-size":"auto","background-attachment":"scroll","background-type":"","background-media":"","overlay-type":"","overlay-color":"","overlay-opacity":"","overlay-gradient":""}},"ast-content-background-meta":{"desktop":{"background-color":"var(--ast-global-color-5)","background-image":"","background-repeat":"repeat","background-position":"center center","background-size":"auto","background-attachment":"scroll","background-type":"","background-media":"","overlay-type":"","overlay-color":"","overlay-opacity":"","overlay-gradient":""},"tablet":{"background-color":"var(--ast-global-color-5)","background-image":"","background-repeat":"repeat","background-position":"center center","background-size":"auto","background-attachment":"scroll","background-type":"","background-media":"","overlay-type":"","overlay-color":"","overlay-opacity":"","overlay-gradient":""},"mobile":{"background-color":"var(--ast-global-color-5)","background-image":"","background-repeat":"repeat","background-position":"center center","background-size":"auto","background-attachment":"scroll","background-type":"","background-media":"","overlay-type":"","overlay-color":"","overlay-opacity":"","overlay-gradient":""}},"footnotes":""},"class_list":["post-54","page","type-page","status-publish","hentry"],"post_mailing_queue_ids":[],"_links":{"self":[{"href":"https:\/\/serveiseducatius.xtec.cat\/cda-delta\/wp-json\/wp\/v2\/pages\/54","targetHints":{"allow":["GET"]}}],"collection":[{"href":"https:\/\/serveiseducatius.xtec.cat\/cda-delta\/wp-json\/wp\/v2\/pages"}],"about":[{"href":"https:\/\/serveiseducatius.xtec.cat\/cda-delta\/wp-json\/wp\/v2\/types\/page"}],"author":[{"embeddable":true,"href":"https:\/\/serveiseducatius.xtec.cat\/cda-delta\/wp-json\/wp\/v2\/users\/1"}],"replies":[{"embeddable":true,"href":"https:\/\/serveiseducatius.xtec.cat\/cda-delta\/wp-json\/wp\/v2\/comments?post=54"}],"version-history":[{"count":3,"href":"https:\/\/serveiseducatius.xtec.cat\/cda-delta\/wp-json\/wp\/v2\/pages\/54\/revisions"}],"predecessor-version":[{"id":9384,"href":"https:\/\/serveiseducatius.xtec.cat\/cda-delta\/wp-json\/wp\/v2\/pages\/54\/revisions\/9384"}],"up":[{"embeddable":true,"href":"https:\/\/serveiseducatius.xtec.cat\/cda-delta\/wp-json\/wp\/v2\/pages\/8225"}],"wp:attachment":[{"href":"https:\/\/serveiseducatius.xtec.cat\/cda-delta\/wp-json\/wp\/v2\/media?parent=54"}],"curies":[{"name":"wp","href":"https:\/\/api.w.org\/{rel}","templated":true}]}}

<p align="justify"><a href="https://serveiseducatius.xtec.cat/cda-delta/wp-content/uploads/usu1384/2013/12/capc_safata.jpg"><img loading="lazy" decoding="async" class="alignnone size-full wp-image-434" src="https://serveiseducatius.xtec.cat/cda-delta/wp-content/uploads/usu1384/2013/12/capc_safata.jpg" alt="" width="1000" height="240" srcset="https://serveiseducatius.xtec.cat/cda-delta/wp-content/uploads/usu1384/2013/12/capc_safata.jpg 1000w, https://serveiseducatius.xtec.cat/cda-delta/wp-content/uploads/usu1384/2013/12/capc_safata-300x72.jpg 300w, https://serveiseducatius.xtec.cat/cda-delta/wp-content/uploads/usu1384/2013/12/capc_safata-768x184.jpg 768w" sizes="auto, (max-width: 1000px) 100vw, 1000px" /></a></p>
<p align="justify">El Camp d’Aprenentatge (CdA) del delta de l’Ebre és un servei educatiu del Departament d’Educació que ofereix al professorat i als centres docents la possibilitat de desenvolupar conjuntament projectes de treball mitjançant l’estudi i l’experimentació en un medi singular com és el delta de l’Ebre, per tal d’aprofundir en la formació competencial de l’alumne.</p>
<p align="justify">El CdA del delta de l’Ebre va ser un dels quatre primers CdAs creats en el marc del programa d’<em>Ajut a la Renovació pedagògica</em> (Ordre de 31 d’agost de 1982) i va començar les primeres activitats amb alumnes l’11 d’abril de 1983.</p>
<p align="justify">Actualment forma part d’una xarxa de setze Camps d’Aprenentatge (CdA), als quals cal afegir cinc Entorns d’Aprenentatge (EdA). Consulteu el web:   <a title="Camps d'Aprenentatge" href="http://xtec.gencat.cat/ca/serveis/sesc/cda/mapa/" target="_blank" rel="noopener noreferrer">http://xtec.gencat.cat/ca/serveis/sesc/cda/mapa/</a></p>
<p align="justify">Podeu fer-vos una idea del nostre treball veient aquest vídeo de presentació que es va realitzar el 2011:</p>
<p><a href="http://www.edu3.cat/Edu3tv/Fitxa?p_id=16524"><img loading="lazy" decoding="async" title="Edu3.cat" src="http://www.edu3.cat/img/logo_embed.png" alt="Edu3.cat" width="37" height="39" border="0" /></a>  <a href="http://www.edu3.cat/Edu3tv/Fitxa?p_id=16524&amp;p_ex=Camp%20d%BFAprenentatge" target="_blank" rel="noopener noreferrer">http://www.edu3.cat/Edu3tv/Fitxa?p_id=16524&amp;p_ex=Camp%20d%BFAprenentatge</a></p>
<p>El centre educatiu que vol assistir al Camp d’Aprenentatge del delta de l’Ebre ha d’estar disposat a compartir amb el CdA un projecte de treball que es desenvolupa abans, durant i després de l’estada o sortida d’un dia, i que s’incorpora a la programació anual del centre.</p>
<p align="justify"><strong>Objectius</strong></p>
<p align="justify">• Conèixer i interpretar els diferents paisatges, ecosistemes i aprofitaments del delta de l’Ebre.<br />
• Crear consciència de la importància ecològica de les zones humides i de la necessitat de la seva conservació.<br />
•  Aportar recursos metodològics a l’estudi del medi i contribuir als objectius de l’educació ambiental.</p>
<p align="justify">Per tal de facilitar l’assoliment d’aquests objectius, les Estades o Sortides en el CdA comporten:</p>
<ul>
<li>Un <strong>coneixement previ</strong>, per part del professorat, de les instal·lacions, els recursos i la metodologia de treball.</li>
<li>La realització d’una sèrie d’<strong>activitats al propi centre</strong>, prèvies i posteriors a l’estada, a partir dels materials facilitats pel CdA.</li>
<li><strong>La implicació del professorat</strong> en les activitats que es fan durant l’estada al CdA.</li>
</ul>
<p align="justify">

<p>El Camp d’Aprenentatge (CdA) del delta de l’Ebre és un servei educatiu del Departament d’Educació que ofereix al professorat i als centres docents la possibilitat de desenvolupar conjuntament projectes de treball mitjançant l’estudi i l’experimentació en un medi singular com és el delta de l’Ebre, per tal d’aprofundir en la formació competencial de l’alumne. El [&hellip;]</p>
