{"id":10816,"date":"2025-06-11T09:58:20","date_gmt":"2025-06-11T07:58:20","guid":{"rendered":"https:\/\/serveiseducatius.xtec.cat\/cda-delta\/?page_id=10816"},"modified":"2025-06-11T09:58:21","modified_gmt":"2025-06-11T07:58:21","slug":"on-som","status":"publish","type":"page","link":"https:\/\/serveiseducatius.xtec.cat\/cda-delta\/on-som\/","title":{"rendered":"On som?"},"content":{"rendered":"\n<p>La seu del CdA est\u00e0 situada dins del nucli urb\u00e0 de <strong>La R\u00e0pita<\/strong>, al n\u00famero 67 de l&#8217;avinguda Constituci\u00f3. <\/p>\n\n\n\n<iframe src=\"https:\/\/www.google.com\/maps\/embed?pb=!1m18!1m12!1m3!1d3758.0261633806176!2d0.5821278901873868!3d40.61877086960492!2m3!1f0!2f0!3f0!3m2!1i1024!2i768!4f13.1!3m3!1m2!1s0x12a05543f14df4f3%3A0x9c379f9e88147903!2sCamp%20d&#39;Aprenentatge%20del%20delta%20de%20l&#39;Ebre!5e1!3m2!1sca!2ses!4v1749628193204!5m2!1sca!2ses\" width=\"600\" height=\"450\" style=\"border:0;\" allowfullscreen=\"\" loading=\"lazy\" referrerpolicy=\"no-referrer-when-downgrade\"><\/iframe>\n\n\n\n<p><small>Vegeu el&nbsp;<a href=\"https:\/\/maps.google.com\/maps\/ms?hl=es&amp;msid=218422929868450507720.0004dcd65a13b091a31b0&amp;action=import&amp;msa=0&amp;ie=UTF8&amp;t=h&amp;ll=40.618839,0.58706&amp;spn=0,0&amp;source=embed\">Camp d&#8217;Aprenentatge del Delta de l&#8217;Ebre<\/a> en un mapa m\u00e9s gran<\/small><\/p>\n\n\n\n<p class=\"has-medium-font-size\"><strong>On aparcar?<\/strong><\/p>\n\n\n\n<p>Molt important mirar b\u00e9 el lloc d&#8217;on aparcar ja que davant del camp d&#8217;aprenentatge hi ha una escola, el CAP i altres serveis. Per al bon funcionament, el p\u00e0rquing reservat als busos, est\u00e0 ubicat darrera del CAP, entrant marxa enrere amb el bus, passant pel mig d&#8217;unes grans jardineres.<\/p>\n\n\n\n<figure class=\"wp-block-image size-large\"><a href=\"https:\/\/serveiseducatius.xtec.cat\/cda-delta\/wp-content\/uploads\/usu1384\/2025\/06\/BusAprenentatge.jpg\"><img loading=\"lazy\" decoding=\"async\" width=\"1024\" height=\"450\" src=\"https:\/\/serveiseducatius.xtec.cat\/cda-delta\/wp-content\/uploads\/usu1384\/2025\/06\/BusAprenentatge-1024x450.jpg\" alt=\"\" class=\"wp-image-10822\" srcset=\"https:\/\/serveiseducatius.xtec.cat\/cda-delta\/wp-content\/uploads\/usu1384\/2025\/06\/BusAprenentatge-1024x450.jpg 1024w, https:\/\/serveiseducatius.xtec.cat\/cda-delta\/wp-content\/uploads\/usu1384\/2025\/06\/BusAprenentatge-300x132.jpg 300w, https:\/\/serveiseducatius.xtec.cat\/cda-delta\/wp-content\/uploads\/usu1384\/2025\/06\/BusAprenentatge-768x337.jpg 768w, https:\/\/serveiseducatius.xtec.cat\/cda-delta\/wp-content\/uploads\/usu1384\/2025\/06\/BusAprenentatge.jpg 1200w\" sizes=\"auto, (max-width: 1024px) 100vw, 1024px\" \/><\/a><\/figure>\n\n\n\n<hr class=\"wp-block-separator has-alpha-channel-opacity\"\/>\n\n\n\n<p><strong>Com arribar-hi<\/strong><\/p>\n\n\n\n<ul class=\"wp-block-list\">\n<li><strong><a href=\"https:\/\/serveiseducatius.xtec.cat\/cda-delta\/wp-content\/uploads\/usu1384\/2013\/12\/n340.jpg\"><\/a>En transport propi, per carretera:<\/strong><\/li>\n<\/ul>\n\n\n\n<p>A La R\u00e0pita, s&#8217;hi accedeix per la carretera N-340.<\/p>\n\n\n\n<p>Des de Barcelona i Tarragona s&#8217;hi arriba per la mateixa N-340 o b\u00e9 es pot agafar l&#8217;autopista AP-7. Si veniu per l&#8217;autopista, cal \u00a0sortir a la sortida 41 (Amposta &#8211; La R\u00e0pita) i continuar els darrers 12 Km per la N-340 direcci\u00f3 Castell\u00f3.<\/p>\n\n\n\n<p>Des de Lleida s&#8217;agafa la C-12 (Eix de l&#8217;Ebre) fins a Amposta, i es continua els darrers 10 Km per la N-340.<\/p>\n\n\n\n<p>Per entrar al nucli urb\u00e0 des de la N-340 i arribar al Camp, recomanem el segon o el tercer desviament (venint des de Barcelona), que s&#8217;agafen mitjan\u00e7ant un carril a l&#8217;esquerra o una rotonda.<\/p>\n\n\n\n<ul class=\"wp-block-list\">\n<li><strong>En tren:<\/strong><\/li>\n<\/ul>\n\n\n\n<p>Estaci\u00f3 <em>L&#8217;Aldea-Amposta-Tortosa<\/em>. &nbsp;<a href=\"https:\/\/www.adif.es\/w\/65402-l-aldea-amp-tor.?p_l_back_url=%2Fsearch%3Fq%3Dalde%2Bamposta\" target=\"_blank\" rel=\"noreferrer noopener\">Informaci\u00f3 de l&#8217;estaci\u00f3.<\/a><\/p>\n\n\n\n<figure class=\"wp-block-image alignright\"><a href=\"https:\/\/serveiseducatius.xtec.cat\/cda-delta\/wp-content\/uploads\/usu1384\/2019\/02\/renfe.jpg\"><img loading=\"lazy\" decoding=\"async\" width=\"233\" height=\"154\" src=\"https:\/\/serveiseducatius.xtec.cat\/cda-delta\/wp-content\/uploads\/usu1384\/2019\/02\/renfe.jpg\" alt=\"\" class=\"wp-image-8544\"\/><\/a><\/figure>\n\n\n\n<p>Consulteu horaris en: &nbsp;<a href=\"https:\/\/www.renfe.com\/es\/es\"> https:\/\/www.renfe.com\/es\/es<\/a><\/p>\n\n\n\n<p>L&#8217;estaci\u00f3 \u00e9s a 15 Km de La R\u00e0pita. Podeu enlla\u00e7ar amb autob\u00fas de l\u00ednia. Vegeu horaris en &nbsp;<a href=\"https:\/\/www.hife.es\/\" target=\"_blank\" rel=\"noreferrer noopener\">https:\/\/www.hife.es\/<\/a>(ALDEA L&#8217; EST FFCC &#8211;&gt; LA R\u00c0PITA).<\/p>\n\n\n\n<p>Tamb\u00e9m podeu agafar un taxi: <a href=\"https:\/\/taxislaldea.com\/\">&nbsp;https:\/\/taxislaldea.com\/<\/a><\/p>\n\n\n\n<ul class=\"wp-block-list\">\n<li><strong>En autocar de l\u00ednia:<a href=\"http:\/\/serveiseducatius.xtec.cat\/cda-delta\/wp-content\/uploads\/usu1384\/2013\/12\/hife.jpeg\"><\/a><\/strong><\/li>\n<\/ul>\n\n\n\n<p>L\u00ednia directa des de Barcelona, Lleida i Tarragona.&nbsp;Consulteu horaris en:&nbsp;<a href=\"http:\/\/www.hife.es\" target=\"_blank\" rel=\"noreferrer noopener\">http:\/\/www.hife.es\/es\/<\/a><\/p>\n\n\n\n<p>A Barcelona, sortida al carrer Num\u00e0ncia, davant del n\u00fam. 165 i cantonada Diagonal.<\/p>\n\n\n\n<p>Venda de bitllets a 20 metres, al c. Anglesola, 33.<\/p>\n\n\n\n<p>Tel. 933 227 814. &nbsp;i &nbsp; 902 119 814<\/p>\n","protected":false},"excerpt":{"rendered":"<p>La seu del CdA est\u00e0 situada dins del nucli urb\u00e0 de La R\u00e0pita, al n\u00famero 67 de l&#8217;avinguda Constituci\u00f3. Vegeu el&nbsp;Camp d&#8217;Aprenentatge del Delta de l&#8217;Ebre en un mapa m\u00e9s gran On aparcar? Molt important mirar b\u00e9 el lloc d&#8217;on aparcar ja que davant del camp d&#8217;aprenentatge hi ha una escola, el CAP i altres [&hellip;]<\/p>\n","protected":false},"author":1,"featured_media":0,"parent":0,"menu_order":0,"comment_status":"closed","ping_status":"close","template":"","meta":{"_bbp_topic_count":0,"_bbp_reply_count":0,"_bbp_total_topic_count":0,"_bbp_total_reply_count":0,"_bbp_voice_count":0,"_bbp_anonymous_reply_count":0,"_bbp_topic_count_hidden":0,"_bbp_reply_count_hidden":0,"_bbp_forum_subforum_count":0,"site-sidebar-layout":"default","site-content-layout":"","ast-site-content-layout":"default","site-content-style":"default","site-sidebar-style":"default","ast-global-header-display":"","ast-banner-title-visibility":"","ast-main-header-display":"","ast-hfb-above-header-display":"","ast-hfb-below-header-display":"","ast-hfb-mobile-header-display":"","site-post-title":"","ast-breadcrumbs-content":"","ast-featured-img":"","footer-sml-layout":"","theme-transparent-header-meta":"","adv-header-id-meta":"","stick-header-meta":"","header-above-stick-meta":"","header-main-stick-meta":"","header-below-stick-meta":"","astra-migrate-meta-layouts":"set","ast-page-background-enabled":"default","ast-page-background-meta":{"desktop":{"background-color":"var(--ast-global-color-4)","background-image":"","background-repeat":"repeat","background-position":"center center","background-size":"auto","background-attachment":"scroll","background-type":"","background-media":"","overlay-type":"","overlay-color":"","overlay-opacity":"","overlay-gradient":""},"tablet":{"background-color":"","background-image":"","background-repeat":"repeat","background-position":"center center","background-size":"auto","background-attachment":"scroll","background-type":"","background-media":"","overlay-type":"","overlay-color":"","overlay-opacity":"","overlay-gradient":""},"mobile":{"background-color":"","background-image":"","background-repeat":"repeat","background-position":"center center","background-size":"auto","background-attachment":"scroll","background-type":"","background-media":"","overlay-type":"","overlay-color":"","overlay-opacity":"","overlay-gradient":""}},"ast-content-background-meta":{"desktop":{"background-color":"var(--ast-global-color-5)","background-image":"","background-repeat":"repeat","background-position":"center center","background-size":"auto","background-attachment":"scroll","background-type":"","background-media":"","overlay-type":"","overlay-color":"","overlay-opacity":"","overlay-gradient":""},"tablet":{"background-color":"var(--ast-global-color-5)","background-image":"","background-repeat":"repeat","background-position":"center center","background-size":"auto","background-attachment":"scroll","background-type":"","background-media":"","overlay-type":"","overlay-color":"","overlay-opacity":"","overlay-gradient":""},"mobile":{"background-color":"var(--ast-global-color-5)","background-image":"","background-repeat":"repeat","background-position":"center center","background-size":"auto","background-attachment":"scroll","background-type":"","background-media":"","overlay-type":"","overlay-color":"","overlay-opacity":"","overlay-gradient":""}},"footnotes":""},"class_list":["post-10816","page","type-page","status-publish","hentry"],"post_mailing_queue_ids":[],"_links":{"self":[{"href":"https:\/\/serveiseducatius.xtec.cat\/cda-delta\/wp-json\/wp\/v2\/pages\/10816","targetHints":{"allow":["GET"]}}],"collection":[{"href":"https:\/\/serveiseducatius.xtec.cat\/cda-delta\/wp-json\/wp\/v2\/pages"}],"about":[{"href":"https:\/\/serveiseducatius.xtec.cat\/cda-delta\/wp-json\/wp\/v2\/types\/page"}],"author":[{"embeddable":true,"href":"https:\/\/serveiseducatius.xtec.cat\/cda-delta\/wp-json\/wp\/v2\/users\/1"}],"replies":[{"embeddable":true,"href":"https:\/\/serveiseducatius.xtec.cat\/cda-delta\/wp-json\/wp\/v2\/comments?post=10816"}],"version-history":[{"count":5,"href":"https:\/\/serveiseducatius.xtec.cat\/cda-delta\/wp-json\/wp\/v2\/pages\/10816\/revisions"}],"predecessor-version":[{"id":10823,"href":"https:\/\/serveiseducatius.xtec.cat\/cda-delta\/wp-json\/wp\/v2\/pages\/10816\/revisions\/10823"}],"wp:attachment":[{"href":"https:\/\/serveiseducatius.xtec.cat\/cda-delta\/wp-json\/wp\/v2\/media?parent=10816"}],"curies":[{"name":"wp","href":"https:\/\/api.w.org\/{rel}","templated":true}]}}