{"id":951,"date":"2014-01-20T11:21:48","date_gmt":"2014-01-20T10:21:48","guid":{"rendered":"http:\/\/blocs.xtec.cat\/cdacansantoi2\/?page_id=951"},"modified":"2024-09-17T14:23:59","modified_gmt":"2024-09-17T12:23:59","slug":"les-comunitats-vegetals-eso","status":"publish","type":"page","link":"https:\/\/serveiseducatius.xtec.cat\/cda-cansantoi\/ambits\/mon-vegetal-fongs\/les-comunitats-vegetals-eso\/","title":{"rendered":"Investiguem les comunitats vegetals"},"content":{"rendered":"<p>&nbsp;<\/p>\n<table style=\"width: 40.7092%;\" border=\"0\" cellspacing=\"0\" cellpadding=\"3\">\n<tbody>\n<tr>\n<td style=\"width: 112px;\" width=\"94\">\n<div align=\"center\"><a href=\"http:\/\/www.xtec.cat\/cda-cansantoi\/Les%20comunitats%20vegetals_eso.pdf\" target=\"_blank\" rel=\"noopener noreferrer\"><img loading=\"lazy\" decoding=\"async\" class=\"wp-image-1371 aligncenter\" style=\"border: 0px none;\" src=\"http:\/\/serveiseducatius.xtec.cat\/cda-cansantoi\/wp-content\/uploads\/usu1385\/2014\/05\/qta.gif\" alt=\"Baixar quadern de treball de l'alumne\" width=\"40\" height=\"40\" \/><\/a><\/div>\n<\/td>\n<td style=\"width: 112px;\" width=\"94\">\n<div align=\"center\"><a href=\"http:\/\/www.xtec.cat\/cda-cansantoi\/Fulls_organitzacio_sortida\/organitzacio_sortida_cve-eso.doc\" target=\"_blank\" rel=\"noopener noreferrer\"><img loading=\"lazy\" decoding=\"async\" class=\"size-full wp-image-1358 aligncenter\" style=\"border: 0px none;\" src=\"http:\/\/serveiseducatius.xtec.cat\/cda-cansantoi\/wp-content\/uploads\/usu1385\/2014\/05\/carpeta_camp.png\" alt=\"Baixar full d'organitzaci\u00f3 de la sortida\" width=\"32\" height=\"32\" \/><\/a><\/div>\n<\/td>\n<td style=\"width: 112px;\" width=\"94\">\n<div align=\"center\"><a href=\"https:\/\/drive.google.com\/file\/d\/1LJvbRuIY5OWTygDpbsJa-qirALPyB0mF\/view?usp=drive_link\" target=\"_blank\" rel=\"noopener noreferrer\"><img loading=\"lazy\" decoding=\"async\" class=\"aligncenter wp-image-1420\" style=\"border: 0px none;\" src=\"http:\/\/serveiseducatius.xtec.cat\/cda-cansantoi\/wp-content\/uploads\/usu1385\/2014\/01\/llibreta.gif\" alt=\"llibreta\" width=\"28\" height=\"36\" \/><\/a><\/div>\n<\/td>\n<td style=\"width: 112px;\" align=\"center\" width=\"94\">\n<div align=\"center\"><a href=\"https:\/\/maps.google.com\/maps\/ms?msa=0&amp;msid=203310988220912994480.00044828f13fc5a67029b&amp;hl=ca&amp;ie=UTF8&amp;t=m&amp;ll=41.43552,2.04895&amp;spn=0.180173,0.291824&amp;z=11&amp;source=embed\" target=\"_blank\" rel=\"noopener noreferrer\"><img loading=\"lazy\" decoding=\"async\" class=\"size-full wp-image-1416 aligncenter\" style=\"border: 0px none;\" src=\"http:\/\/serveiseducatius.xtec.cat\/cda-cansantoi\/wp-content\/uploads\/usu1385\/2014\/01\/Punt-de-trobada.png\" alt=\"Punt de trobada\" width=\"44\" height=\"40\" \/><\/a><\/div>\n<\/td>\n<td style=\"text-align: center; width: 112px;\" width=\"94\"><span style=\"font-size: large;\"><strong><span style=\"color: #800000;\">CVE-ESO<\/span><\/strong><\/span><\/td>\n<\/tr>\n<tr>\n<td style=\"width: 112px;\" width=\"94\">\n<div class=\"Estilo1\" align=\"center\">\n<div align=\"center\"><span style=\"font-size: xx-small;\">Quadern de treball<\/span><\/div>\n<\/div>\n<\/td>\n<td style=\"width: 112px;\" width=\"94\">\n<div class=\"Estilo1\" align=\"center\">\n<div align=\"center\"><span style=\"font-size: xx-small;\">Full d&#8217;organitzaci\u00f3 de sortida<\/span><\/div>\n<\/div>\n<\/td>\n<td style=\"width: 112px;\" width=\"94\">\n<div class=\"Estilo1\" align=\"center\">\n<div align=\"center\"><span style=\"font-size: xx-small;\">Projecte competencial<\/span><\/div>\n<\/div>\n<\/td>\n<td style=\"width: 112px;\" width=\"94\">\n<div class=\"Estilo1\" align=\"center\">\n<div align=\"center\"><span style=\"font-size: xx-small;\">Lloc de trobada<\/span><\/div>\n<\/div>\n<\/td>\n<td style=\"width: 112px;\" width=\"94\">\n<div class=\"Estilo1\" align=\"center\"><span style=\"font-size: xx-small;\">Codi activitat<\/span><\/div>\n<\/td>\n<\/tr>\n<\/tbody>\n<\/table>\n<p>&nbsp;<\/p>\n<p><strong>Lloc on es realitza:<\/strong>\u00a0Camp d\u2019Aprenentatge Can Santoi i voltants<\/p>\n<p><strong>Estacionalitat:<\/strong>\u00a0Tot l\u2019any<\/p>\n<p><strong>Tipus d\u2019activitat:<\/strong>\u00a0Treball de camp<\/p>\n<p><strong>Descripci\u00f3:<\/strong><\/p>\n<ul>\n<li>Activitat basada en l\u2019estudi comparat de diferents comunitats vegetals fent especial atenci\u00f3 al microclima de cada una d\u2019elles, l\u2019estructura de la vegetaci\u00f3 i l\u2019observaci\u00f3 acurada dels diferents trets adaptatius que presenten les plantes al seu medi concret.<\/li>\n<li>Localitzaci\u00f3 de la comunitat vegetal.<\/li>\n<li>Mesura de par\u00e0metres ambientals (temperatura, velocitat del vent, llum..)<\/li>\n<li>Descripci\u00f3 de la fisiognomia de la comunitat vegetal.<\/li>\n<li>Observaci\u00f3\/descripci\u00f3 de les plantes m\u00e9s importants i dels trets adaptatius mitjan\u00e7ant un senzill joc de recerca.<\/li>\n<li>Elaboraci\u00f3 de gr\u00e0fics i conclusions.<\/li>\n<\/ul>\n<p><strong>Nivell educatiu: <\/strong>1er i 2n cicle d\u2019ESO<\/p>\n<p><strong>\u00c0rea:<\/strong>\u00a0Coneixement del medi natural, social i cultural<\/p>\n<p><strong>Objectius:<\/strong><\/p>\n<p style=\"text-align: justify;\"><strong>OB1:<\/strong> Identificar correctament les principals esp\u00e8cies vegetals d\u2019un vessant i saber descriure les seves caracter\u00edstiques per poder caracteritzar la comunitat vegetal.<br \/>\n<strong>OB2:<\/strong> Prendre dades de les variables ambientals utilitzant diferents aparells i instruments de mesura en les seves unitats corresponents per poder caracteritzar el bi\u00f2top.<br \/>\n<strong>OB3:<\/strong> Entendre com afecten les diferents condicions ambientals a les diverses adaptacions i comportaments de cada planta d\u2019un vessant per poder deduir la seva causalitat i finalitat.<br \/>\n<strong>OB4:<\/strong> Relacionar les diferents esp\u00e8cies de plantes amb la seva comunitat vegetal corresponent per poder classificar-la i comparar-la amb d\u2019altres.<br \/>\n<strong>OB5:<\/strong> Incorporar llenguatge t\u00e8cnic per familiaritzar-se i promoure l\u2019\u00fas de vocabulari cient\u00edfic.<br \/>\n<strong>OB6:<\/strong> Aprendre a treballar en equip (autoregulaci\u00f3 de la conducta, establiment de rols, fixaci\u00f3 d\u2019objectius comuns, etc.) per fomentar el cooperativisme, la inclusi\u00f3, la perspectiva de g\u00e8nere i la conviv\u00e8ncia en els \u00e0mbits propers.<\/p>\n<p style=\"text-align: justify;\"><strong>Compet\u00e8ncies espec\u00edfiques:<\/strong><\/p>\n<p style=\"text-align: justify;\"><strong>CE1:<\/strong> Interpretar fen\u00f2mens de la naturalesa, predient i argumentant el seu comportament a partir de models, lleis i teories propis de la biologia i la geologia per apropiar-se de conceptes i processos propis de la ci\u00e8ncia.<br \/>\n<strong>CE3:<\/strong> Dissenyar, desenvolupar i comunicar el plantejament i les conclusions de recerques dins de l\u2019\u00e0mbit escolar, incloent la formulaci\u00f3 de preguntes i d\u2019hip\u00f2tesis i la seva contrastaci\u00f3 experimental, seguint els passos de les metodologies pr\u00f2pies de la ci\u00e8ncia, com l\u2019experimentaci\u00f3 i la cerca d\u2019evid\u00e8ncies, cooperant quan calgui, per indagar en aspectes relacionats amb la biologia i la geologia.<br \/>\n<strong>CE6:<\/strong> Analitzar els elements del paisatge, utilitzant de forma integrada els coneixements procedents de la biologia, la geologia i les ci\u00e8ncies ambientals per explicar-ne l\u2019origen i la possible evoluci\u00f3, aix\u00ed com les caracter\u00edstiques de la comunitat.<\/p>\n<p style=\"text-align: justify;\"><strong>Indicadors operatius de les compet\u00e8ncies transversals:<\/strong><\/p>\n<p style=\"text-align: justify;\"><strong>CD3:<\/strong> Participa, col\u2022labora i interactua mitjan\u00e7ant eines i\/o plataformes virtuals per comunicar-se, treballar col\u2022laborativament i compartir continguts, dades i informaci\u00f3, gestionant de manera responsable les seves accions, pres\u00e8ncia i visibilitat a la xarxa i exercint una ciutadania digital activa, c\u00edvica i reflexiva.<br \/>\n<strong>CPSAA3:<\/strong> Compr\u00e8n proactivament les perspectives i les experi\u00e8ncies dels altres i les incorpora al seu aprenentatge per participar en el treball en grup distribuint i acceptant tasques i responsabilitats de manera equitativa i emprant estrat\u00e8gies cooperatives.<br \/>\n<strong>CEM1:<\/strong> Analitza necessitats i oportunitats i afronta reptes amb sentit cr\u00edtic, fent balan\u00e7 de la seva sostenibilitat i valorant l\u2019impacte que puguin suposar en l\u2019entorn, per presentar idees i solucions innovadores, \u00e8tiques i sostenibles dirigides a crear valor en l\u2019\u00e0mbit personal, social, cultural i econ\u00f2mic.<br \/>\n<strong>CC1:<\/strong> Analitza i compr\u00e8n idees relatives a la dimensi\u00f3 social i ciutadana de la seva pr\u00f2pia identitat, aix\u00ed com als fets socials, hist\u00f2rics i normatius que la determinen, demostrant respecte per les normes, empatia, equitat i esperit constructiu en la interacci\u00f3 amb els altres en diferents contextos socioinstitucionals.<\/p>\n<p style=\"text-align: justify;\"><strong>Material:<\/strong>\u00a0Quadern de treball, aparells de mesura (term\u00f2metres, anem\u00f2metre, lux\u00f2metre\u2026) i fitxes de suport (claus de classificaci\u00f3 de plantes, fitxes de descripci\u00f3\u2026).<\/p>\n<p style=\"text-align: justify;\"><strong>Durada:<\/strong>\u00a0 Mitja jornada.<\/p>\n<p style=\"text-align: justify;\"><strong>Despla\u00e7ament:<\/strong>\u00a0Recorregut a peu (45 min)<\/p>\n<p style=\"text-align: justify;\">Per a m\u00e9s informaci\u00f3 consulteu el Full d\u2019organitzaci\u00f3 de la sortida\u00a0\u2191<\/p>\n","protected":false},"excerpt":{"rendered":"<p>&nbsp; CVE-ESO Quadern de treball Full d&#8217;organitzaci\u00f3 de sortida Projecte competencial Lloc de trobada Codi activitat &nbsp; Lloc on es realitza:\u00a0Camp d\u2019Aprenentatge Can Santoi i voltants Estacionalitat:\u00a0Tot l\u2019any Tipus d\u2019activitat:\u00a0Treball de camp Descripci\u00f3: Activitat basada en l\u2019estudi comparat de diferents comunitats vegetals fent especial atenci\u00f3 al microclima de cada una d\u2019elles, l\u2019estructura de la vegetaci\u00f3 [&hellip;]<\/p>\n","protected":false},"author":1,"featured_media":0,"parent":8533,"menu_order":5,"comment_status":"closed","ping_status":"closed","template":"page-templates\/side-menu.php","meta":{"_bbp_topic_count":0,"_bbp_reply_count":0,"_bbp_total_topic_count":0,"_bbp_total_reply_count":0,"_bbp_voice_count":0,"_bbp_anonymous_reply_count":0,"_bbp_topic_count_hidden":0,"_bbp_reply_count_hidden":0,"_bbp_forum_subforum_count":0,"site-sidebar-layout":"default","site-content-layout":"","ast-site-content-layout":"","site-content-style":"default","site-sidebar-style":"default","ast-global-header-display":"","ast-banner-title-visibility":"","ast-main-header-display":"","ast-hfb-above-header-display":"","ast-hfb-below-header-display":"","ast-hfb-mobile-header-display":"","site-post-title":"","ast-breadcrumbs-content":"","ast-featured-img":"","footer-sml-layout":"","theme-transparent-header-meta":"","adv-header-id-meta":"","stick-header-meta":"","header-above-stick-meta":"","header-main-stick-meta":"","header-below-stick-meta":"","astra-migrate-meta-layouts":"default","ast-page-background-enabled":"default","ast-page-background-meta":{"desktop":{"background-color":"var(--ast-global-color-4)","background-image":"","background-repeat":"repeat","background-position":"center center","background-size":"auto","background-attachment":"scroll","background-type":"","background-media":"","overlay-type":"","overlay-color":"","overlay-opacity":"","overlay-gradient":""},"tablet":{"background-color":"","background-image":"","background-repeat":"repeat","background-position":"center center","background-size":"auto","background-attachment":"scroll","background-type":"","background-media":"","overlay-type":"","overlay-color":"","overlay-opacity":"","overlay-gradient":""},"mobile":{"background-color":"","background-image":"","background-repeat":"repeat","background-position":"center center","background-size":"auto","background-attachment":"scroll","background-type":"","background-media":"","overlay-type":"","overlay-color":"","overlay-opacity":"","overlay-gradient":""}},"ast-content-background-meta":{"desktop":{"background-color":"var(--ast-global-color-5)","background-image":"","background-repeat":"repeat","background-position":"center center","background-size":"auto","background-attachment":"scroll","background-type":"","background-media":"","overlay-type":"","overlay-color":"","overlay-opacity":"","overlay-gradient":""},"tablet":{"background-color":"var(--ast-global-color-5)","background-image":"","background-repeat":"repeat","background-position":"center center","background-size":"auto","background-attachment":"scroll","background-type":"","background-media":"","overlay-type":"","overlay-color":"","overlay-opacity":"","overlay-gradient":""},"mobile":{"background-color":"var(--ast-global-color-5)","background-image":"","background-repeat":"repeat","background-position":"center center","background-size":"auto","background-attachment":"scroll","background-type":"","background-media":"","overlay-type":"","overlay-color":"","overlay-opacity":"","overlay-gradient":""}},"footnotes":""},"class_list":["post-951","page","type-page","status-publish","hentry"],"post_mailing_queue_ids":[],"_links":{"self":[{"href":"https:\/\/serveiseducatius.xtec.cat\/cda-cansantoi\/wp-json\/wp\/v2\/pages\/951","targetHints":{"allow":["GET"]}}],"collection":[{"href":"https:\/\/serveiseducatius.xtec.cat\/cda-cansantoi\/wp-json\/wp\/v2\/pages"}],"about":[{"href":"https:\/\/serveiseducatius.xtec.cat\/cda-cansantoi\/wp-json\/wp\/v2\/types\/page"}],"author":[{"embeddable":true,"href":"https:\/\/serveiseducatius.xtec.cat\/cda-cansantoi\/wp-json\/wp\/v2\/users\/1"}],"replies":[{"embeddable":true,"href":"https:\/\/serveiseducatius.xtec.cat\/cda-cansantoi\/wp-json\/wp\/v2\/comments?post=951"}],"version-history":[{"count":6,"href":"https:\/\/serveiseducatius.xtec.cat\/cda-cansantoi\/wp-json\/wp\/v2\/pages\/951\/revisions"}],"predecessor-version":[{"id":20750,"href":"https:\/\/serveiseducatius.xtec.cat\/cda-cansantoi\/wp-json\/wp\/v2\/pages\/951\/revisions\/20750"}],"up":[{"embeddable":true,"href":"https:\/\/serveiseducatius.xtec.cat\/cda-cansantoi\/wp-json\/wp\/v2\/pages\/8533"}],"wp:attachment":[{"href":"https:\/\/serveiseducatius.xtec.cat\/cda-cansantoi\/wp-json\/wp\/v2\/media?parent=951"}],"curies":[{"name":"wp","href":"https:\/\/api.w.org\/{rel}","templated":true}]}}

<p>&nbsp;</p>
<table style="width: 40.7092%;" border="0" cellspacing="0" cellpadding="3">
<tbody>
<tr>
<td style="width: 112px;" width="94">
<div align="center"><a href="http://www.xtec.cat/cda-cansantoi/Les%20comunitats%20vegetals_eso.pdf" target="_blank" rel="noopener noreferrer"><img loading="lazy" decoding="async" class="wp-image-1371 aligncenter" style="border: 0px none;" src="http://serveiseducatius.xtec.cat/cda-cansantoi/wp-content/uploads/usu1385/2014/05/qta.gif" alt="Baixar quadern de treball de l'alumne" width="40" height="40" /></a></div>
</td>
<td style="width: 112px;" width="94">
<div align="center"><a href="http://www.xtec.cat/cda-cansantoi/Fulls_organitzacio_sortida/organitzacio_sortida_cve-eso.doc" target="_blank" rel="noopener noreferrer"><img loading="lazy" decoding="async" class="size-full wp-image-1358 aligncenter" style="border: 0px none;" src="http://serveiseducatius.xtec.cat/cda-cansantoi/wp-content/uploads/usu1385/2014/05/carpeta_camp.png" alt="Baixar full d'organització de la sortida" width="32" height="32" /></a></div>
</td>
<td style="width: 112px;" width="94">
<div align="center"><a href="https://drive.google.com/file/d/1LJvbRuIY5OWTygDpbsJa-qirALPyB0mF/view?usp=drive_link" target="_blank" rel="noopener noreferrer"><img loading="lazy" decoding="async" class="aligncenter wp-image-1420" style="border: 0px none;" src="http://serveiseducatius.xtec.cat/cda-cansantoi/wp-content/uploads/usu1385/2014/01/llibreta.gif" alt="llibreta" width="28" height="36" /></a></div>
</td>
<td style="width: 112px;" align="center" width="94">
<div align="center"><a href="https://maps.google.com/maps/ms?msa=0&amp;msid=203310988220912994480.00044828f13fc5a67029b&amp;hl=ca&amp;ie=UTF8&amp;t=m&amp;ll=41.43552,2.04895&amp;spn=0.180173,0.291824&amp;z=11&amp;source=embed" target="_blank" rel="noopener noreferrer"><img loading="lazy" decoding="async" class="size-full wp-image-1416 aligncenter" style="border: 0px none;" src="http://serveiseducatius.xtec.cat/cda-cansantoi/wp-content/uploads/usu1385/2014/01/Punt-de-trobada.png" alt="Punt de trobada" width="44" height="40" /></a></div>
</td>
<td style="text-align: center; width: 112px;" width="94"><span style="font-size: large;"><strong><span style="color: #800000;">CVE-ESO</span></strong></span></td>
</tr>
<tr>
<td style="width: 112px;" width="94">
<div class="Estilo1" align="center">
<div align="center"><span style="font-size: xx-small;">Quadern de treball</span></div>
</div>
</td>
<td style="width: 112px;" width="94">
<div class="Estilo1" align="center">
<div align="center"><span style="font-size: xx-small;">Full d&#8217;organització de sortida</span></div>
</div>
</td>
<td style="width: 112px;" width="94">
<div class="Estilo1" align="center">
<div align="center"><span style="font-size: xx-small;">Projecte competencial</span></div>
</div>
</td>
<td style="width: 112px;" width="94">
<div class="Estilo1" align="center">
<div align="center"><span style="font-size: xx-small;">Lloc de trobada</span></div>
</div>
</td>
<td style="width: 112px;" width="94">
<div class="Estilo1" align="center"><span style="font-size: xx-small;">Codi activitat</span></div>
</td>
</tr>
</tbody>
</table>
<p>&nbsp;</p>
<p><strong>Lloc on es realitza:</strong> Camp d’Aprenentatge Can Santoi i voltants</p>
<p><strong>Estacionalitat:</strong> Tot l’any</p>
<p><strong>Tipus d’activitat:</strong> Treball de camp</p>
<p><strong>Descripció:</strong></p>
<ul>
<li>Activitat basada en l’estudi comparat de diferents comunitats vegetals fent especial atenció al microclima de cada una d’elles, l’estructura de la vegetació i l’observació acurada dels diferents trets adaptatius que presenten les plantes al seu medi concret.</li>
<li>Localització de la comunitat vegetal.</li>
<li>Mesura de paràmetres ambientals (temperatura, velocitat del vent, llum..)</li>
<li>Descripció de la fisiognomia de la comunitat vegetal.</li>
<li>Observació/descripció de les plantes més importants i dels trets adaptatius mitjançant un senzill joc de recerca.</li>
<li>Elaboració de gràfics i conclusions.</li>
</ul>
<p><strong>Nivell educatiu: </strong>1er i 2n cicle d’ESO</p>
<p><strong>Àrea:</strong> Coneixement del medi natural, social i cultural</p>
<p><strong>Objectius:</strong></p>
<p style="text-align: justify;"><strong>OB1:</strong> Identificar correctament les principals espècies vegetals d’un vessant i saber descriure les seves característiques per poder caracteritzar la comunitat vegetal.<br />
<strong>OB2:</strong> Prendre dades de les variables ambientals utilitzant diferents aparells i instruments de mesura en les seves unitats corresponents per poder caracteritzar el biòtop.<br />
<strong>OB3:</strong> Entendre com afecten les diferents condicions ambientals a les diverses adaptacions i comportaments de cada planta d’un vessant per poder deduir la seva causalitat i finalitat.<br />
<strong>OB4:</strong> Relacionar les diferents espècies de plantes amb la seva comunitat vegetal corresponent per poder classificar-la i comparar-la amb d’altres.<br />
<strong>OB5:</strong> Incorporar llenguatge tècnic per familiaritzar-se i promoure l’ús de vocabulari científic.<br />
<strong>OB6:</strong> Aprendre a treballar en equip (autoregulació de la conducta, establiment de rols, fixació d’objectius comuns, etc.) per fomentar el cooperativisme, la inclusió, la perspectiva de gènere i la convivència en els àmbits propers.</p>
<p style="text-align: justify;"><strong>Competències específiques:</strong></p>
<p style="text-align: justify;"><strong>CE1:</strong> Interpretar fenòmens de la naturalesa, predient i argumentant el seu comportament a partir de models, lleis i teories propis de la biologia i la geologia per apropiar-se de conceptes i processos propis de la ciència.<br />
<strong>CE3:</strong> Dissenyar, desenvolupar i comunicar el plantejament i les conclusions de recerques dins de l’àmbit escolar, incloent la formulació de preguntes i d’hipòtesis i la seva contrastació experimental, seguint els passos de les metodologies pròpies de la ciència, com l’experimentació i la cerca d’evidències, cooperant quan calgui, per indagar en aspectes relacionats amb la biologia i la geologia.<br />
<strong>CE6:</strong> Analitzar els elements del paisatge, utilitzant de forma integrada els coneixements procedents de la biologia, la geologia i les ciències ambientals per explicar-ne l’origen i la possible evolució, així com les característiques de la comunitat.</p>
<p style="text-align: justify;"><strong>Indicadors operatius de les competències transversals:</strong></p>
<p style="text-align: justify;"><strong>CD3:</strong> Participa, col•labora i interactua mitjançant eines i/o plataformes virtuals per comunicar-se, treballar col•laborativament i compartir continguts, dades i informació, gestionant de manera responsable les seves accions, presència i visibilitat a la xarxa i exercint una ciutadania digital activa, cívica i reflexiva.<br />
<strong>CPSAA3:</strong> Comprèn proactivament les perspectives i les experiències dels altres i les incorpora al seu aprenentatge per participar en el treball en grup distribuint i acceptant tasques i responsabilitats de manera equitativa i emprant estratègies cooperatives.<br />
<strong>CEM1:</strong> Analitza necessitats i oportunitats i afronta reptes amb sentit crític, fent balanç de la seva sostenibilitat i valorant l’impacte que puguin suposar en l’entorn, per presentar idees i solucions innovadores, ètiques i sostenibles dirigides a crear valor en l’àmbit personal, social, cultural i econòmic.<br />
<strong>CC1:</strong> Analitza i comprèn idees relatives a la dimensió social i ciutadana de la seva pròpia identitat, així com als fets socials, històrics i normatius que la determinen, demostrant respecte per les normes, empatia, equitat i esperit constructiu en la interacció amb els altres en diferents contextos socioinstitucionals.</p>
<p style="text-align: justify;"><strong>Material:</strong> Quadern de treball, aparells de mesura (termòmetres, anemòmetre, luxòmetre…) i fitxes de suport (claus de classificació de plantes, fitxes de descripció…).</p>
<p style="text-align: justify;"><strong>Durada:</strong>  Mitja jornada.</p>
<p style="text-align: justify;"><strong>Desplaçament:</strong> Recorregut a peu (45 min)</p>
<p style="text-align: justify;">Per a més informació consulteu el Full d’organització de la sortida ↑</p>

<p>&nbsp; CVE-ESO Quadern de treball Full d&#8217;organització de sortida Projecte competencial Lloc de trobada Codi activitat &nbsp; Lloc on es realitza: Camp d’Aprenentatge Can Santoi i voltants Estacionalitat: Tot l’any Tipus d’activitat: Treball de camp Descripció: Activitat basada en l’estudi comparat de diferents comunitats vegetals fent especial atenció al microclima de cada una d’elles, l’estructura de la vegetació [&hellip;]</p>
