{"id":8922,"date":"2014-05-15T12:50:19","date_gmt":"2014-05-15T12:50:19","guid":{"rendered":"http:\/\/blocs.xtec.cat\/cdacansantoi\/?page_id=1621"},"modified":"2025-12-11T10:08:03","modified_gmt":"2025-12-11T09:08:03","slug":"colonia-guell-eso","status":"publish","type":"page","link":"https:\/\/serveiseducatius.xtec.cat\/cda-cansantoi\/colonia-guell-eso\/","title":{"rendered":"Col\u00f2nia G\u00fcell ESO"},"content":{"rendered":"<table style=\"width: 564px;\" border=\"0\" cellspacing=\"0\" cellpadding=\"3\">\n<tbody>\n<tr>\n<td width=\"94\">\n<div align=\"center\"><a href=\"http:\/\/www.xtec.cat\/cda-cansantoi\/qta_col_eso.pdf\" target=\"_blank\" rel=\"noopener\"><img loading=\"lazy\" decoding=\"async\" class=\"aligncenter wp-image-1371\" style=\"border: 0px none;\" src=\"http:\/\/serveiseducatius.xtec.cat\/cda-cansantoi\/wp-content\/uploads\/usu1385\/2014\/05\/qta.gif\" alt=\"Baixar quadern de treball de l'alumne\" width=\"40\" height=\"40\" \/><\/a><\/div>\n<\/td>\n<td width=\"94\">\n<div align=\"center\"><a href=\"http:\/\/www.xtec.cat\/cda-cansantoi\/Fulls_organitzacio_sortida\/organitzacio_sortida_col-eso.doc\" target=\"_blank\" rel=\"noopener\"><img loading=\"lazy\" decoding=\"async\" class=\"size-full wp-image-1358 aligncenter\" style=\"border: 0px none;\" src=\"http:\/\/serveiseducatius.xtec.cat\/cda-cansantoi\/wp-content\/uploads\/usu1385\/2014\/05\/carpeta_camp.png\" alt=\"Baixar full d'organitzaci\u00f3 de la sortida\" width=\"32\" height=\"32\" \/><\/a><\/div>\n<\/td>\n<td width=\"94\">\n<div align=\"center\"><a href=\"http:\/\/blocs.xtec.cat\/cdacansantoi\/en-preparacio\/\" target=\"_blank\" rel=\"noopener\"><img loading=\"lazy\" decoding=\"async\" class=\" wp-image-1420 aligncenter\" style=\"border: 0px none;\" src=\"http:\/\/serveiseducatius.xtec.cat\/cda-cansantoi\/wp-content\/uploads\/usu1385\/2014\/01\/llibreta.gif\" alt=\"llibreta\" width=\"28\" height=\"36\" \/><\/a><\/div>\n<\/td>\n<td align=\"center\" width=\"94\">\n<div align=\"center\"><a href=\"https:\/\/mapsengine.google.com\/map\/edit?mid=zr_p_MqWVj2I.kWXR-BBGBQXc\" target=\"_blank\" rel=\"noopener\"><img loading=\"lazy\" decoding=\"async\" class=\"size-full wp-image-1416 aligncenter\" style=\"border: 0px none;\" src=\"http:\/\/serveiseducatius.xtec.cat\/cda-cansantoi\/wp-content\/uploads\/usu1385\/2014\/01\/Punt-de-trobada.png\" alt=\"Punt de trobada\" width=\"44\" height=\"40\" \/><\/a><\/div>\n<\/td>\n<td width=\"94\">\n<div align=\"center\"><a title=\"Cost addicional activitats\" href=\"http:\/\/blocs.xtec.cat\/cdacansantoi\/cost-addicional-activitats\/\" target=\"_blank\" rel=\"noopener\"><img loading=\"lazy\" decoding=\"async\" class=\"wp-image-1417 aligncenter\" style=\"border: 0px none;\" src=\"http:\/\/serveiseducatius.xtec.cat\/cda-cansantoi\/wp-content\/uploads\/usu1385\/2014\/01\/monedes.jpg\" alt=\"Cost addicional entrada\" width=\"40\" height=\"40\" \/><\/a><\/div>\n<\/td>\n<td width=\"94\"><span style=\"font-size: large;\"><strong><span style=\"color: #800000;\">COL-ESO<\/span><\/strong><\/span><\/td>\n<\/tr>\n<tr>\n<td width=\"94\">\n<div class=\"Estilo1\" align=\"center\">\n<div align=\"center\"><span style=\"font-size: xx-small;\">Quadern de treball<\/span><\/div>\n<\/div>\n<\/td>\n<td width=\"94\">\n<div class=\"Estilo1\" align=\"center\">\n<div align=\"center\"><span style=\"font-size: xx-small;\">Full d&#8217;organitzaci\u00f3 de sortida<\/span><\/div>\n<\/div>\n<\/td>\n<td width=\"94\">\n<div class=\"Estilo1\" align=\"center\">\n<div align=\"center\"><span style=\"font-size: xx-small;\">Propostes act. pr\u00e8vies i posteriors<\/span><\/div>\n<\/div>\n<\/td>\n<td width=\"94\">\n<div class=\"Estilo1\" align=\"center\">\n<div align=\"center\"><span style=\"font-size: xx-small;\">Lloc de trobada<\/span><\/div>\n<\/div>\n<\/td>\n<td width=\"94\">\n<div class=\"Estilo1\" align=\"center\"><span style=\"font-size: xx-small;\">Cost addicional entrada<\/span><\/div>\n<\/td>\n<td width=\"94\">\n<div class=\"Estilo1\" align=\"center\"><span style=\"font-size: xx-small;\">Codi activitat<\/span><\/div>\n<\/td>\n<\/tr>\n<\/tbody>\n<\/table>\n<p style=\"text-align: justify;\"><span style=\"font-family: Arial,Helvetica; color: #000000;\"><strong>\u00c0mbit curricular:<\/strong> Coneixement del medi natural, social i cultural.<\/span><\/p>\n<p style=\"text-align: justify;\"><span style=\"font-family: Arial,Helvetica; color: #000000;\"><strong>Lloc on es realitza:<\/strong> Col\u00f2nia G\u00fcell (Sta. Coloma de Cervell\u00f3)<\/span><\/p>\n<p style=\"text-align: justify;\"><span style=\"font-family: Arial,Helvetica; color: #000000;\"><strong>Nivell educatiu:<\/strong> Secund\u00e0ria<br \/>\n<\/span><\/p>\n<p style=\"text-align: justify;\"><span style=\"font-family: Arial,Helvetica; color: #000000;\"><strong>Estacionalitat:<\/strong> Tot l&#8217;any<\/span><\/p>\n<p style=\"text-align: justify;\"><span style=\"color: #000000;\"><span style=\"font-family: Arial,Helvetica;\"><strong>Objectius:<\/strong> <\/span><\/span><span style=\"color: #000000;\"><span style=\"font-family: Arial,Helvetica;\"><span style=\"font-family: Arial,Helvetica;\">Fer con\u00e8ixer l\u2019estructura i l\u2019organitzaci\u00f3 social d\u2019una col\u00f2nia industrial.<\/span><br \/>\n<span style=\"font-family: Arial,Helvetica;\">\u00a0Recon\u00e8ixer els trets diferencials de la Col\u00f2nia G\u00fcell respecte a les col\u00f2nies industrials catalanes de l\u2019\u00e8poca.<\/span><br \/>\n<span style=\"font-family: Arial,Helvetica;\">\u00a0Observar els elements propis de l\u2019arquitectura i decoraci\u00f3 del modernisme popular.<\/span><br \/>\n<\/span><span style=\"font-family: Arial,Helvetica;\"><span style=\"font-family: Arial,Helvetica;\">\u00a0Analitzar la Cripta d\u2019Antoni Gaud\u00ed tant des del punt de vista arquitect\u00f2nic, com del simb\u00f2lic-religi\u00f3s.<\/span><\/span><\/span><span style=\"font-family: Arial,Helvetica; color: #000000;\"><br \/>\n<\/span><\/p>\n<p><strong>Compet\u00e8ncies b\u00e0siques\u00a0 que m\u00e9s potencia<\/strong>:<\/p>\n<ul>\n<li><strong>\u00c0mbit social<\/strong>\n<ul>\n<li><strong>Compet\u00e8ncia 2. <\/strong>Aplicar els procediments de la recerca hist\u00f2rica a partir de la formulaci\u00f3 de preguntes i l\u2019an\u00e0lisi de fonts, per inter\u00adpretar el passat.<\/li>\n<li><strong>Compet\u00e8ncia 3. <\/strong>Interpretar que el present \u00e9s producte del passat, per comprendre que el futur \u00e9s fruit de les decisions i accions actuals.<\/li>\n<li><strong>Compet\u00e8ncia 4. <\/strong>Identificar i valorar la identitat individual i col\u00b7lectiva per comprendre la seva intervenci\u00f3 en la construcci\u00f3 de sub\u00adjectes hist\u00f2rics.<\/li>\n<li><strong>Compet\u00e8ncia 5. <\/strong>Explicar les interrelacions entre els elements de l\u2019espai geogr\u00e0fic, per gestionar les activitats humanes en el territori amb criteris de sostenibilitat.<\/li>\n<li><strong>Compet\u00e8ncia 6. <\/strong>Aplicar els procediments de l\u2019an\u00e0lisi geogr\u00e0fica a partir de la cerca i l\u2019an\u00e0lisi de diverses fonts, per interpretar l\u2019espai i prendre decisions.<\/li>\n<li><strong>Compet\u00e8ncia 9. <\/strong>Valorar el patrimoni cultural com a her\u00e8ncia rebuda del passat, per defensar-ne la conservaci\u00f3 i afavorir que les generacions futures se l\u2019apropi\u00efn.<\/li>\n<li><strong>Compet\u00e8ncia 11. <\/strong>Formar-se un criteri propi sobre problemes socials rellevants per desenvolupar un pensament cr\u00edtic.<\/li>\n<\/ul>\n<\/li>\n<li><strong>\u00c0mbit cultura i valors<\/strong>\n<ul>\n<li><strong>Compet\u00e8ncia 9<\/strong>. Analitzar cr\u00edticament l\u2019entorn natural des de la perspectiva \u00e8tica, individualment i de manera col\u00b7lectiva<\/li>\n<\/ul>\n<\/li>\n<\/ul>\n<p style=\"text-align: justify;\"><span style=\"font-family: Arial,Helvetica; color: #000000;\"><strong>Tipus d&#8217;activitat:<\/strong> Itinerari. Visita<\/span><\/p>\n<p style=\"text-align: justify;\"><span style=\"font-family: Arial,Helvetica; color: #000000;\"><strong>Descripci\u00f3:<\/strong> Els alumnes, organitzats en petits grups, fan un recorregut guiat per la col\u00f2nia, tot realitzant tasques d\u2019observaci\u00f3 i de descripci\u00f3 dels edificis m\u00e9s rellevants.<\/span><\/p>\n<p style=\"text-align: justify;\"><span style=\"font-family: Arial,Helvetica; color: #000000;\">A la zona industrial veuen, entre d\u2019altres, la f\u00e0brica de pisos tipus \u201cmanchesteri\u00e0\u201d, els assecadors i la xemeneia. <\/span><br \/>\n<span style=\"font-family: Arial,Helvetica; color: #000000;\">A la zona residencial observen les cases dels obrers, m\u00e9s senzilles, o les resid\u00e8ncies m\u00e9s luxoses de l\u2019administrador (Ca l\u2019Espinal) o del secretari; tamb\u00e9 veuen els edificis socials, com l\u2019escola, la cooperativa.<\/span><\/p>\n<p style=\"text-align: justify;\"><span style=\"font-family: Arial,Helvetica; color: #000000;\">Finalment, es reuneix tot el grup classe per tal de fer una visita guiada a la cripta de la col\u00f2nia, dissenyada per Antoni Gaud\u00ed. En primer lloc s\u2019observa l\u2019exterior i despr\u00e9s l\u2019interior tot remarcant els aspectes arquitect\u00f2nics i simb\u00f2lics de l\u2019obra del genial arquitecte.<\/span><\/p>\n<p style=\"text-align: justify;\"><span style=\"font-family: Arial,Helvetica; color: #000000;\"><strong>Material:<\/strong> Quadern de treball de l\u2019alumne, carpeta o suport<br \/>\n<\/span><\/p>\n<p style=\"text-align: justify;\"><span style=\"font-family: Arial,Helvetica; color: #000000;\"><strong>Durada:<\/strong> Mitja jornada<\/span><\/p>\n<p style=\"text-align: justify;\"><span style=\"font-family: Arial,Helvetica; color: #000000;\"><strong>Despla\u00e7ament:<\/strong> En autocar o FFCC fins a la Col\u00f2nia G\u00fcell. A peu per l\u2019interior del recinte.<\/span><\/p>\n<p style=\"text-align: justify;\"><strong>Observacions: <\/strong><span style=\"font-family: Arial,Helvetica; color: #000000;\">Com a preparaci\u00f3 de l&#8217;activitat o si voleu ampliar coneixements sobre la Col\u00f2nia, us podeu adre\u00e7ar a <span style=\"color: #339966;\">&#8220;l&#8217;<b><a href=\"http:\/\/www.xtec.es\/crp-baixllobregat6\/colonia\/visita.htm\"><span style=\"color: #339966;\">Itinerari virtual de la Col\u00f2nia G\u00fcell i la Cripta Gaud\u00ed<\/span><\/a><\/b>&#8220;<\/span> realitzat pel <span style=\"color: #339966;\"><a href=\"http:\/\/www.xtec.es\/crp-baixllobregat6\/\"><span style=\"color: #339966;\">Centre de Recursos Pedag\u00f2gics del Baix Llobregat VI <\/span><\/a>&#8211;<\/span> Sant Vicen\u00e7 dels Horts.<\/span><\/p>\n<p>Per a m\u00e9s informaci\u00f3, baixeu-vos el full d\u2019organitzaci\u00f3 de sortides.\u2191<\/p>\n","protected":false},"excerpt":{"rendered":"<p>COL-ESO Quadern de treball Full d&#8217;organitzaci\u00f3 de sortida Propostes act. pr\u00e8vies i posteriors Lloc de trobada Cost addicional entrada Codi activitat \u00c0mbit curricular: Coneixement del medi natural, social i cultural. Lloc on es realitza: Col\u00f2nia G\u00fcell (Sta. Coloma de Cervell\u00f3) Nivell educatiu: Secund\u00e0ria Estacionalitat: Tot l&#8217;any Objectius: Fer con\u00e8ixer l\u2019estructura i l\u2019organitzaci\u00f3 social d\u2019una col\u00f2nia [&hellip;]<\/p>\n","protected":false},"author":3,"featured_media":0,"parent":0,"menu_order":0,"comment_status":"closed","ping_status":"closed","template":"","meta":{"_bbp_topic_count":0,"_bbp_reply_count":0,"_bbp_total_topic_count":0,"_bbp_total_reply_count":0,"_bbp_voice_count":0,"_bbp_anonymous_reply_count":0,"_bbp_topic_count_hidden":0,"_bbp_reply_count_hidden":0,"_bbp_forum_subforum_count":0,"site-sidebar-layout":"default","site-content-layout":"","ast-site-content-layout":"default","site-content-style":"default","site-sidebar-style":"default","ast-global-header-display":"","ast-banner-title-visibility":"","ast-main-header-display":"","ast-hfb-above-header-display":"","ast-hfb-below-header-display":"","ast-hfb-mobile-header-display":"","site-post-title":"","ast-breadcrumbs-content":"","ast-featured-img":"","footer-sml-layout":"","theme-transparent-header-meta":"default","adv-header-id-meta":"","stick-header-meta":"","header-above-stick-meta":"","header-main-stick-meta":"","header-below-stick-meta":"","astra-migrate-meta-layouts":"set","ast-page-background-enabled":"default","ast-page-background-meta":{"desktop":{"background-color":"var(--ast-global-color-4)","background-image":"","background-repeat":"repeat","background-position":"center center","background-size":"auto","background-attachment":"scroll","background-type":"","background-media":"","overlay-type":"","overlay-color":"","overlay-opacity":"","overlay-gradient":""},"tablet":{"background-color":"","background-image":"","background-repeat":"repeat","background-position":"center center","background-size":"auto","background-attachment":"scroll","background-type":"","background-media":"","overlay-type":"","overlay-color":"","overlay-opacity":"","overlay-gradient":""},"mobile":{"background-color":"","background-image":"","background-repeat":"repeat","background-position":"center center","background-size":"auto","background-attachment":"scroll","background-type":"","background-media":"","overlay-type":"","overlay-color":"","overlay-opacity":"","overlay-gradient":""}},"ast-content-background-meta":{"desktop":{"background-color":"var(--ast-global-color-5)","background-image":"","background-repeat":"repeat","background-position":"center center","background-size":"auto","background-attachment":"scroll","background-type":"","background-media":"","overlay-type":"","overlay-color":"","overlay-opacity":"","overlay-gradient":""},"tablet":{"background-color":"var(--ast-global-color-5)","background-image":"","background-repeat":"repeat","background-position":"center center","background-size":"auto","background-attachment":"scroll","background-type":"","background-media":"","overlay-type":"","overlay-color":"","overlay-opacity":"","overlay-gradient":""},"mobile":{"background-color":"var(--ast-global-color-5)","background-image":"","background-repeat":"repeat","background-position":"center center","background-size":"auto","background-attachment":"scroll","background-type":"","background-media":"","overlay-type":"","overlay-color":"","overlay-opacity":"","overlay-gradient":""}},"footnotes":""},"class_list":["post-8922","page","type-page","status-publish","hentry"],"post_mailing_queue_ids":[],"_links":{"self":[{"href":"https:\/\/serveiseducatius.xtec.cat\/cda-cansantoi\/wp-json\/wp\/v2\/pages\/8922","targetHints":{"allow":["GET"]}}],"collection":[{"href":"https:\/\/serveiseducatius.xtec.cat\/cda-cansantoi\/wp-json\/wp\/v2\/pages"}],"about":[{"href":"https:\/\/serveiseducatius.xtec.cat\/cda-cansantoi\/wp-json\/wp\/v2\/types\/page"}],"author":[{"embeddable":true,"href":"https:\/\/serveiseducatius.xtec.cat\/cda-cansantoi\/wp-json\/wp\/v2\/users\/3"}],"replies":[{"embeddable":true,"href":"https:\/\/serveiseducatius.xtec.cat\/cda-cansantoi\/wp-json\/wp\/v2\/comments?post=8922"}],"version-history":[{"count":1,"href":"https:\/\/serveiseducatius.xtec.cat\/cda-cansantoi\/wp-json\/wp\/v2\/pages\/8922\/revisions"}],"predecessor-version":[{"id":24502,"href":"https:\/\/serveiseducatius.xtec.cat\/cda-cansantoi\/wp-json\/wp\/v2\/pages\/8922\/revisions\/24502"}],"wp:attachment":[{"href":"https:\/\/serveiseducatius.xtec.cat\/cda-cansantoi\/wp-json\/wp\/v2\/media?parent=8922"}],"curies":[{"name":"wp","href":"https:\/\/api.w.org\/{rel}","templated":true}]}}