{"id":1413,"date":"2014-05-13T09:37:18","date_gmt":"2014-05-13T07:37:18","guid":{"rendered":"http:\/\/blocs.xtec.cat\/cdacansantoi\/?page_id=1413"},"modified":"2024-04-29T14:24:39","modified_gmt":"2024-04-29T12:24:39","slug":"cost-addicional-activitats","status":"publish","type":"page","link":"https:\/\/serveiseducatius.xtec.cat\/cda-cansantoi\/cost-addicional-activitats\/","title":{"rendered":"Cost addicional activitats"},"content":{"rendered":"<p style=\"text-align: justify;\">Les activitats que presenten un cost addicional al preu de la sortida al CdA s\u00f3n:<\/p>\n<p style=\"text-align: justify;\">Aquesta activitat comporta el pagament de <strong>40 \u20ac per grup-classe<\/strong> que cal fer efectiu el mateix dia de la sortida a la caseta de recepci\u00f3 dels Espais Naturals del Riu.<\/p>\n<ul>\n<li><strong>Col\u00f2nia G\u00fcell<\/strong><\/li>\n<\/ul>\n<p style=\"text-align: justify;\">Aquesta activitat comporta un cost de <strong>5,00 \u20ac per alumne<\/strong>, que correspon a l\u2019import que cobra l\u2019entitat que gestiona l\u2019entrada a la Cripta de la Col\u00f2nia. Els professors tenen l&#8217;entrada gratu\u00efta.<\/p>\n<ul>\n<li><strong>Itinerari Modernista Sant Joan Desp\u00ed<\/strong><\/li>\n<\/ul>\n<p style=\"text-align: justify;\">Aquesta activitat comporta un cost de <strong>50 euros per grup-classe<\/strong> per tal de poder entrar a fer la visita a Can Negre.<\/p>\n<p style=\"text-align: justify;\">Si necessiteu que us emetin factura porteu el vostre NIF.<\/p>\n<p style=\"text-align: justify;\"><span style=\"color: #800000;\"><strong>Important: comproveu la vig\u00e8ncia d&#8217;aquests preus trucant al Cda Can Santoi uns quinze dies abans de la sortida.<\/strong><\/span><\/p>\n","protected":false},"excerpt":{"rendered":"<p>Les activitats que presenten un cost addicional al preu de la sortida al CdA s\u00f3n: Aquesta activitat comporta el pagament de 40 \u20ac per grup-classe que cal fer efectiu el mateix dia de la sortida a la caseta de recepci\u00f3 dels Espais Naturals del Riu. Col\u00f2nia G\u00fcell Aquesta activitat comporta un cost de 5,00 \u20ac [&hellip;]<\/p>\n","protected":false},"author":1,"featured_media":0,"parent":0,"menu_order":0,"comment_status":"closed","ping_status":"closed","template":"","meta":{"_bbp_topic_count":0,"_bbp_reply_count":0,"_bbp_total_topic_count":0,"_bbp_total_reply_count":0,"_bbp_voice_count":0,"_bbp_anonymous_reply_count":0,"_bbp_topic_count_hidden":0,"_bbp_reply_count_hidden":0,"_bbp_forum_subforum_count":0,"site-sidebar-layout":"default","site-content-layout":"","ast-site-content-layout":"","site-content-style":"default","site-sidebar-style":"default","ast-global-header-display":"","ast-banner-title-visibility":"","ast-main-header-display":"","ast-hfb-above-header-display":"","ast-hfb-below-header-display":"","ast-hfb-mobile-header-display":"","site-post-title":"","ast-breadcrumbs-content":"","ast-featured-img":"","footer-sml-layout":"","theme-transparent-header-meta":"","adv-header-id-meta":"","stick-header-meta":"","header-above-stick-meta":"","header-main-stick-meta":"","header-below-stick-meta":"","astra-migrate-meta-layouts":"default","ast-page-background-enabled":"default","ast-page-background-meta":{"desktop":{"background-color":"var(--ast-global-color-4)","background-image":"","background-repeat":"repeat","background-position":"center center","background-size":"auto","background-attachment":"scroll","background-type":"","background-media":"","overlay-type":"","overlay-color":"","overlay-opacity":"","overlay-gradient":""},"tablet":{"background-color":"","background-image":"","background-repeat":"repeat","background-position":"center center","background-size":"auto","background-attachment":"scroll","background-type":"","background-media":"","overlay-type":"","overlay-color":"","overlay-opacity":"","overlay-gradient":""},"mobile":{"background-color":"","background-image":"","background-repeat":"repeat","background-position":"center center","background-size":"auto","background-attachment":"scroll","background-type":"","background-media":"","overlay-type":"","overlay-color":"","overlay-opacity":"","overlay-gradient":""}},"ast-content-background-meta":{"desktop":{"background-color":"var(--ast-global-color-5)","background-image":"","background-repeat":"repeat","background-position":"center center","background-size":"auto","background-attachment":"scroll","background-type":"","background-media":"","overlay-type":"","overlay-color":"","overlay-opacity":"","overlay-gradient":""},"tablet":{"background-color":"var(--ast-global-color-5)","background-image":"","background-repeat":"repeat","background-position":"center center","background-size":"auto","background-attachment":"scroll","background-type":"","background-media":"","overlay-type":"","overlay-color":"","overlay-opacity":"","overlay-gradient":""},"mobile":{"background-color":"var(--ast-global-color-5)","background-image":"","background-repeat":"repeat","background-position":"center center","background-size":"auto","background-attachment":"scroll","background-type":"","background-media":"","overlay-type":"","overlay-color":"","overlay-opacity":"","overlay-gradient":""}},"footnotes":""},"class_list":["post-1413","page","type-page","status-publish","hentry"],"post_mailing_queue_ids":[],"_links":{"self":[{"href":"https:\/\/serveiseducatius.xtec.cat\/cda-cansantoi\/wp-json\/wp\/v2\/pages\/1413","targetHints":{"allow":["GET"]}}],"collection":[{"href":"https:\/\/serveiseducatius.xtec.cat\/cda-cansantoi\/wp-json\/wp\/v2\/pages"}],"about":[{"href":"https:\/\/serveiseducatius.xtec.cat\/cda-cansantoi\/wp-json\/wp\/v2\/types\/page"}],"author":[{"embeddable":true,"href":"https:\/\/serveiseducatius.xtec.cat\/cda-cansantoi\/wp-json\/wp\/v2\/users\/1"}],"replies":[{"embeddable":true,"href":"https:\/\/serveiseducatius.xtec.cat\/cda-cansantoi\/wp-json\/wp\/v2\/comments?post=1413"}],"version-history":[{"count":4,"href":"https:\/\/serveiseducatius.xtec.cat\/cda-cansantoi\/wp-json\/wp\/v2\/pages\/1413\/revisions"}],"predecessor-version":[{"id":20028,"href":"https:\/\/serveiseducatius.xtec.cat\/cda-cansantoi\/wp-json\/wp\/v2\/pages\/1413\/revisions\/20028"}],"wp:attachment":[{"href":"https:\/\/serveiseducatius.xtec.cat\/cda-cansantoi\/wp-json\/wp\/v2\/media?parent=1413"}],"curies":[{"name":"wp","href":"https:\/\/api.w.org\/{rel}","templated":true}]}}