{"id":1318,"date":"2014-05-08T17:44:57","date_gmt":"2014-05-08T17:44:57","guid":{"rendered":"http:\/\/blocs.xtec.cat\/cdacansantoi\/?page_id=1318"},"modified":"2021-10-06T14:32:19","modified_gmt":"2021-10-06T12:32:19","slug":"valoracions-de-sortides","status":"publish","type":"page","link":"https:\/\/serveiseducatius.xtec.cat\/cda-cansantoi\/amb-els-centres\/formulari-de-valoracio\/valoracions-de-sortides\/","title":{"rendered":"Valoracions de sortides"},"content":{"rendered":"<p>L&#8217;avaluaci\u00f3 de les sortides al Camp d&#8217;Aprenentatge \u00e9s una de les bases per a la millora del seu projecte did\u00e0ctic. A Can Santoi tots els agents que estem implicats en el proc\u00e9s d&#8217;aprenentatge participem en la seva valoraci\u00f3: professorat, alumnat i l&#8217;equip del CdA.<\/p>\n<p><span style=\"background-color: #ffffff; color: #000080;\"><strong>Avaluaci\u00f3 per part del professorat<\/strong><\/span><\/p>\n<p>Un cop finalitzada la sortida al Camp d&#8217;Aprenentatge i d&#8217;haver realitzat els treballs posteriors amb els alumnes al vostre centre, cal que valoreu com ha anat tot plegat. En previsi\u00f3 de possibles oblits, us enviarem un correu electr\u00f2nic uns dies despr\u00e9s de la sortida per fer-vos-en mem\u00f2ria.<\/p>\n<p><a href=\"https:\/\/goo.gl\/forms\/kbo7HpdGS2qMmoW93\" target=\"_blank\" rel=\"noopener noreferrer\"><img loading=\"lazy\" decoding=\"async\" class=\"alignleft wp-image-2074\" src=\"http:\/\/blocs.xtec.cat\/cdacansantoi\/files\/2013\/11\/imatge_avaluacio_estada.gif\" alt=\"imatge_avaluacio_estada\" width=\"92\" height=\"118\" \/><\/a>Hem creat formularis a &#8220;google drive&#8221; per a completar les vostres valoracions. Cal contestar tots els camps amb asterisc (*) i al final clicar el bot\u00f3 \u201cenvia\u201d. Completeu una sola enquesta per data de sortida. Gr\u00e0cies!<\/p>\n<p><a href=\"https:\/\/forms.gle\/inMmNSJywdUKwKUn6\" target=\"_blank\" rel=\"noopener noreferrer\">Acc\u00e9s a l&#8217;enquesta<\/a><\/p>\n<p>&nbsp;<\/p>\n<p>&nbsp;<\/p>\n<p><span style=\"background-color: #ffffff; color: #000080;\"><strong>Avaluaci\u00f3 per part de l&#8217;alumnat<\/strong><\/span><\/p>\n<p>La sessi\u00f3 d&#8217;avaluaci\u00f3 amb els alumnes est\u00e0 pensada per a fer-la al centre docent despr\u00e9s de la sortida a Can Santoi i d&#8217;haver realitzat les activitats posteriors acordades. Les respostes s\u00f3n per grup de treball, no per a cada alumne de forma individual. Tenim dues modalitats d&#8217;enquesta en funci\u00f3 del nivell de l&#8217;alumnat:<\/p>\n<ul>\n<li><span style=\"color: #000080;\"><span style=\"color: #000080;\"><strong>Valoracions per a prim\u00e0ria<\/strong><\/span><\/span><\/li>\n<\/ul>\n<p style=\"padding-left: 30px;\"><a href=\"https:\/\/goo.gl\/forms\/z3UUuqPRDixzi2Tv2\"><img loading=\"lazy\" decoding=\"async\" class=\"alignleft wp-image-4992\" src=\"http:\/\/blocs.xtec.cat\/cdacansantoi\/files\/2014\/05\/valoraciosn_primaria-150x150.jpg\" alt=\"valoraciosn_primaria\" width=\"112\" height=\"112\" \/><\/a>Enquesta d&#8217;avaluaci\u00f3 amb formulari a &#8220;google drive&#8221;s (us caldran ordinadors amb connexi\u00f3 a internet). Una \u00fanica valoraci\u00f3 per cada grup de treball (no individual).<\/p>\n<p><a href=\"https:\/\/forms.gle\/zB6vfjmqdrz9nULVA\" target=\"_blank\" rel=\"noopener noreferrer\">Acc\u00e9s al formulari<\/a><\/p>\n<p><span style=\"color: #000080;\"><strong>\u00a0<\/strong><\/span><\/p>\n<ul style=\"list-style-type: square;\">\n<li><span style=\"color: #000080;\"><strong>Valoracions per a secund\u00e0ria<\/strong><\/span><\/li>\n<\/ul>\n<p style=\"padding-left: 30px;\"><a href=\"https:\/\/goo.gl\/forms\/KCSGC9HKpwHQE9B22\" target=\"_blank\" rel=\"noopener noreferrer\"><img loading=\"lazy\" decoding=\"async\" class=\"alignleft wp-image-2081 size-full\" src=\"http:\/\/blocs.xtec.cat\/cdacansantoi\/files\/2013\/11\/imatge_avaluacio_estada_alum_sec.gif\" alt=\"imatge_avaluacio_estada_alum_sec\" width=\"100\" height=\"122\" \/><\/a>Enquesta d&#8217;avaluaci\u00f3 amb formulari a &#8220;google drive&#8221;s (us caldran ordinadors amb connexi\u00f3 a internet). Una \u00fanica valoraci\u00f3 per cada grup de treball (no individual).<\/p>\n<p><a href=\"https:\/\/forms.gle\/TrHBwHeK5XzaUad76\" target=\"_blank\" rel=\"noopener noreferrer\">Acc\u00e9s al formulari<\/a><\/p>\n","protected":false},"excerpt":{"rendered":"<p>L&#8217;avaluaci\u00f3 de les sortides al Camp d&#8217;Aprenentatge \u00e9s una de les bases per a la millora del seu projecte did\u00e0ctic. A Can Santoi tots els agents que estem implicats en el proc\u00e9s d&#8217;aprenentatge participem en la seva valoraci\u00f3: professorat, alumnat i l&#8217;equip del CdA. Avaluaci\u00f3 per part del professorat Un cop finalitzada la sortida al [&hellip;]<\/p>\n","protected":false},"author":1,"featured_media":0,"parent":359,"menu_order":2,"comment_status":"closed","ping_status":"closed","template":"page-templates\/side-menu.php","meta":{"_bbp_topic_count":0,"_bbp_reply_count":0,"_bbp_total_topic_count":0,"_bbp_total_reply_count":0,"_bbp_voice_count":0,"_bbp_anonymous_reply_count":0,"_bbp_topic_count_hidden":0,"_bbp_reply_count_hidden":0,"_bbp_forum_subforum_count":0,"site-sidebar-layout":"default","site-content-layout":"","ast-site-content-layout":"","site-content-style":"default","site-sidebar-style":"default","ast-global-header-display":"","ast-banner-title-visibility":"","ast-main-header-display":"","ast-hfb-above-header-display":"","ast-hfb-below-header-display":"","ast-hfb-mobile-header-display":"","site-post-title":"","ast-breadcrumbs-content":"","ast-featured-img":"","footer-sml-layout":"","theme-transparent-header-meta":"","adv-header-id-meta":"","stick-header-meta":"","header-above-stick-meta":"","header-main-stick-meta":"","header-below-stick-meta":"","astra-migrate-meta-layouts":"default","ast-page-background-enabled":"default","ast-page-background-meta":{"desktop":{"background-color":"var(--ast-global-color-4)","background-image":"","background-repeat":"repeat","background-position":"center center","background-size":"auto","background-attachment":"scroll","background-type":"","background-media":"","overlay-type":"","overlay-color":"","overlay-opacity":"","overlay-gradient":""},"tablet":{"background-color":"","background-image":"","background-repeat":"repeat","background-position":"center center","background-size":"auto","background-attachment":"scroll","background-type":"","background-media":"","overlay-type":"","overlay-color":"","overlay-opacity":"","overlay-gradient":""},"mobile":{"background-color":"","background-image":"","background-repeat":"repeat","background-position":"center center","background-size":"auto","background-attachment":"scroll","background-type":"","background-media":"","overlay-type":"","overlay-color":"","overlay-opacity":"","overlay-gradient":""}},"ast-content-background-meta":{"desktop":{"background-color":"var(--ast-global-color-5)","background-image":"","background-repeat":"repeat","background-position":"center center","background-size":"auto","background-attachment":"scroll","background-type":"","background-media":"","overlay-type":"","overlay-color":"","overlay-opacity":"","overlay-gradient":""},"tablet":{"background-color":"var(--ast-global-color-5)","background-image":"","background-repeat":"repeat","background-position":"center center","background-size":"auto","background-attachment":"scroll","background-type":"","background-media":"","overlay-type":"","overlay-color":"","overlay-opacity":"","overlay-gradient":""},"mobile":{"background-color":"var(--ast-global-color-5)","background-image":"","background-repeat":"repeat","background-position":"center center","background-size":"auto","background-attachment":"scroll","background-type":"","background-media":"","overlay-type":"","overlay-color":"","overlay-opacity":"","overlay-gradient":""}},"footnotes":""},"class_list":["post-1318","page","type-page","status-publish","hentry"],"post_mailing_queue_ids":[],"_links":{"self":[{"href":"https:\/\/serveiseducatius.xtec.cat\/cda-cansantoi\/wp-json\/wp\/v2\/pages\/1318","targetHints":{"allow":["GET"]}}],"collection":[{"href":"https:\/\/serveiseducatius.xtec.cat\/cda-cansantoi\/wp-json\/wp\/v2\/pages"}],"about":[{"href":"https:\/\/serveiseducatius.xtec.cat\/cda-cansantoi\/wp-json\/wp\/v2\/types\/page"}],"author":[{"embeddable":true,"href":"https:\/\/serveiseducatius.xtec.cat\/cda-cansantoi\/wp-json\/wp\/v2\/users\/1"}],"replies":[{"embeddable":true,"href":"https:\/\/serveiseducatius.xtec.cat\/cda-cansantoi\/wp-json\/wp\/v2\/comments?post=1318"}],"version-history":[{"count":3,"href":"https:\/\/serveiseducatius.xtec.cat\/cda-cansantoi\/wp-json\/wp\/v2\/pages\/1318\/revisions"}],"predecessor-version":[{"id":13231,"href":"https:\/\/serveiseducatius.xtec.cat\/cda-cansantoi\/wp-json\/wp\/v2\/pages\/1318\/revisions\/13231"}],"up":[{"embeddable":true,"href":"https:\/\/serveiseducatius.xtec.cat\/cda-cansantoi\/wp-json\/wp\/v2\/pages\/359"}],"wp:attachment":[{"href":"https:\/\/serveiseducatius.xtec.cat\/cda-cansantoi\/wp-json\/wp\/v2\/media?parent=1318"}],"curies":[{"name":"wp","href":"https:\/\/api.w.org\/{rel}","templated":true}]}}