{"id":8825,"date":"2019-10-17T13:38:08","date_gmt":"2019-10-17T11:38:08","guid":{"rendered":"https:\/\/serveiseducatius.xtec.cat\/cda-barcelona\/?page_id=8825"},"modified":"2019-10-21T11:10:58","modified_gmt":"2019-10-21T09:10:58","slug":"fa-molts-anys-a-barcelona","status":"publish","type":"page","link":"https:\/\/serveiseducatius.xtec.cat\/cda-barcelona\/fa-molts-anys-a-barcelona\/","title":{"rendered":"Fa molts anys a Barcelona"},"content":{"rendered":"<p><strong>CODI: HIS01<\/strong><\/p>\n<table style=\"width: 600px; height: 1531px;\" border=\"0\">\n<tbody>\n<tr style=\"height: 31px;\">\n<td style=\"height: 31px; width: 594px;\"><i>Educaci\u00f3 Prim\u00e0ria<\/i><\/td>\n<\/tr>\n<tr style=\"height: 91px;\">\n<td style=\"height: 91px; width: 594px;\">Un recorregut cronol\u00f2gic per quatre places que han marcat la hist\u00f2ria de la ciutat des de l&#8217;\u00e8poca romana fins a l&#8217;actualitat (Temple d&#8217;August -f\u00f2rum-, pla\u00e7a del Rei, pla\u00e7a Sant Jaume, passeig del Born i pla\u00e7a Catalunya). Posteriorment reflexionarem sobre all\u00f2 vist i situarem sobre la l\u00ednia del temps els elements urbans observats, relacionant-los amb les formes de vida pr\u00f2pies de cada moment.<\/td>\n<\/tr>\n<tr style=\"height: 65px;\">\n<td style=\"height: 65px; width: 594px;\">\n<h3>DESENVOLUPAMENT<\/h3>\n<\/td>\n<\/tr>\n<tr style=\"height: 76px;\">\n<td style=\"background-color: #efefef; height: 76px; width: 594px;\">A cada un dels quatre llocs que es visiten es fa una ubicaci\u00f3 cronol\u00f2gica sobre una l\u00ednia del temps (cinta m\u00e8trica), una identificaci\u00f3 de la estructura social de la \u00e8poca a partir de prendes de cap que es posaran els nens i nenes, i unes targetes relacionades amb la vestimenta, escriptura, mitjans de transport i jocs de cadascuna de les \u00e8poques.<\/td>\n<\/tr>\n<tr style=\"height: 65px;\">\n<td style=\"height: 65px; width: 594px;\">\n<h3>\u00c0REES DE CONEIXEMENT<\/h3>\n<\/td>\n<\/tr>\n<tr style=\"height: 77px;\">\n<td style=\"height: 77px; width: 594px;\" bgcolor=\"#f3f5f2\">\n<ul>\n<li>\n<ul>\n<li>Llengua<\/li>\n<li>Coneixement del medi natural, social i cultural<\/li>\n<\/ul>\n<\/li>\n<\/ul>\n<\/td>\n<\/tr>\n<tr style=\"height: 65px;\">\n<td style=\"height: 65px; width: 594px;\">\n<h3>COMPET\u00c8NCIES<\/h3>\n<\/td>\n<\/tr>\n<tr style=\"height: 143px;\">\n<td style=\"height: 143px; width: 594px;\" bgcolor=\"#f3f5f2\">\n<ul>\n<li>\n<ul>\n<li>Comunicativa ling\u00fc\u00edstica i audiovisual<\/li>\n<li>Tractament de la informaci\u00f3 i compet\u00e8ncia digital<\/li>\n<li>Matem\u00e0tica<\/li>\n<li>Coneixement i interacci\u00f3 amb el m\u00f3n f\u00edsic<\/li>\n<li>Social i ciutadana<\/li>\n<\/ul>\n<\/li>\n<\/ul>\n<\/td>\n<\/tr>\n<tr style=\"height: 65px;\">\n<td style=\"height: 65px; width: 594px;\">\n<h3>OBJECTIUS<\/h3>\n<\/td>\n<\/tr>\n<tr style=\"height: 165px;\">\n<td style=\"height: 165px; width: 594px;\" bgcolor=\"#f3f5f2\">\n<ul>\n<li>\n<ul>\n<li>Con\u00e8ixer alguns llocs significatius de la ciutat.<\/li>\n<li>Ordenar cronol\u00f2gicament quatre espais de la ciutat representatius de diferents \u00e8poques.<\/li>\n<li>Copsar algunes de les caracter\u00edstiques de la vida quotidiana de cada \u00e8poca.<\/li>\n<li>Situar sobre la l\u00ednia del temps llocs i objectes propis de cada una de les quatre \u00e8poques observades.<\/li>\n<\/ul>\n<\/li>\n<\/ul>\n<\/td>\n<\/tr>\n<tr style=\"height: 65px;\">\n<td style=\"height: 65px; width: 594px;\">\n<h3>LLOC<\/h3>\n<\/td>\n<\/tr>\n<tr style=\"height: 77px;\">\n<td style=\"height: 77px; width: 594px;\" bgcolor=\"#f3f5f2\">\n<ul>\n<li>\n<ul>\n<li>Ciutat Vella (G\u00f2tic) i Pla\u00e7a Catalunya.<\/li>\n<li>Taller de tarda (opcional): &#8220;<a href=\"https:\/\/serveiseducatius.xtec.cat\/cda-barcelona\/jocs-amb-molta-historia\/\"><strong>HIS02<\/strong> Jocs amb molta hist\u00f2ria<\/a>&#8220;, al CdA Barcelona:<a href=\"https:\/\/mapsengine.google.com\/map\/edit?mid=zSHy7jM-bTtU.k62NUtEJ4xTI\" target=\"_blank\" rel=\"noopener noreferrer\"> Passeig de la Mare de D\u00e9u del Coll, 41.<\/a><\/li>\n<\/ul>\n<\/li>\n<\/ul>\n<\/td>\n<\/tr>\n<tr style=\"height: 65px;\">\n<td style=\"height: 65px; width: 594px;\">\n<h3>DURADA<\/h3>\n<\/td>\n<\/tr>\n<tr style=\"height: 77px;\">\n<td style=\"height: 77px; width: 594px;\" bgcolor=\"#f3f5f2\">\n<ul>\n<li>\n<ul>\n<li>2:30 h mat\u00ed (recorregut mat\u00ed)<\/li>\n<li>1&#8217;5 h tarda (taller)<\/li>\n<\/ul>\n<\/li>\n<\/ul>\n<\/td>\n<\/tr>\n<tr style=\"height: 65px;\">\n<td style=\"height: 65px; width: 594px;\">\n<h3>DESPESA<\/h3>\n<\/td>\n<\/tr>\n<tr style=\"height: 77px;\">\n<td style=\"height: 77px; width: 594px;\" bgcolor=\"#f3f5f2\">\n<ul style=\"margin-left: 40px;\">\n<li>Despla\u00e7aments del centre fins el punt de trobada.<\/li>\n<li><a href=\"https:\/\/serveiseducatius.xtec.cat\/cda-barcelona\/inscripcio\/\">Preu p\u00fablic<\/a> d&#8217;activitats ensenyament-aprenentatge (Dep. d&#8217;Educaci\u00f3).<\/li>\n<\/ul>\n<\/td>\n<\/tr>\n<tr style=\"height: 65px;\">\n<td style=\"height: 65px; width: 594px;\">\n<h3>NOMBRE M\u00c0XIM D&#8217;ALUMNES<\/h3>\n<\/td>\n<\/tr>\n<tr style=\"height: 55px;\">\n<td style=\"height: 55px; width: 594px;\" bgcolor=\"#f3f5f2\">\n<ul>\n<li>45 alumnes \/ 2 grups classe.<\/li>\n<\/ul>\n<\/td>\n<\/tr>\n<tr style=\"height: 65px;\">\n<td style=\"height: 65px; width: 594px;\">\n<h3>OBSERVACIONS<\/h3>\n<\/td>\n<\/tr>\n<tr style=\"height: 77px;\">\n<td style=\"height: 77px; width: 594px;\" bgcolor=\"#f3f5f2\">\n<ul>\n<li>Punt de trobada: Pla\u00e7a de Catalunya<\/li>\n<li>Podeu arribar-hi amb metro: Catalunya (L3-L1) o tren (FGC i rodalies RENFE)<\/li>\n<li>Si arribeu amb autocar la parada \u00e9s a <a href=\"https:\/\/www.google.com\/maps\/place\/Pl.+Catalunya+-+Portal+de+l'%C3%80ngel\/@41.3865274,2.1708956,20z\/data=!4m5!3m4!1s0x12a4a2f13963f971:0xa1ba0de845ab81f3!8m2!3d41.3865673!4d2.1710604\">Pla\u00e7a Catalunya, 21<\/a>.<\/li>\n<\/ul>\n<\/td>\n<\/tr>\n<\/tbody>\n<\/table>\n<table style=\"width: 600px;\" border=\"0\">\n<tbody>\n<tr>\n<td width=\"599\"><strong>RECURSOS DID\u00c0CTICS<\/strong><\/td>\n<\/tr>\n<tr>\n<td style=\"background-color: #efefef;\" bgcolor=\"efefef\"><img loading=\"lazy\" decoding=\"async\" src=\"http:\/\/blocs.xtec.cat\/cdabarcelona\/files\/2014\/02\/icon_tac1.gif\" alt=\"icon_tac\" width=\"32\" height=\"33\" \/><strong>Quadern pel professorat<\/strong><\/p>\n<ul>\n<li>Quadern <a href=\"https:\/\/drive.google.com\/open?id=1uZyEztOdxefluzTO8YcJgm_1tpFHle8P\">&#8220;Fa molts anys a Barcelona&#8221;<\/a><\/li>\n<\/ul>\n<p><strong>Activitats TAC \/ enlla\u00e7os web<\/strong><\/p>\n<ul>\n<li>App <a href=\"https:\/\/ajuntament.barcelona.cat\/arxiumunicipal\/arxiufotografic\/ca\/noticia\/coneix-la-barcelona-historica-amb-lapp-bcn-visual_684174\">BCN Visual<\/a><\/li>\n<\/ul>\n<\/td>\n<\/tr>\n<tr>\n<td style=\"background-color: #efefef;\" bgcolor=\"#efefef\"><img loading=\"lazy\" decoding=\"async\" src=\"http:\/\/blocs.xtec.cat\/cdabarcelona\/files\/2014\/02\/icon_video.gif\" alt=\"icon_video\" width=\"32\" height=\"33\" \/><strong>\u00c0udio \/ v\u00eddeo<\/strong><\/p>\n<ul>\n<li>V\u00eddeo: <a href=\"https:\/\/ajuntament.barcelona.cat\/ciutatvella\/ca\/noticia\/la-capsula-del-temps-un-recorregut-historic-per-barcelona_396486\">&#8220;La c\u00e0psula del temps. Un recorregut hist\u00f2ric per Barcelona&#8221;\u00a0<\/a><\/li>\n<li>V\u00eddeo: <a href=\"https:\/\/ajuntament.barcelona.cat\/ciutatvella\/ca\/noticia\/descobriu-una-altra-ciutat-vella_66207\">&#8220;Descobriu una altra Ciutat Vella&#8221;<\/a><\/li>\n<\/ul>\n<\/td>\n<\/tr>\n<tr>\n<td style=\"background-color: #efefef;\" bgcolor=\"#efefef\"><img loading=\"lazy\" decoding=\"async\" src=\"http:\/\/blocs.xtec.cat\/cdabarcelona\/files\/2014\/02\/icon_gmaps.gif\" alt=\"icon_gmaps\" width=\"32\" height=\"32\" \/><strong>Pl\u00e0nols<\/strong><\/p>\n<ul>\n<li>Google maps:\u00a0<a href=\"http:\/\/goo.gl\/maps\/B1rtr\" target=\"_blank\" rel=\"noopener noreferrer\">punts d&#8217;inter\u00e8s<\/a><\/li>\n<\/ul>\n<\/td>\n<\/tr>\n<\/tbody>\n<\/table>\n<p style=\"text-align: right;\"><a href=\"https:\/\/serveiseducatius.xtec.cat\/cda-barcelona\/ambits\/totes-les-activitats\/\"><strong>&lt;\u00a0<\/strong><em>Torna a totes les activitats<\/em><\/a><\/p>\n","protected":false},"excerpt":{"rendered":"<p>CODI: HIS01 Educaci\u00f3 Prim\u00e0ria Un recorregut cronol\u00f2gic per quatre places que han marcat la hist\u00f2ria de la ciutat des de l&#8217;\u00e8poca romana fins a l&#8217;actualitat (Temple d&#8217;August -f\u00f2rum-, pla\u00e7a del Rei, pla\u00e7a Sant Jaume, passeig del Born i pla\u00e7a Catalunya). Posteriorment reflexionarem sobre all\u00f2 vist i situarem sobre la l\u00ednia del temps els elements urbans [&hellip;]<\/p>\n","protected":false},"author":1,"featured_media":0,"parent":0,"menu_order":0,"comment_status":"closed","ping_status":"closed","template":"","meta":{"_bbp_topic_count":0,"_bbp_reply_count":0,"_bbp_total_topic_count":0,"_bbp_total_reply_count":0,"_bbp_voice_count":0,"_bbp_anonymous_reply_count":0,"_bbp_topic_count_hidden":0,"_bbp_reply_count_hidden":0,"_bbp_forum_subforum_count":0,"site-sidebar-layout":"default","site-content-layout":"","ast-site-content-layout":"","site-content-style":"default","site-sidebar-style":"default","ast-global-header-display":"","ast-banner-title-visibility":"","ast-main-header-display":"","ast-hfb-above-header-display":"","ast-hfb-below-header-display":"","ast-hfb-mobile-header-display":"","site-post-title":"","ast-breadcrumbs-content":"","ast-featured-img":"","footer-sml-layout":"","theme-transparent-header-meta":"","adv-header-id-meta":"","stick-header-meta":"","header-above-stick-meta":"","header-main-stick-meta":"","header-below-stick-meta":"","astra-migrate-meta-layouts":"default","ast-page-background-enabled":"default","ast-page-background-meta":{"desktop":{"background-color":"var(--ast-global-color-4)","background-image":"","background-repeat":"repeat","background-position":"center center","background-size":"auto","background-attachment":"scroll","background-type":"","background-media":"","overlay-type":"","overlay-color":"","overlay-opacity":"","overlay-gradient":""},"tablet":{"background-color":"","background-image":"","background-repeat":"repeat","background-position":"center center","background-size":"auto","background-attachment":"scroll","background-type":"","background-media":"","overlay-type":"","overlay-color":"","overlay-opacity":"","overlay-gradient":""},"mobile":{"background-color":"","background-image":"","background-repeat":"repeat","background-position":"center center","background-size":"auto","background-attachment":"scroll","background-type":"","background-media":"","overlay-type":"","overlay-color":"","overlay-opacity":"","overlay-gradient":""}},"ast-content-background-meta":{"desktop":{"background-color":"var(--ast-global-color-5)","background-image":"","background-repeat":"repeat","background-position":"center center","background-size":"auto","background-attachment":"scroll","background-type":"","background-media":"","overlay-type":"","overlay-color":"","overlay-opacity":"","overlay-gradient":""},"tablet":{"background-color":"var(--ast-global-color-5)","background-image":"","background-repeat":"repeat","background-position":"center center","background-size":"auto","background-attachment":"scroll","background-type":"","background-media":"","overlay-type":"","overlay-color":"","overlay-opacity":"","overlay-gradient":""},"mobile":{"background-color":"var(--ast-global-color-5)","background-image":"","background-repeat":"repeat","background-position":"center center","background-size":"auto","background-attachment":"scroll","background-type":"","background-media":"","overlay-type":"","overlay-color":"","overlay-opacity":"","overlay-gradient":""}},"footnotes":""},"class_list":["post-8825","page","type-page","status-publish","hentry"],"post_mailing_queue_ids":[],"_links":{"self":[{"href":"https:\/\/serveiseducatius.xtec.cat\/cda-barcelona\/wp-json\/wp\/v2\/pages\/8825","targetHints":{"allow":["GET"]}}],"collection":[{"href":"https:\/\/serveiseducatius.xtec.cat\/cda-barcelona\/wp-json\/wp\/v2\/pages"}],"about":[{"href":"https:\/\/serveiseducatius.xtec.cat\/cda-barcelona\/wp-json\/wp\/v2\/types\/page"}],"author":[{"embeddable":true,"href":"https:\/\/serveiseducatius.xtec.cat\/cda-barcelona\/wp-json\/wp\/v2\/users\/1"}],"replies":[{"embeddable":true,"href":"https:\/\/serveiseducatius.xtec.cat\/cda-barcelona\/wp-json\/wp\/v2\/comments?post=8825"}],"version-history":[{"count":4,"href":"https:\/\/serveiseducatius.xtec.cat\/cda-barcelona\/wp-json\/wp\/v2\/pages\/8825\/revisions"}],"predecessor-version":[{"id":8915,"href":"https:\/\/serveiseducatius.xtec.cat\/cda-barcelona\/wp-json\/wp\/v2\/pages\/8825\/revisions\/8915"}],"wp:attachment":[{"href":"https:\/\/serveiseducatius.xtec.cat\/cda-barcelona\/wp-json\/wp\/v2\/media?parent=8825"}],"curies":[{"name":"wp","href":"https:\/\/api.w.org\/{rel}","templated":true}]}}