{"id":8796,"date":"2019-10-17T11:07:13","date_gmt":"2019-10-17T09:07:13","guid":{"rendered":"https:\/\/serveiseducatius.xtec.cat\/cda-barcelona\/?page_id=8796"},"modified":"2019-10-24T11:11:03","modified_gmt":"2019-10-24T09:11:03","slug":"descobrim-les-rambles-la-boqueria-sec","status":"publish","type":"page","link":"https:\/\/serveiseducatius.xtec.cat\/cda-barcelona\/descobrim-les-rambles-la-boqueria-sec\/","title":{"rendered":"Descobrim Les Rambles: La Boqueria SEC"},"content":{"rendered":"<table style=\"width: 600px;\" border=\"0\">\n<tbody>\n<tr>\n<td>\n<h5>\u00a0CODI: URB04<\/h5>\n<p><i>Educaci\u00f3 Secund\u00e0ria<\/i><\/td>\n<\/tr>\n<tr>\n<td>Visita al mercat m\u00e9s fam\u00f3s de la ciutat. L&#8217;observaci\u00f3 dels diferents tipus de parades ens servir\u00e0 tant per treballar els vegetals i els animals com el comer\u00e7 tradicional.<\/td>\n<\/tr>\n<tr>\n<td><\/td>\n<\/tr>\n<tr>\n<td>\n<h3>\u00c0REES DE CONEIXEMENT<\/h3>\n<\/td>\n<\/tr>\n<tr>\n<td bgcolor=\"#efefef\">\n<ul>\n<li>Llengua catalana i literatura<\/li>\n<li>Llengua castellana i literatura<\/li>\n<li>Ci\u00e8ncies Naturals<\/li>\n<li>Ci\u00e8ncies Socials<\/li>\n<li>Matem\u00e0tiques<\/li>\n<\/ul>\n<\/td>\n<\/tr>\n<tr>\n<td>\n<h3>COMPET\u00c8NCIES<\/h3>\n<\/td>\n<\/tr>\n<tr>\n<td bgcolor=\"#efefef\">\n<ul>\n<li>Comunicativa ling\u00fc\u00edstica i audiovisual<\/li>\n<li>Matem\u00e0tica<\/li>\n<li>Autonomia i iniciativa personal<\/li>\n<li>Coneixement i interacci\u00f3 amb el m\u00f3n f\u00edsic<\/li>\n<li>Social i ciutadana<\/li>\n<\/ul>\n<\/td>\n<\/tr>\n<tr>\n<td>\n<h3>OBJECTIUS<\/h3>\n<\/td>\n<\/tr>\n<tr>\n<td bgcolor=\"#efefef\">\n<ul>\n<li>Identificar i classificar algunes esp\u00e8cies animals importants des del punt de vista alimentari.<\/li>\n<li>Recon\u00e8ixer algunes esp\u00e8cies vegetals i identificar-ne la part comestible.<\/li>\n<li>Esbrinar l&#8217;origen d&#8217;alguns dels productes.<\/li>\n<li>Realitzar c\u00e0lculs a partir del preu de diferents productes.<\/li>\n<\/ul>\n<\/td>\n<\/tr>\n<tr>\n<td>\n<h3>LLOC<\/h3>\n<\/td>\n<\/tr>\n<tr>\n<td bgcolor=\"#efefef\">\n<ul>\n<li>Mercat de la Boqueria (Sant Josep)<\/li>\n<\/ul>\n<\/td>\n<\/tr>\n<tr>\n<td>\n<h3>DURADA<\/h3>\n<\/td>\n<\/tr>\n<tr>\n<td bgcolor=\"#efefef\">\n<ul>\n<li>2 hores.<\/li>\n<\/ul>\n<\/td>\n<\/tr>\n<tr>\n<td>\n<h3>DESPESA<\/h3>\n<\/td>\n<\/tr>\n<tr>\n<td bgcolor=\"#efefef\">\n<ul>\n<li>Despla\u00e7aments del centre fins el punt de trobada.<\/li>\n<li><a href=\"https:\/\/serveiseducatius.xtec.cat\/cda-barcelona\/inscripcio\/\">Preu p\u00fablic<\/a> d&#8217;activitats ensenyament-aprenentatge (Dep. d&#8217;Educaci\u00f3).<\/li>\n<\/ul>\n<\/td>\n<\/tr>\n<tr>\n<td>\n<h3>NOMBRE M\u00c0XIM D&#8217;ALUMNES<\/h3>\n<\/td>\n<\/tr>\n<tr>\n<td bgcolor=\"#f3f5f2\">\n<ul>\n<li>45 alumnes\/ 2 grups classe<\/li>\n<\/ul>\n<\/td>\n<\/tr>\n<tr>\n<td>\n<h3>OBSERVACIONS<\/h3>\n<\/td>\n<\/tr>\n<tr>\n<td bgcolor=\"#f3f5f2\">\n<ul>\n<li><a href=\"http:\/\/goo.gl\/maps\/qRyOv\" target=\"_blank\" rel=\"noopener noreferrer\">Punt de trobada<\/a>: Palau de la Virreina, La Rambla 99\u00a0 &lt;M&gt; L3 Liceu<\/li>\n<\/ul>\n<\/td>\n<\/tr>\n<tr>\n<td>\n<h3>RECURSOS DID\u00c0CTICS<\/h3>\n<\/td>\n<\/tr>\n<tr>\n<td bgcolor=\"#f3f5f2\">\u00a0<img loading=\"lazy\" decoding=\"async\" src=\"http:\/\/blocs.xtec.cat\/cdabarcelona\/files\/2014\/02\/icon_quadern.gif\" alt=\"icon_quadern\" width=\"32\" height=\"32\" \/><strong>Quadern de treball<\/strong><\/p>\n<ul>\n<li>Quadern: <a href=\"https:\/\/drive.google.com\/open?id=1x_6YQselBylBnEMBVCgsew0o-E1pnuyZ\" target=\"_blank\" rel=\"noopener noreferrer\">El mercat de la Boqueria<\/a><\/li>\n<\/ul>\n<\/td>\n<\/tr>\n<tr>\n<td bgcolor=\"#f3f5f2\">\u00a0<img loading=\"lazy\" decoding=\"async\" src=\"http:\/\/blocs.xtec.cat\/cdabarcelona\/files\/2014\/02\/icon_tac1.gif\" alt=\"icon_tac\" width=\"32\" height=\"33\" \/><strong>Activitats TAC \/ enlla\u00e7os web<\/strong><\/p>\n<ul>\n<li>El\u00a0<a href=\"http:\/\/www.boqueria.info\/\" target=\"_blank\" rel=\"noopener noreferrer\">Mercat de la Boqueria<\/a><\/li>\n<li>P\u00e0gina web: <a href=\"https:\/\/ajuntament.barcelona.cat\/mercats\/ca\">Mercats de Barcelona<\/a><\/li>\n<li>Materials pel programa educatiu MMBB: <a href=\"http:\/\/www.menjodemercat.cat\/materials\">&#8220;Mengem sa mengem de mercat&#8221;<\/a><\/li>\n<li>JClic:\u00a0<a href=\"https:\/\/clic.xtec.cat\/projects\/merca_mu\/jclic.js\/index.html\" target=\"_blank\" rel=\"noopener noreferrer\">El mercat, un espai per descobrir<\/a><\/li>\n<li>Presentaci\u00f3 Google: <a href=\"https:\/\/drive.google.com\/open?id=1M7iPdQOjacxOWlTboxOmdxlN3jXgaEM5\">&#8220;El Mercat de la Boqueria&#8221;<\/a><\/li>\n<li><strong>Formulari Google<\/strong> &#8211; Coneixements previs: <a href=\"https:\/\/drive.google.com\/open?id=1wWwiMHVuc9Ckl8VTDIoT-9q-axtQqDdM\">Descobrim les Rambles, la Boqueria<\/a> (aquesta \u00e9s una mostra en PDF, l&#8217;enlla\u00e7 al formulari el rebreu al full de ruta en el moment de preparar l&#8217;activitat)<\/li>\n<\/ul>\n<\/td>\n<\/tr>\n<tr>\n<td bgcolor=\"#f3f5f2\">\u00a0<img loading=\"lazy\" decoding=\"async\" src=\"http:\/\/blocs.xtec.cat\/cdabarcelona\/files\/2014\/02\/icon_video.gif\" alt=\"icon_video\" width=\"32\" height=\"33\" \/><strong>\u00c0udio \/ v\u00eddeo<\/strong><\/p>\n<ul>\n<li>V\u00eddeo: <a href=\"https:\/\/www.youtube.com\/watch?v=A7qRg-i5Ri0\">&#8220;La Boqueria us obre les portes&#8221;<\/a> (4:30 min)<\/li>\n<li>Betev\u00e9: <a href=\"https:\/\/beteve.cat\/economia\/boqueria-turisme-paradistes-facturacio-clients-locals\/\">&#8220;Les parades tradicionals de la Boqueria perden facturaci\u00f3 per la caiguda de clients locals&#8221;<\/a> (1:47 min)<\/li>\n<li>BTV &#8211; Carles Flavi\u00e0 entrevista a: <a href=\"https:\/\/beteve.cat\/jo-que-se\/joan-bayen-pinotxo\/\" target=\"_blank\" rel=\"noopener noreferrer\">Joan Bay\u00e9n &#8220;Pinotxo&#8221;\u00a0<\/a>(27 min)<\/li>\n<li>Ciutat de mercats: <a href=\"https:\/\/ciutatdemercats.wordpress.com\/2016\/02\/16\/el-juanito-del-pinotxo-recull-el-premi-ciutat-de-barcelona\/\">&#8220;El Juanito de la Boqueria recull el premi Ciutat de Barcelona&#8221;<\/a> (2 min)<\/li>\n<\/ul>\n<\/td>\n<\/tr>\n<tr>\n<td bgcolor=\"#f3f5f2\">\u00a0<img loading=\"lazy\" decoding=\"async\" src=\"http:\/\/blocs.xtec.cat\/cdabarcelona\/files\/2014\/02\/icon_gmaps.gif\" alt=\"icon_gmaps\" width=\"32\" height=\"32\" \/><strong>Pl\u00e0nols<\/strong><\/p>\n<ul>\n<li><a href=\"http:\/\/www.boqueria.info\/mercat-mapa.php\" target=\"_blank\" rel=\"noopener noreferrer\">Pl\u00e0nol del mercat<\/a><\/li>\n<\/ul>\n<\/td>\n<\/tr>\n<\/tbody>\n<\/table>\n<p style=\"text-align: right;\"><a href=\"https:\/\/serveiseducatius.xtec.cat\/cda-barcelona\/ambits\/totes-les-activitats\/\"><strong>&lt;\u00a0<\/strong><em>Torna a totes les activitats<\/em><\/a><\/p>\n","protected":false},"excerpt":{"rendered":"<p>\u00a0CODI: URB04 Educaci\u00f3 Secund\u00e0ria Visita al mercat m\u00e9s fam\u00f3s de la ciutat. L&#8217;observaci\u00f3 dels diferents tipus de parades ens servir\u00e0 tant per treballar els vegetals i els animals com el comer\u00e7 tradicional. \u00c0REES DE CONEIXEMENT Llengua catalana i literatura Llengua castellana i literatura Ci\u00e8ncies Naturals Ci\u00e8ncies Socials Matem\u00e0tiques COMPET\u00c8NCIES Comunicativa ling\u00fc\u00edstica i audiovisual Matem\u00e0tica Autonomia [&hellip;]<\/p>\n","protected":false},"author":1,"featured_media":0,"parent":0,"menu_order":0,"comment_status":"closed","ping_status":"closed","template":"","meta":{"_bbp_topic_count":0,"_bbp_reply_count":0,"_bbp_total_topic_count":0,"_bbp_total_reply_count":0,"_bbp_voice_count":0,"_bbp_anonymous_reply_count":0,"_bbp_topic_count_hidden":0,"_bbp_reply_count_hidden":0,"_bbp_forum_subforum_count":0,"site-sidebar-layout":"default","site-content-layout":"","ast-site-content-layout":"","site-content-style":"default","site-sidebar-style":"default","ast-global-header-display":"","ast-banner-title-visibility":"","ast-main-header-display":"","ast-hfb-above-header-display":"","ast-hfb-below-header-display":"","ast-hfb-mobile-header-display":"","site-post-title":"","ast-breadcrumbs-content":"","ast-featured-img":"","footer-sml-layout":"","theme-transparent-header-meta":"","adv-header-id-meta":"","stick-header-meta":"","header-above-stick-meta":"","header-main-stick-meta":"","header-below-stick-meta":"","astra-migrate-meta-layouts":"default","ast-page-background-enabled":"default","ast-page-background-meta":{"desktop":{"background-color":"var(--ast-global-color-4)","background-image":"","background-repeat":"repeat","background-position":"center center","background-size":"auto","background-attachment":"scroll","background-type":"","background-media":"","overlay-type":"","overlay-color":"","overlay-opacity":"","overlay-gradient":""},"tablet":{"background-color":"","background-image":"","background-repeat":"repeat","background-position":"center center","background-size":"auto","background-attachment":"scroll","background-type":"","background-media":"","overlay-type":"","overlay-color":"","overlay-opacity":"","overlay-gradient":""},"mobile":{"background-color":"","background-image":"","background-repeat":"repeat","background-position":"center center","background-size":"auto","background-attachment":"scroll","background-type":"","background-media":"","overlay-type":"","overlay-color":"","overlay-opacity":"","overlay-gradient":""}},"ast-content-background-meta":{"desktop":{"background-color":"var(--ast-global-color-5)","background-image":"","background-repeat":"repeat","background-position":"center center","background-size":"auto","background-attachment":"scroll","background-type":"","background-media":"","overlay-type":"","overlay-color":"","overlay-opacity":"","overlay-gradient":""},"tablet":{"background-color":"var(--ast-global-color-5)","background-image":"","background-repeat":"repeat","background-position":"center center","background-size":"auto","background-attachment":"scroll","background-type":"","background-media":"","overlay-type":"","overlay-color":"","overlay-opacity":"","overlay-gradient":""},"mobile":{"background-color":"var(--ast-global-color-5)","background-image":"","background-repeat":"repeat","background-position":"center center","background-size":"auto","background-attachment":"scroll","background-type":"","background-media":"","overlay-type":"","overlay-color":"","overlay-opacity":"","overlay-gradient":""}},"footnotes":""},"class_list":["post-8796","page","type-page","status-publish","hentry"],"post_mailing_queue_ids":[],"_links":{"self":[{"href":"https:\/\/serveiseducatius.xtec.cat\/cda-barcelona\/wp-json\/wp\/v2\/pages\/8796","targetHints":{"allow":["GET"]}}],"collection":[{"href":"https:\/\/serveiseducatius.xtec.cat\/cda-barcelona\/wp-json\/wp\/v2\/pages"}],"about":[{"href":"https:\/\/serveiseducatius.xtec.cat\/cda-barcelona\/wp-json\/wp\/v2\/types\/page"}],"author":[{"embeddable":true,"href":"https:\/\/serveiseducatius.xtec.cat\/cda-barcelona\/wp-json\/wp\/v2\/users\/1"}],"replies":[{"embeddable":true,"href":"https:\/\/serveiseducatius.xtec.cat\/cda-barcelona\/wp-json\/wp\/v2\/comments?post=8796"}],"version-history":[{"count":3,"href":"https:\/\/serveiseducatius.xtec.cat\/cda-barcelona\/wp-json\/wp\/v2\/pages\/8796\/revisions"}],"predecessor-version":[{"id":9018,"href":"https:\/\/serveiseducatius.xtec.cat\/cda-barcelona\/wp-json\/wp\/v2\/pages\/8796\/revisions\/9018"}],"wp:attachment":[{"href":"https:\/\/serveiseducatius.xtec.cat\/cda-barcelona\/wp-json\/wp\/v2\/media?parent=8796"}],"curies":[{"name":"wp","href":"https:\/\/api.w.org\/{rel}","templated":true}]}}