{"id":254,"date":"2013-11-16T11:47:36","date_gmt":"2013-11-16T10:47:36","guid":{"rendered":"http:\/\/blocs.xtec.cat\/cdaaltbergueda\/?page_id=254"},"modified":"2022-05-17T10:54:41","modified_gmt":"2022-05-17T08:54:41","slug":"inscripcio","status":"publish","type":"page","link":"https:\/\/serveiseducatius.xtec.cat\/cda-barcelona\/inscripcio\/","title":{"rendered":"Inscripci\u00f3 CdA de Barcelona"},"content":{"rendered":"<p><a href=\"https:\/\/drive.google.com\/file\/d\/1vkjKUUhQ3ReCbuF_jFCuOPJe0DI16IU6\/view?usp=sharing\"><img loading=\"lazy\" decoding=\"async\" class=\"size-full wp-image-9525 aligncenter\" src=\"https:\/\/serveiseducatius.xtec.cat\/cda-barcelona\/wp-content\/uploads\/usu149\/2021\/06\/Venir-al-CdA.png\" alt=\"\" width=\"572\" height=\"197\" srcset=\"https:\/\/serveiseducatius.xtec.cat\/cda-barcelona\/wp-content\/uploads\/usu149\/2021\/06\/Venir-al-CdA.png 572w, https:\/\/serveiseducatius.xtec.cat\/cda-barcelona\/wp-content\/uploads\/usu149\/2021\/06\/Venir-al-CdA-300x103.png 300w\" sizes=\"auto, (max-width: 572px) 100vw, 572px\" \/><\/a><\/p>\n<p>El per\u00edode ordinari d&#8217;inscripci\u00f3 ja sigui per a <strong>estades<\/strong>, <strong>sortides<\/strong> i\/o <strong>projectes<\/strong> <strong>compartits<\/strong> es realitza entre el <strong>2 <\/strong>i el\u00a0<strong>31\u00a0<\/strong>de<strong> maig <\/strong>clicant al seg\u00fcent enlla\u00e7:<\/p>\n<p><a href=\"https:\/\/aplicacions.gestioeducativa.gencat.cat\/siteminderagent\/forms\/gicar2021\/loginCorpCmo2021v17.fcc?TYPE=33554433&amp;REALMOID=06-0008efb0-d968-1192-92c3-802b0a340000&amp;GUID=&amp;SMAUTHREASON=0&amp;METHOD=GET&amp;SMAGENTNAME=-SM-JQBOjQHFW32qhaFzfRxvjZBRwb35kvzx9Hh2XI9ZV%2bvTKy0PMQ2oZJVwbVTWDc9d&amp;TARGET=-SM-HTTPS%3a%2f%2faplicacions%2eensenyament%2egencat%2ecat%2fpls%2fapex%2fapex_authentication%2ecallback%3fp_session_id%3d8678348505103%26p_app_id%3d151%26p_ajax_identifier%3dyHlsiJ2gV8P2QCnwIiMbRVb5omdz0xNg4UtOQODQtfo%26p_page_id%3d501\" rel=\"noopener noreferrer\"><img loading=\"lazy\" decoding=\"async\" class=\"alignleft wp-image-8804\" src=\"https:\/\/serveiseducatius.xtec.cat\/cda-barcelona\/wp-content\/uploads\/usu149\/2019\/10\/camps.jpg\" alt=\"\" width=\"243\" height=\"90\" srcset=\"https:\/\/serveiseducatius.xtec.cat\/cda-barcelona\/wp-content\/uploads\/usu149\/2019\/10\/camps.jpg 335w, https:\/\/serveiseducatius.xtec.cat\/cda-barcelona\/wp-content\/uploads\/usu149\/2019\/10\/camps-300x111.jpg 300w\" sizes=\"auto, (max-width: 243px) 100vw, 243px\" \/><\/a><\/p>\n<p>&nbsp;<\/p>\n<p>&nbsp;<\/p>\n<p>amb l&#8217;usuari i contrasenya corporatiu GICAR\/ATRI. La direcci\u00f3 del centre, mitjan\u00e7ant l&#8217;<a href=\"https:\/\/aplicacions.gestioeducativa.gencat.cat\/siteminderagent\/forms\/LoginEducaciov2.fcc?TYPE=33554433&amp;REALMOID=06-d341c47b-eb8e-41cd-9f6e-1a94408e02fb&amp;GUID=&amp;SMAUTHREASON=0&amp;METHOD=GET&amp;SMAGENTNAME=-SM-1FMsixKYKBau7gkEG2m1%2brQu7p1EGfrdOo5%2fWj6Qu1TjpJ7k6t3XMhro45XzPnMS&amp;TARGET=-SM-HTTPS%3a%2f%2faplicacions%2eensenyament%2egencat%2ecat%2fpls%2fapex%2fapex_authentication%2ecallback%3fp_session_id%3d300188861727760%26p_app_id%3d2011015%26p_ajax_identifier%3dd1iLR6lhqdtuAwi97sGGKTGXLzPFO9FmYw07IOcznfY%26p_page_id%3d1\" rel=\"noopener noreferrer\">aplicatiu GUAC<\/a>, pot autoritzar el rol SOL\u00b7LICITANT de CAMPS als membres del claustre que consideri oport\u00fa.<\/p>\n<p>Per a inscriure&#8217;s al <strong>Programa Compartit &#8220;Expliquem el barri&#8221;<\/strong>, nom\u00e9s per a centres educatius de prim\u00e0ria de la ciutat de Barcelona i amb car\u00e0cter plurianual, a m\u00e9s de fer-ho mitjan\u00e7ant CAMPS, el primer any de participaci\u00f3, cal tamb\u00e9 accedir a:<\/p>\n<p><a href=\"https:\/\/www.edubcn.cat\/ca\/suport_educatiu_recursos\/convocatoria_programes\"><img loading=\"lazy\" decoding=\"async\" class=\"alignnone wp-image-8807\" src=\"https:\/\/serveiseducatius.xtec.cat\/cda-barcelona\/wp-content\/uploads\/usu149\/2019\/10\/cup.jpg\" alt=\"\" width=\"247\" height=\"81\" srcset=\"https:\/\/serveiseducatius.xtec.cat\/cda-barcelona\/wp-content\/uploads\/usu149\/2019\/10\/cup.jpg 395w, https:\/\/serveiseducatius.xtec.cat\/cda-barcelona\/wp-content\/uploads\/usu149\/2019\/10\/cup-300x99.jpg 300w\" sizes=\"auto, (max-width: 247px) 100vw, 247px\" \/><\/a><\/p>\n<p>del Consorci d&#8217;Educaci\u00f3 de Barcelona.<\/p>\n<h1>Inscripci\u00f3 fora de per\u00edode<\/h1>\n<p>Per demanar sortides (un dia) o estades (m\u00e9s d&#8217;un dia) fora del per\u00edode d&#8217;inscripci\u00f3 ordinari, podeu omplir el seg\u00fcent <a href=\"https:\/\/docs.google.com\/forms\/d\/e\/1FAIpQLSftZbw9CXqwO9VWsOX7QsLx75w68LgfQs2ZCo2SX0eQE1sKSw\/viewform\">formulari<\/a>.<\/p>\n<h1>Quotes<\/h1>\n<p><span style=\"text-decoration: underline;\"><strong>Quotes de les activitats d&#8217;ensenyament-aprenentatge (CdA):<\/strong><\/span><\/p>\n<ul>\n<li><em><strong>SORTIDA<\/strong><\/em><strong>:<\/strong> activitat d&#8217;un dia (sense estada): 3 \u20ac per alumne<\/li>\n<li><strong><em>ESTADA<\/em>:<\/strong> activitats en el marc d&#8217;una estada de dos a cinc dies (cal allotjament i manutenci\u00f3): 3 \u20ac per alumne i dia<\/li>\n<\/ul>\n<p>A la normativa es detalla el preu p\u00fablic per a bonificacions i exempcions.<\/p>\n<p>Normativa vigent: <a href=\"https:\/\/dogc.gencat.cat\/ca\/pdogc_canals_interns\/pdogc_resultats_fitxa\/?action=fitxa&amp;documentId=743883&amp;language=ca_ES\">ORDRE ENS\/163\/2016, de 16 de juny, per la qual es crea el preu p\u00fablic pel servei d&#8217;activitats d&#8217;ensenyament-aprenentatge als camps d&#8217;aprenentatge del Departament d&#8217;Ensenyament<\/a>.<\/p>\n<p><span style=\"text-decoration: underline;\"><strong>Quotes d&#8217;allotjament i manutenci\u00f3 especials pels Camps d&#8217;Aprenentatge aplicades per la Xarxa Jove d&#8217;Albergs de Catalunya (Xanascat):<\/strong><\/span><\/p>\n<p>Per a alumnes i els mestres que els acompanyen<\/p>\n<ul>\n<li><strong>Pensi\u00f3 completa<\/strong> (allotjament i manutenci\u00f3): <strong>31,50 \u20ac<\/strong> \/alumne i dia<\/li>\n<li><strong>Mitja pensi\u00f3<\/strong>: <strong>24,10<\/strong> \u20ac \/alumne i dia<\/li>\n<li><strong>Dormir i esmorzar<\/strong>: <strong>14,50 \u20ac<\/strong> \/alumne i dia<\/li>\n<li><strong>\u00c0pat addicional<\/strong> (dinar o sopar): <strong>10,20 \u20ac<\/strong> \/alumne<\/li>\n<li><strong>Nom\u00e9s dormir<\/strong>: <strong>10,60 \u20ac<\/strong> \/alumne i dia<\/li>\n<li>El centre educatiu disposar\u00e0 d&#8217;<strong>una gratu\u00eftat<\/strong> per cada <strong>20 alumnes<\/strong><\/li>\n<\/ul>\n<p>Per a grups d&#8217;universitaris o de mestres i professors en actiu tamb\u00e9 es disposa de quotes especials.<\/p>\n<p>Podeu trobar tota l&#8217;informaci\u00f3 actualitzada a: <a href=\"http:\/\/xanascat.gencat.cat\/ca\/programes\/camps-i-entorns-daprenentatge\">http:\/\/xanascat.gencat.cat\/ca\/programes\/camps-i-entorns-daprenentatge<\/a><\/p>\n","protected":false},"excerpt":{"rendered":"<p>El per\u00edode ordinari d&#8217;inscripci\u00f3 ja sigui per a estades, sortides i\/o projectes compartits es realitza entre el 2 i el\u00a031\u00a0de maig clicant al seg\u00fcent enlla\u00e7: &nbsp; &nbsp; amb l&#8217;usuari i contrasenya corporatiu GICAR\/ATRI. La direcci\u00f3 del centre, mitjan\u00e7ant l&#8217;aplicatiu GUAC, pot autoritzar el rol SOL\u00b7LICITANT de CAMPS als membres del claustre que consideri oport\u00fa. Per [&hellip;]<\/p>\n","protected":false},"author":1,"featured_media":0,"parent":0,"menu_order":0,"comment_status":"closed","ping_status":"closed","template":"","meta":{"_bbp_topic_count":0,"_bbp_reply_count":0,"_bbp_total_topic_count":0,"_bbp_total_reply_count":0,"_bbp_voice_count":0,"_bbp_anonymous_reply_count":0,"_bbp_topic_count_hidden":0,"_bbp_reply_count_hidden":0,"_bbp_forum_subforum_count":0,"site-sidebar-layout":"default","site-content-layout":"","ast-site-content-layout":"","site-content-style":"default","site-sidebar-style":"default","ast-global-header-display":"","ast-banner-title-visibility":"","ast-main-header-display":"","ast-hfb-above-header-display":"","ast-hfb-below-header-display":"","ast-hfb-mobile-header-display":"","site-post-title":"","ast-breadcrumbs-content":"","ast-featured-img":"","footer-sml-layout":"","theme-transparent-header-meta":"","adv-header-id-meta":"","stick-header-meta":"","header-above-stick-meta":"","header-main-stick-meta":"","header-below-stick-meta":"","astra-migrate-meta-layouts":"default","ast-page-background-enabled":"default","ast-page-background-meta":{"desktop":{"background-color":"var(--ast-global-color-4)","background-image":"","background-repeat":"repeat","background-position":"center center","background-size":"auto","background-attachment":"scroll","background-type":"","background-media":"","overlay-type":"","overlay-color":"","overlay-opacity":"","overlay-gradient":""},"tablet":{"background-color":"","background-image":"","background-repeat":"repeat","background-position":"center center","background-size":"auto","background-attachment":"scroll","background-type":"","background-media":"","overlay-type":"","overlay-color":"","overlay-opacity":"","overlay-gradient":""},"mobile":{"background-color":"","background-image":"","background-repeat":"repeat","background-position":"center center","background-size":"auto","background-attachment":"scroll","background-type":"","background-media":"","overlay-type":"","overlay-color":"","overlay-opacity":"","overlay-gradient":""}},"ast-content-background-meta":{"desktop":{"background-color":"var(--ast-global-color-5)","background-image":"","background-repeat":"repeat","background-position":"center center","background-size":"auto","background-attachment":"scroll","background-type":"","background-media":"","overlay-type":"","overlay-color":"","overlay-opacity":"","overlay-gradient":""},"tablet":{"background-color":"var(--ast-global-color-5)","background-image":"","background-repeat":"repeat","background-position":"center center","background-size":"auto","background-attachment":"scroll","background-type":"","background-media":"","overlay-type":"","overlay-color":"","overlay-opacity":"","overlay-gradient":""},"mobile":{"background-color":"var(--ast-global-color-5)","background-image":"","background-repeat":"repeat","background-position":"center center","background-size":"auto","background-attachment":"scroll","background-type":"","background-media":"","overlay-type":"","overlay-color":"","overlay-opacity":"","overlay-gradient":""}},"footnotes":""},"class_list":["post-254","page","type-page","status-publish","hentry"],"post_mailing_queue_ids":[],"_links":{"self":[{"href":"https:\/\/serveiseducatius.xtec.cat\/cda-barcelona\/wp-json\/wp\/v2\/pages\/254","targetHints":{"allow":["GET"]}}],"collection":[{"href":"https:\/\/serveiseducatius.xtec.cat\/cda-barcelona\/wp-json\/wp\/v2\/pages"}],"about":[{"href":"https:\/\/serveiseducatius.xtec.cat\/cda-barcelona\/wp-json\/wp\/v2\/types\/page"}],"author":[{"embeddable":true,"href":"https:\/\/serveiseducatius.xtec.cat\/cda-barcelona\/wp-json\/wp\/v2\/users\/1"}],"replies":[{"embeddable":true,"href":"https:\/\/serveiseducatius.xtec.cat\/cda-barcelona\/wp-json\/wp\/v2\/comments?post=254"}],"version-history":[{"count":4,"href":"https:\/\/serveiseducatius.xtec.cat\/cda-barcelona\/wp-json\/wp\/v2\/pages\/254\/revisions"}],"predecessor-version":[{"id":9582,"href":"https:\/\/serveiseducatius.xtec.cat\/cda-barcelona\/wp-json\/wp\/v2\/pages\/254\/revisions\/9582"}],"wp:attachment":[{"href":"https:\/\/serveiseducatius.xtec.cat\/cda-barcelona\/wp-json\/wp\/v2\/media?parent=254"}],"curies":[{"name":"wp","href":"https:\/\/api.w.org\/{rel}","templated":true}]}}