{"id":8968,"date":"2019-05-06T09:28:24","date_gmt":"2019-05-06T07:28:24","guid":{"rendered":"http:\/\/serveiseducatius.xtec.cat\/cda-bages\/?page_id=8968"},"modified":"2020-06-25T10:42:25","modified_gmt":"2020-06-25T08:42:25","slug":"projectes-compartits-que-en-fem-dels-nostres-residus","status":"publish","type":"page","link":"https:\/\/serveiseducatius.xtec.cat\/cda-bages\/modalitats\/projectes-compartits\/projectes-compartits-que-en-fem-dels-nostres-residus\/","title":{"rendered":"&#8220;Qu\u00e8 en fem dels nostres residus?&#8221; CM-CS 2019-20"},"content":{"rendered":"<p>El <strong>curs 2019-2020<\/strong> s&#8217;han realitzat els <strong>Projectes compartits<\/strong>\u00a0entre<strong> 13 escoles<\/strong> de la comarca (23 grups classe), el<strong> Camp d\u2019Aprenentatge del Bages,<\/strong>\u00a0el\u00a0<strong>Consorci del Bages per a la gesti\u00f3 de residus<\/strong> i el <strong>Parc de la S\u00e8quia<\/strong>. La tem\u00e0tica \u00a0\u00e9s sobre residus. Adre\u00e7ats a l&#8217;alumnat de cicle mitj\u00e0 i cicle superior de prim\u00e0ria.<\/p>\n<p>El t\u00edtol dels projectes \u00e9s <strong>\u201cQu\u00e8 en fem dels nostres residus?\u201d<\/strong><\/p>\n<p>En aquests projectes l\u2019alumnat t\u00e9 la possibilitat de descobrir com es gestionen els residus de la nostra comarca, com podem convertir-los en un recurs, perqu\u00e8 \u00e9s important reduir, reutilitzar o practicar les 3Rs, experimentar amb diferents materials i prendre consci\u00e8ncia de la import\u00e0ncia de tancar el cicle de cadascun d\u2019ells.<\/p>\n<p><iframe loading=\"lazy\" src=\"https:\/\/www.youtube.com\/embed\/A_GtfcI_xJ0\" width=\"560\" height=\"315\" frameborder=\"0\"><\/iframe><\/p>\n<p>Els projectes han consistit en:<\/p>\n<ul>\n<li>Una trobada de coordinaci\u00f3 al setembre.<\/li>\n<li>Una sessi\u00f3 de formaci\u00f3 adre\u00e7ada als mestres, per part del Cap dels serveis t\u00e8cnics del Consorci.<\/li>\n<li>La resta de coordinaci\u00f3 es realitza de forma telem\u00e0tica.<\/li>\n<li>Treball amb l&#8217;alumnat, durant el segon trimestre:\n<ul>\n<li>Un treball previ realitzat a l\u2019escola<\/li>\n<li>3-4 dies d\u2019activitat conjuntament amb el CdA Bages, el Consorci i Parc de la S\u00e8quia, per cada escola.<\/li>\n<li>Un treball posterior realitzat a l\u2019escola.<\/li>\n<\/ul>\n<\/li>\n<li>Una trobada d\u2019avaluaci\u00f3 al tercer trimestre.<\/li>\n<\/ul>\n<p><a href=\"https:\/\/drive.google.com\/file\/d\/1G-i4r4ZVN-GS-SzYiD5ZLLzxYx31YoDh\/view?usp=sharing\" target=\"_blank\" rel=\"noopener noreferrer\"><strong>Activitats previstes per Cicle Mitj\u00e0 (Seq\u00fc\u00e8ncia Did\u00e0ctica)<\/strong><\/a>:<br \/>\n\u201cDescoberta del Parc del Sec\u00e0\u201d (mat\u00ed)<br \/>\n\u201cTaller de les propietats del materials-CM\u201d (a l\u2019escola, mat\u00ed)<br \/>\n\u201cDeixalleria m\u00f2bil- les 3Rs\u201d (a l\u2019escola, mat\u00ed o tarda)<\/p>\n<p><a href=\"https:\/\/drive.google.com\/file\/d\/1UZ0ALhjnIdQOAnYke236_WwVYU25ZysV\/view?usp=sharing\" target=\"_blank\" rel=\"noopener noreferrer\"><strong>Activitats previstes per Cicle Superior (Seq\u00fc\u00e8ncia Did\u00e0ctica)<\/strong><\/a>:<br \/>\n\u201cParc ambiental de Bufalvent\u201d (mat\u00ed)<br \/>\n\u201cTaller de les propietats del materials-CS\u201d (a l\u2019escola, mat\u00ed)<br \/>\n\u201cReciclem l\u2019oli fent sab\u00f3\u201d (a l\u2019escola, mat\u00ed)<br \/>\n\u201cDeixalleria m\u00f2bil- les piles\u201d (a l\u2019escola, mat\u00ed o tarda)<\/p>\n<p>L\u2019autocar de les sortides (Parc ambiental i Parc del Sec\u00e0) va anar a c\u00e0rrec del Consorci del Bages per a la gesti\u00f3 de residus.<\/p>\n<p><strong>Trobada de coordinaci\u00f3\u00a0<\/strong><\/p>\n<div class=\"entry-content\">\n<p><img loading=\"lazy\" decoding=\"async\" class=\"aligncenter wp-image-9144 size-full\" src=\"https:\/\/serveiseducatius.xtec.cat\/cda-bages\/wp-content\/uploads\/usu1387\/2020\/04\/Trobada-coordinaci\u00f3-juntes.jpg\" alt=\"\" width=\"786\" height=\"300\" srcset=\"https:\/\/serveiseducatius.xtec.cat\/cda-bages\/wp-content\/uploads\/usu1387\/2020\/04\/Trobada-coordinaci\u00f3-juntes.jpg 786w, https:\/\/serveiseducatius.xtec.cat\/cda-bages\/wp-content\/uploads\/usu1387\/2020\/04\/Trobada-coordinaci\u00f3-juntes-300x115.jpg 300w, https:\/\/serveiseducatius.xtec.cat\/cda-bages\/wp-content\/uploads\/usu1387\/2020\/04\/Trobada-coordinaci\u00f3-juntes-768x293.jpg 768w\" sizes=\"auto, (max-width: 786px) 100vw, 786px\" \/><\/p>\n<p>L&#8217;<strong>ep\u00edtom<\/strong> que v\u00e0rem decidir conjuntament per aquest curs va ser que el CdA enviaria un paquet a cadascuna de les escoles, contenint una Terra i una carta adre\u00e7ada a l&#8217;alumnat. La Terra estava plena de residus a l&#8217;interior i un &#8220;missatge secret&#8221;, que havien de desvelar i deia &#8220;SOS&#8221;. A partir de la reflexi\u00f3, van sorgir preguntes i propostes per treballar el tema del residus, amb l&#8217;objectiu de poder ajudar a la Terra.<\/p>\n<p><strong>Recull de recursos<\/strong><\/p>\n<p>(<em>en proc\u00e9s de realitzaci\u00f3)<\/em><\/p>\n<p><strong>Tancament dels projectes:<\/strong><\/p>\n<p>Arrel del confinament, s&#8217;ha fet una proposta de tancament virtualment.\u00a0L&#8217;activitat \u00e9s a trav\u00e9s de l\u2019eina inform\u00e0tica \u201cPADLET\u201d. Es proposa a l&#8217;alumnat de cada escola la seg\u00fcent tasca: Cal que facin propostes per ajudar al Planeta Terra a solucionar el problema de l\u2019exc\u00e9s de residus que fem els humans. Per fer-ho, poden explicar i raonar la seva idea en format de v\u00eddeo, missatge de text, missatge de so, fotografies, dibuix&#8230;.<\/p>\n<p>Als seg\u00fcents enlla\u00e7os trobareu un model de padlet per cicle mitj\u00e0 i un per cicle superior, on hi hem copiat una mostra de les propostes per ajudar a la Terra, fetes pels alumnes de les diferents escoles participants:<\/p>\n<p><a href=\"https:\/\/padlet.com\/a8902035\/lgrrjrtbpdqvhf4v\" target=\"_blank\" rel=\"noopener noreferrer\"><img loading=\"lazy\" decoding=\"async\" class=\"alignleft wp-image-9330 size-large\" src=\"https:\/\/serveiseducatius.xtec.cat\/cda-bages\/wp-content\/uploads\/usu1387\/2020\/06\/Captura-CM-1024x410.png\" alt=\"\" width=\"1024\" height=\"410\" srcset=\"https:\/\/serveiseducatius.xtec.cat\/cda-bages\/wp-content\/uploads\/usu1387\/2020\/06\/Captura-CM-1024x410.png 1024w, https:\/\/serveiseducatius.xtec.cat\/cda-bages\/wp-content\/uploads\/usu1387\/2020\/06\/Captura-CM-300x120.png 300w, https:\/\/serveiseducatius.xtec.cat\/cda-bages\/wp-content\/uploads\/usu1387\/2020\/06\/Captura-CM-768x307.png 768w, https:\/\/serveiseducatius.xtec.cat\/cda-bages\/wp-content\/uploads\/usu1387\/2020\/06\/Captura-CM.png 1570w\" sizes=\"auto, (max-width: 1024px) 100vw, 1024px\" \/><\/a><\/p>\n<\/div>\n<p>&nbsp;<\/p>\n<p><a href=\"https:\/\/padlet.com\/a8902035\/voaqz55mkclm8la5\" target=\"_blank\" rel=\"noopener noreferrer\"><img loading=\"lazy\" decoding=\"async\" class=\"alignleft wp-image-9331 size-large\" src=\"https:\/\/serveiseducatius.xtec.cat\/cda-bages\/wp-content\/uploads\/usu1387\/2020\/06\/Captura-1024x455.png\" alt=\"\" width=\"1024\" height=\"455\" srcset=\"https:\/\/serveiseducatius.xtec.cat\/cda-bages\/wp-content\/uploads\/usu1387\/2020\/06\/Captura-1024x455.png 1024w, https:\/\/serveiseducatius.xtec.cat\/cda-bages\/wp-content\/uploads\/usu1387\/2020\/06\/Captura-300x133.png 300w, https:\/\/serveiseducatius.xtec.cat\/cda-bages\/wp-content\/uploads\/usu1387\/2020\/06\/Captura-768x341.png 768w, https:\/\/serveiseducatius.xtec.cat\/cda-bages\/wp-content\/uploads\/usu1387\/2020\/06\/Captura.png 1485w\" sizes=\"auto, (max-width: 1024px) 100vw, 1024px\" \/><\/a><\/p>\n","protected":false},"excerpt":{"rendered":"<p>El curs 2019-2020 s&#8217;han realitzat els Projectes compartits\u00a0entre 13 escoles de la comarca (23 grups classe), el Camp d\u2019Aprenentatge del Bages,\u00a0el\u00a0Consorci del Bages per a la gesti\u00f3 de residus i el Parc de la S\u00e8quia. La tem\u00e0tica \u00a0\u00e9s sobre residus. Adre\u00e7ats a l&#8217;alumnat de cicle mitj\u00e0 i cicle superior de prim\u00e0ria. El t\u00edtol dels projectes [&hellip;]<\/p>\n","protected":false},"author":3,"featured_media":0,"parent":160,"menu_order":29,"comment_status":"closed","ping_status":"closed","template":"page-templates\/side-menu.php","meta":{"_bbp_topic_count":0,"_bbp_reply_count":0,"_bbp_total_topic_count":0,"_bbp_total_reply_count":0,"_bbp_voice_count":0,"_bbp_anonymous_reply_count":0,"_bbp_topic_count_hidden":0,"_bbp_reply_count_hidden":0,"_bbp_forum_subforum_count":0,"site-sidebar-layout":"default","site-content-layout":"","ast-site-content-layout":"","site-content-style":"default","site-sidebar-style":"default","ast-global-header-display":"","ast-banner-title-visibility":"","ast-main-header-display":"","ast-hfb-above-header-display":"","ast-hfb-below-header-display":"","ast-hfb-mobile-header-display":"","site-post-title":"","ast-breadcrumbs-content":"","ast-featured-img":"","footer-sml-layout":"","theme-transparent-header-meta":"","adv-header-id-meta":"","stick-header-meta":"","header-above-stick-meta":"","header-main-stick-meta":"","header-below-stick-meta":"","astra-migrate-meta-layouts":"default","ast-page-background-enabled":"default","ast-page-background-meta":{"desktop":{"background-color":"var(--ast-global-color-4)","background-image":"","background-repeat":"repeat","background-position":"center center","background-size":"auto","background-attachment":"scroll","background-type":"","background-media":"","overlay-type":"","overlay-color":"","overlay-opacity":"","overlay-gradient":""},"tablet":{"background-color":"","background-image":"","background-repeat":"repeat","background-position":"center center","background-size":"auto","background-attachment":"scroll","background-type":"","background-media":"","overlay-type":"","overlay-color":"","overlay-opacity":"","overlay-gradient":""},"mobile":{"background-color":"","background-image":"","background-repeat":"repeat","background-position":"center center","background-size":"auto","background-attachment":"scroll","background-type":"","background-media":"","overlay-type":"","overlay-color":"","overlay-opacity":"","overlay-gradient":""}},"ast-content-background-meta":{"desktop":{"background-color":"var(--ast-global-color-5)","background-image":"","background-repeat":"repeat","background-position":"center center","background-size":"auto","background-attachment":"scroll","background-type":"","background-media":"","overlay-type":"","overlay-color":"","overlay-opacity":"","overlay-gradient":""},"tablet":{"background-color":"var(--ast-global-color-5)","background-image":"","background-repeat":"repeat","background-position":"center center","background-size":"auto","background-attachment":"scroll","background-type":"","background-media":"","overlay-type":"","overlay-color":"","overlay-opacity":"","overlay-gradient":""},"mobile":{"background-color":"var(--ast-global-color-5)","background-image":"","background-repeat":"repeat","background-position":"center center","background-size":"auto","background-attachment":"scroll","background-type":"","background-media":"","overlay-type":"","overlay-color":"","overlay-opacity":"","overlay-gradient":""}},"footnotes":""},"class_list":["post-8968","page","type-page","status-publish","hentry"],"post_mailing_queue_ids":[],"_links":{"self":[{"href":"https:\/\/serveiseducatius.xtec.cat\/cda-bages\/wp-json\/wp\/v2\/pages\/8968","targetHints":{"allow":["GET"]}}],"collection":[{"href":"https:\/\/serveiseducatius.xtec.cat\/cda-bages\/wp-json\/wp\/v2\/pages"}],"about":[{"href":"https:\/\/serveiseducatius.xtec.cat\/cda-bages\/wp-json\/wp\/v2\/types\/page"}],"author":[{"embeddable":true,"href":"https:\/\/serveiseducatius.xtec.cat\/cda-bages\/wp-json\/wp\/v2\/users\/3"}],"replies":[{"embeddable":true,"href":"https:\/\/serveiseducatius.xtec.cat\/cda-bages\/wp-json\/wp\/v2\/comments?post=8968"}],"version-history":[{"count":4,"href":"https:\/\/serveiseducatius.xtec.cat\/cda-bages\/wp-json\/wp\/v2\/pages\/8968\/revisions"}],"predecessor-version":[{"id":9396,"href":"https:\/\/serveiseducatius.xtec.cat\/cda-bages\/wp-json\/wp\/v2\/pages\/8968\/revisions\/9396"}],"up":[{"embeddable":true,"href":"https:\/\/serveiseducatius.xtec.cat\/cda-bages\/wp-json\/wp\/v2\/pages\/160"}],"wp:attachment":[{"href":"https:\/\/serveiseducatius.xtec.cat\/cda-bages\/wp-json\/wp\/v2\/media?parent=8968"}],"curies":[{"name":"wp","href":"https:\/\/api.w.org\/{rel}","templated":true}]}}

&#8220;Què en fem dels nostres residus?&#8221; CM-CS 2019-20

<p>El <strong>curs 2019-2020</strong> s&#8217;han realitzat els <strong>Projectes compartits</strong> entre<strong> 13 escoles</strong> de la comarca (23 grups classe), el<strong> Camp d’Aprenentatge del Bages,</strong> el <strong>Consorci del Bages per a la gestió de residus</strong> i el <strong>Parc de la Sèquia</strong>. La temàtica  és sobre residus. Adreçats a l&#8217;alumnat de cicle mitjà i cicle superior de primària.</p>
<p>El títol dels projectes és <strong>“Què en fem dels nostres residus?”</strong></p>
<p>En aquests projectes l’alumnat té la possibilitat de descobrir com es gestionen els residus de la nostra comarca, com podem convertir-los en un recurs, perquè és important reduir, reutilitzar o practicar les 3Rs, experimentar amb diferents materials i prendre consciència de la importància de tancar el cicle de cadascun d’ells.</p>
<p><iframe loading="lazy" src="https://www.youtube.com/embed/A_GtfcI_xJ0" width="560" height="315" frameborder="0"></iframe></p>
<p>Els projectes han consistit en:</p>
<ul>
<li>Una trobada de coordinació al setembre.</li>
<li>Una sessió de formació adreçada als mestres, per part del Cap dels serveis tècnics del Consorci.</li>
<li>La resta de coordinació es realitza de forma telemàtica.</li>
<li>Treball amb l&#8217;alumnat, durant el segon trimestre:
<ul>
<li>Un treball previ realitzat a l’escola</li>
<li>3-4 dies d’activitat conjuntament amb el CdA Bages, el Consorci i Parc de la Sèquia, per cada escola.</li>
<li>Un treball posterior realitzat a l’escola.</li>
</ul>
</li>
<li>Una trobada d’avaluació al tercer trimestre.</li>
</ul>
<p><a href="https://drive.google.com/file/d/1G-i4r4ZVN-GS-SzYiD5ZLLzxYx31YoDh/view?usp=sharing" target="_blank" rel="noopener noreferrer"><strong>Activitats previstes per Cicle Mitjà (Seqüència Didàctica)</strong></a>:<br />
“Descoberta del Parc del Secà” (matí)<br />
“Taller de les propietats del materials-CM” (a l’escola, matí)<br />
“Deixalleria mòbil- les 3Rs” (a l’escola, matí o tarda)</p>
<p><a href="https://drive.google.com/file/d/1UZ0ALhjnIdQOAnYke236_WwVYU25ZysV/view?usp=sharing" target="_blank" rel="noopener noreferrer"><strong>Activitats previstes per Cicle Superior (Seqüència Didàctica)</strong></a>:<br />
“Parc ambiental de Bufalvent” (matí)<br />
“Taller de les propietats del materials-CS” (a l’escola, matí)<br />
“Reciclem l’oli fent sabó” (a l’escola, matí)<br />
“Deixalleria mòbil- les piles” (a l’escola, matí o tarda)</p>
<p>L’autocar de les sortides (Parc ambiental i Parc del Secà) va anar a càrrec del Consorci del Bages per a la gestió de residus.</p>
<p><strong>Trobada de coordinació </strong></p>
<div class="entry-content">
<p><img loading="lazy" decoding="async" class="aligncenter wp-image-9144 size-full" src="https://serveiseducatius.xtec.cat/cda-bages/wp-content/uploads/usu1387/2020/04/Trobada-coordinació-juntes.jpg" alt="" width="786" height="300" srcset="https://serveiseducatius.xtec.cat/cda-bages/wp-content/uploads/usu1387/2020/04/Trobada-coordinació-juntes.jpg 786w, https://serveiseducatius.xtec.cat/cda-bages/wp-content/uploads/usu1387/2020/04/Trobada-coordinació-juntes-300x115.jpg 300w, https://serveiseducatius.xtec.cat/cda-bages/wp-content/uploads/usu1387/2020/04/Trobada-coordinació-juntes-768x293.jpg 768w" sizes="auto, (max-width: 786px) 100vw, 786px" /></p>
<p>L&#8217;<strong>epítom</strong> que vàrem decidir conjuntament per aquest curs va ser que el CdA enviaria un paquet a cadascuna de les escoles, contenint una Terra i una carta adreçada a l&#8217;alumnat. La Terra estava plena de residus a l&#8217;interior i un &#8220;missatge secret&#8221;, que havien de desvelar i deia &#8220;SOS&#8221;. A partir de la reflexió, van sorgir preguntes i propostes per treballar el tema del residus, amb l&#8217;objectiu de poder ajudar a la Terra.</p>
<p><strong>Recull de recursos</strong></p>
<p>(<em>en procés de realització)</em></p>
<p><strong>Tancament dels projectes:</strong></p>
<p>Arrel del confinament, s&#8217;ha fet una proposta de tancament virtualment. L&#8217;activitat és a través de l’eina informàtica “PADLET”. Es proposa a l&#8217;alumnat de cada escola la següent tasca: Cal que facin propostes per ajudar al Planeta Terra a solucionar el problema de l’excés de residus que fem els humans. Per fer-ho, poden explicar i raonar la seva idea en format de vídeo, missatge de text, missatge de so, fotografies, dibuix&#8230;.</p>
<p>Als següents enllaços trobareu un model de padlet per cicle mitjà i un per cicle superior, on hi hem copiat una mostra de les propostes per ajudar a la Terra, fetes pels alumnes de les diferents escoles participants:</p>
<p><a href="https://padlet.com/a8902035/lgrrjrtbpdqvhf4v" target="_blank" rel="noopener noreferrer"><img loading="lazy" decoding="async" class="alignleft wp-image-9330 size-large" src="https://serveiseducatius.xtec.cat/cda-bages/wp-content/uploads/usu1387/2020/06/Captura-CM-1024x410.png" alt="" width="1024" height="410" srcset="https://serveiseducatius.xtec.cat/cda-bages/wp-content/uploads/usu1387/2020/06/Captura-CM-1024x410.png 1024w, https://serveiseducatius.xtec.cat/cda-bages/wp-content/uploads/usu1387/2020/06/Captura-CM-300x120.png 300w, https://serveiseducatius.xtec.cat/cda-bages/wp-content/uploads/usu1387/2020/06/Captura-CM-768x307.png 768w, https://serveiseducatius.xtec.cat/cda-bages/wp-content/uploads/usu1387/2020/06/Captura-CM.png 1570w" sizes="auto, (max-width: 1024px) 100vw, 1024px" /></a></p>
</div>
<p>&nbsp;</p>
<p><a href="https://padlet.com/a8902035/voaqz55mkclm8la5" target="_blank" rel="noopener noreferrer"><img loading="lazy" decoding="async" class="alignleft wp-image-9331 size-large" src="https://serveiseducatius.xtec.cat/cda-bages/wp-content/uploads/usu1387/2020/06/Captura-1024x455.png" alt="" width="1024" height="455" srcset="https://serveiseducatius.xtec.cat/cda-bages/wp-content/uploads/usu1387/2020/06/Captura-1024x455.png 1024w, https://serveiseducatius.xtec.cat/cda-bages/wp-content/uploads/usu1387/2020/06/Captura-300x133.png 300w, https://serveiseducatius.xtec.cat/cda-bages/wp-content/uploads/usu1387/2020/06/Captura-768x341.png 768w, https://serveiseducatius.xtec.cat/cda-bages/wp-content/uploads/usu1387/2020/06/Captura.png 1485w" sizes="auto, (max-width: 1024px) 100vw, 1024px" /></a></p>

<p>El curs 2019-2020 s&#8217;han realitzat els Projectes compartits entre 13 escoles de la comarca (23 grups classe), el Camp d’Aprenentatge del Bages, el Consorci del Bages per a la gestió de residus i el Parc de la Sèquia. La temàtica  és sobre residus. Adreçats a l&#8217;alumnat de cicle mitjà i cicle superior de primària. El títol dels projectes [&hellip;]</p>
