{"id":8578,"date":"2018-12-17T13:36:37","date_gmt":"2018-12-17T12:36:37","guid":{"rendered":"http:\/\/serveiseducatius.xtec.cat\/cda-bages\/?page_id=8578"},"modified":"2020-05-28T12:25:38","modified_gmt":"2020-05-28T10:25:38","slug":"models-destada","status":"publish","type":"page","link":"https:\/\/serveiseducatius.xtec.cat\/cda-bages\/modalitats\/estades\/models-destada\/","title":{"rendered":"Models d&#8217;estada"},"content":{"rendered":"<p>El Camp d\u2019Aprenentatge del Bages es troba en un entorn humanitzat. \u00c9s per aix\u00f2 que tant les estades, com els projectes compartits o les activitats d\u2019un dia amb centres de la comarca, tenen per objectiu donar a con\u00e8ixer i fomentar h\u00e0bits de minimitzaci\u00f3 de l\u2019impacte de les persones sobre el medi. Treballem de manera competencial en quatre \u00e0mbits principals, moltes vegades relacionats entre ells.<\/p>\n<p>Propostes\u00a0d&#8217;estades per \u00e0mbits, de diferents dies\u00a0i depenent del nivell educatiu. S&#8217;ajustaran segon el projecte educatiu del centre.<\/p>\n<p><iframe loading=\"lazy\" src=\"https:\/\/docs.google.com\/spreadsheets\/d\/1hdWJ8bWHKw1FfnXR1TglhwtxdvGDCrPccEXmTqLNFME\/pubhtml?widget=true&amp;headers=false\" width=\"575\" height=\"315\"><span data-mce-type=\"bookmark\" style=\"display: inline-block; width: 0px; overflow: hidden; line-height: 0;\" class=\"mce_SELRES_start\">\ufeff<\/span><span data-mce-type=\"bookmark\" style=\"display: inline-block; width: 0px; overflow: hidden; line-height: 0;\" class=\"mce_SELRES_start\">\ufeff<\/span><span data-mce-type=\"bookmark\" style=\"display: inline-block; width: 0px; overflow: hidden; line-height: 0;\" class=\"mce_SELRES_start\">\ufeff<\/span><span data-mce-type=\"bookmark\" style=\"display: inline-block; width: 0px; overflow: hidden; line-height: 0;\" class=\"mce_SELRES_start\">\ufeff<\/span><span data-mce-type=\"bookmark\" style=\"display: inline-block; width: 0px; overflow: hidden; line-height: 0;\" class=\"mce_SELRES_start\">\ufeff<\/span><span data-mce-type=\"bookmark\" style=\"display: inline-block; width: 0px; overflow: hidden; line-height: 0;\" class=\"mce_SELRES_start\">\ufeff<\/span><\/iframe><\/p>\n<p><span style=\"color: #0000ff;\"><strong>AIGUA<\/strong>:<\/span> Heu pensat d\u2019on ve l\u2019aigua que ens surt per l\u2019aixeta i cap on va la de la claveguera? A trav\u00e9s d\u2019itineraris, activitats o visites a les infraestructures necess\u00e0ries per assegurar l\u2019abastiment d\u2019aigua, respondrem aquestes preguntes i prendrem consci\u00e8ncia de com pot afectar la nostra actuaci\u00f3 a casa en la gesti\u00f3 de l\u2019aigua.<\/p>\n<p><strong>Quin \u00e9s el recorregut de l&#8217;aigua? <\/strong>(3 dies)\u00a0<strong>(CM)<\/strong><\/p>\n<table style=\"width: 584px;\">\n<tbody>\n<tr style=\"background-color: #c4c48d; height: 24px;\">\n<td style=\"text-align: center; width: 38px; height: 24px;\"><\/td>\n<td style=\"text-align: center; width: 153px; height: 24px;\">1r dia<\/td>\n<td style=\"text-align: center; width: 186px; height: 24px;\">2n dia<\/td>\n<td style=\"text-align: center; width: 167px; height: 24px;\">3r dia<\/td>\n<\/tr>\n<tr style=\"height: 48px;\">\n<td style=\"text-align: center; width: 38px; height: 48px;\">Mat\u00ed<\/td>\n<td style=\"text-align: center; width: 153px; height: 48px;\">Descoberta de l&#8217;aigua a la ciutat<\/td>\n<td style=\"text-align: center; width: 186px; height: 48px;\">Itinerari per la S\u00e8quia<\/td>\n<td style=\"text-align: center; width: 167px; height: 48px;\">Els guardians de la S\u00e8quia<\/td>\n<\/tr>\n<tr style=\"background-color: #dedede; height: 24.875px;\">\n<td style=\"text-align: center; width: 38px; height: 24.875px;\"><\/td>\n<td style=\"text-align: center; width: 153px; height: 24.875px;\"><\/td>\n<td style=\"text-align: center; width: 186px; height: 24.875px;\"><\/td>\n<td style=\"text-align: center; width: 167px; height: 24.875px;\"><\/td>\n<\/tr>\n<tr style=\"height: 48px;\">\n<td style=\"text-align: center; width: 38px; height: 48px;\">Tarda<\/td>\n<td style=\"text-align: center; width: 153px; height: 48px;\">Recorregut de l&#8217;aigua<\/td>\n<td style=\"text-align: center; width: 186px; height: 48px;\">Potabilitzaci\u00f3 al laboratori\u00a0+ visita a la Casa de la Culla<\/td>\n<td style=\"text-align: center; width: 167px; height: 48px;\"><\/td>\n<\/tr>\n<\/tbody>\n<\/table>\n<p><strong>Com portem l&#8217;aigua a la ciutat?<\/strong> (3 dies)<strong> (CS)<\/strong><\/p>\n<table style=\"height: 196px; width: 584px;\">\n<tbody>\n<tr style=\"background-color: #c4c48d;\">\n<td style=\"text-align: center; width: 43px;\"><\/td>\n<td style=\"text-align: center; width: 155px;\">1r dia<\/td>\n<td style=\"text-align: center; width: 167px;\">2n dia<\/td>\n<td style=\"text-align: center; width: 179px;\">3r dia<\/td>\n<\/tr>\n<tr>\n<td style=\"text-align: center; width: 43px;\">Mat\u00ed<\/td>\n<td style=\"text-align: center; width: 155px;\">Descoberta de l&#8217;aigua a la ciutat<\/td>\n<td style=\"text-align: center; width: 167px;\">Itinerari per la S\u00e8quia<\/td>\n<td style=\"text-align: center; width: 179px;\">Cardona: La Muntanya de sal i el castell<\/td>\n<\/tr>\n<tr style=\"background-color: #dedede;\">\n<td style=\"text-align: center; width: 43px;\"><\/td>\n<td style=\"text-align: center; width: 155px;\"><\/td>\n<td style=\"text-align: center; width: 167px;\"><\/td>\n<td style=\"text-align: center; width: 179px;\"><\/td>\n<\/tr>\n<tr>\n<td style=\"text-align: center; width: 43px;\">Tarda<\/td>\n<td style=\"text-align: center; width: 155px;\">Mans a les eines, constru\u00efm els dip\u00f2sits d&#8217;aigua<\/td>\n<td style=\"text-align: center; width: 167px;\">La vida en una gota d&#8217;aigua + Potabilitzaci\u00f3 al laboratori<\/td>\n<td style=\"text-align: center; width: 179px;\"><\/td>\n<\/tr>\n<\/tbody>\n<\/table>\n<p><strong>L&#8217;aigua del riu al riu passant per casa <\/strong>(3 dies)\u00a0<strong>(ESO)<\/strong><\/p>\n<table style=\"height: 162px;\" width=\"590\">\n<tbody>\n<tr style=\"background-color: #c4c48d;\">\n<td style=\"text-align: center; width: 56px;\"><\/td>\n<td style=\"text-align: center; width: 145px;\">1r dia<\/td>\n<td style=\"text-align: center; width: 196px;\">2n dia<\/td>\n<td style=\"text-align: center; width: 181px;\">3r dia<\/td>\n<\/tr>\n<tr>\n<td style=\"text-align: center; width: 56px;\">Mat\u00ed<\/td>\n<td style=\"text-align: center; width: 145px;\">Itinerari per la S\u00e8quia<\/td>\n<td style=\"text-align: center; width: 196px;\">La vida en una gota d&#8217;aigua i Potabilitzadora<\/td>\n<td style=\"text-align: center; width: 181px;\">Cardona: La Muntanya de sal i el castell<\/td>\n<\/tr>\n<tr style=\"background-color: #dedede;\">\n<td style=\"text-align: center; width: 56px;\"><\/td>\n<td style=\"text-align: center; width: 145px;\"><\/td>\n<td style=\"text-align: center; width: 196px;\"><\/td>\n<td style=\"text-align: center; width: 181px;\"><\/td>\n<\/tr>\n<tr>\n<td style=\"text-align: center; width: 56px;\">Tarda<\/td>\n<td style=\"text-align: center; width: 145px;\">Descoberta de l&#8217;aigua a la ciutat<\/td>\n<td style=\"text-align: center; width: 196px;\">La depuradora<\/td>\n<td style=\"text-align: center; width: 181px;\"><\/td>\n<\/tr>\n<\/tbody>\n<\/table>\n<p><span style=\"color: #008000;\"><strong>RESIDUS:<\/strong> <\/span>Qu\u00e8 se\u2019n fa dels residus que generem cada dia a casa nostra? S\u00f3n un problema o els podem convertir en un recurs? Els alumnes podran con\u00e8ixer el cicle dels materials, la gesti\u00f3 dels residus a la comarca del Bages i la import\u00e0ncia de reduir-los, reutilitzar-los o reciclar-los per minimitzar el nostre impacte sobre el medi.<\/p>\n<p><strong>Qu\u00e8 en fem dels nostres residus? <\/strong>(3 dies)\u00a0<strong>(CM)<\/strong><\/p>\n<table style=\"height: 196px;\" width=\"584\">\n<tbody>\n<tr style=\"background-color: #c4c48d;\">\n<td style=\"text-align: center; width: 37px;\"><\/td>\n<td style=\"text-align: center; width: 161px;\">1r dia<\/td>\n<td style=\"text-align: center; width: 134px;\">2n dia<\/td>\n<td style=\"text-align: center; width: 212px;\">3r dia<\/td>\n<\/tr>\n<tr>\n<td style=\"text-align: center; width: 37px;\">Mat\u00ed<\/td>\n<td style=\"text-align: center; width: 161px;\">Descoberta de Manresa<\/td>\n<td style=\"text-align: center; width: 134px;\">Itinerari per la S\u00e8quia<\/td>\n<td style=\"text-align: center; width: 212px;\">Descoberta del Parc del Sec\u00e0<\/td>\n<\/tr>\n<tr style=\"background-color: #dedede;\">\n<td style=\"text-align: center; width: 37px;\"><\/td>\n<td style=\"text-align: center; width: 161px;\"><\/td>\n<td style=\"text-align: center; width: 134px;\"><\/td>\n<td style=\"text-align: center; width: 212px;\"><\/td>\n<\/tr>\n<tr>\n<td style=\"text-align: center; width: 37px;\">Tarda<\/td>\n<td style=\"text-align: center; width: 161px;\">Propietats dels materials<\/td>\n<td style=\"text-align: center; width: 134px;\">\u00a0visita a la Casa de la Culla<\/td>\n<td style=\"text-align: center; width: 212px;\"><\/td>\n<\/tr>\n<\/tbody>\n<\/table>\n<p><strong>Residus: problema o oportunitat?\u00a0<\/strong>(3 dies)\u00a0<strong>(CS i ESO)<\/strong><\/p>\n<table style=\"height: 196px;\" width=\"584\">\n<tbody>\n<tr style=\"background-color: #c4c48d;\">\n<td style=\"text-align: center; width: 37px;\"><\/td>\n<td style=\"text-align: center; width: 161px;\">1r dia<\/td>\n<td style=\"text-align: center; width: 134px;\">2n dia<\/td>\n<td style=\"text-align: center; width: 212px;\">3r dia<\/td>\n<\/tr>\n<tr>\n<td style=\"text-align: center; width: 37px;\">Mat\u00ed<\/td>\n<td style=\"text-align: center; width: 161px;\">Parc Ambiental de Bufalvent<\/td>\n<td style=\"text-align: center; width: 134px;\">Itinerari per la S\u00e8quia<\/td>\n<td style=\"text-align: center; width: 212px;\">Cardona: La Muntanya de sal i el castell<\/td>\n<\/tr>\n<tr style=\"background-color: #dedede;\">\n<td style=\"text-align: center; width: 37px;\"><\/td>\n<td style=\"text-align: center; width: 161px;\"><\/td>\n<td style=\"text-align: center; width: 134px;\"><\/td>\n<td style=\"text-align: center; width: 212px;\"><\/td>\n<\/tr>\n<tr>\n<td style=\"text-align: center; width: 37px;\">Tarda<\/td>\n<td style=\"text-align: center; width: 161px;\">Materials geol\u00f2gics i les seves aplicacions<\/td>\n<td style=\"text-align: center; width: 134px;\">Reciclem l&#8217;oli, fent sab\u00f3 + visita a la Casa de la Culla<\/td>\n<td style=\"text-align: center; width: 212px;\"><\/td>\n<\/tr>\n<\/tbody>\n<\/table>\n<p><b>Com es gestionen els residus a la ciutat?<\/b>\u00a0(2 dies) <strong>(Batxillerat)<\/strong><\/p>\n<table>\n<tbody>\n<tr style=\"background-color: #dddd9b;\">\n<td style=\"text-align: center;\"><\/td>\n<td style=\"text-align: center;\">1r dia<\/td>\n<td style=\"text-align: center;\">2n dia<\/td>\n<\/tr>\n<tr>\n<td style=\"text-align: center;\">Mat\u00ed<\/td>\n<td style=\"text-align: center;\">Parc Ambiental Bufalvent<\/td>\n<td style=\"text-align: center;\">Planta de reciclatge de frigor\u00edfics<\/td>\n<\/tr>\n<tr style=\"background-color: #dedede;\">\n<td style=\"text-align: center;\"><\/td>\n<td style=\"text-align: center;\"><\/td>\n<td style=\"text-align: center;\"><\/td>\n<\/tr>\n<tr>\n<td style=\"text-align: center;\">Tarda<\/td>\n<td style=\"text-align: center;\">Depuradora de Manresa<\/td>\n<td style=\"text-align: center;\"><\/td>\n<\/tr>\n<\/tbody>\n<\/table>\n<p><span style=\"color: #800000;\"><strong>GEOLOGIA:<\/strong><\/span> La geologia ens envolta? Ens calen materials geol\u00f2gics per poder fabricar molts dels objectes que utilitzem habitualment? A trav\u00e9s d\u2019activitats o itineraris per indrets del Geoparc de la Catalunya Central els alumnes descobriran la import\u00e0ncia de la geologia en la nostra vida quotidiana i la necessitat de gestionar aquests recursos que no s\u00f3n renovables.<\/p>\n<p><strong> La geologia ens envolta? Descoberta del Geoparc<\/strong>\u00a0(3 dies)<strong> (CS i ESO)<\/strong><\/p>\n<table style=\"height: 160px;\" width=\"591\">\n<tbody>\n<tr style=\"background-color: #c4c48d;\">\n<td style=\"text-align: center; width: 38px;\"><\/td>\n<td style=\"text-align: center; width: 204px;\">1r dia<\/td>\n<td style=\"text-align: center; width: 123px;\">2n dia<\/td>\n<td style=\"text-align: center; width: 179px;\">3r dia<\/td>\n<\/tr>\n<tr>\n<td style=\"text-align: center; width: 38px;\">Mat\u00ed<\/td>\n<td style=\"text-align: center; width: 204px;\">Itinerari de geologia urbana<\/td>\n<td style=\"text-align: center; width: 123px;\">Itinerari geol\u00f2gic de S\u00faria<\/td>\n<td style=\"text-align: center; width: 179px;\">Cardona: La Muntanya de sal i el castell<\/td>\n<\/tr>\n<tr style=\"background-color: #dedede;\">\n<td style=\"text-align: center; width: 38px;\"><\/td>\n<td style=\"text-align: center; width: 204px;\"><\/td>\n<td style=\"text-align: center; width: 123px;\"><\/td>\n<td style=\"text-align: center; width: 179px;\"><\/td>\n<\/tr>\n<tr>\n<td style=\"text-align: center; width: 38px;\">Tarda<\/td>\n<td style=\"text-align: center; width: 204px;\">Materials geol\u00f2gics i les seves aplicacions<\/td>\n<td style=\"text-align: center; width: 123px;\">Taller de guix<\/td>\n<td style=\"text-align: center; width: 179px;\"><\/td>\n<\/tr>\n<\/tbody>\n<\/table>\n<p><strong>Els materials geol\u00f2gics, s\u00f3n un recurs finit?<\/strong> (2 dies) <strong>(Batxillerat)<\/strong><\/p>\n<table>\n<tbody>\n<tr style=\"background-color: #dddd9b; height: 24px;\">\n<td style=\"text-align: center; width: 49px; height: 24px;\"><\/td>\n<td style=\"text-align: center; width: 292px; height: 24px;\">1r dia<\/td>\n<td style=\"text-align: center; width: 213px; height: 24px;\">2n dia<\/td>\n<\/tr>\n<tr style=\"height: 24px;\">\n<td style=\"text-align: center; width: 49px; height: 24px;\">Mat\u00ed<\/td>\n<td style=\"text-align: center; width: 292px; height: 24px;\">Itinerari geol\u00f2gic (Art\u00e9s o Cardona)<\/td>\n<td style=\"text-align: center; width: 213px; height: 24px;\">Parc Ambiental Bufalvent<\/td>\n<\/tr>\n<tr style=\"background-color: #dedede; height: 24px;\">\n<td style=\"text-align: center; width: 49px; height: 24px;\"><\/td>\n<td style=\"text-align: center; width: 292px; height: 24px;\"><\/td>\n<td style=\"text-align: center; width: 213px; height: 24px;\"><\/td>\n<\/tr>\n<tr style=\"height: 24.125px;\">\n<td style=\"text-align: center; width: 49px; height: 24.125px;\">Tarda<\/td>\n<td style=\"text-align: center; width: 292px; height: 24.125px;\">Itinerari de geologia urbana<\/td>\n<td style=\"text-align: center; width: 213px; height: 24.125px;\"><\/td>\n<\/tr>\n<\/tbody>\n<\/table>\n<p><span style=\"color: #333399;\"><strong>LA MASIA:<\/strong>\u00a0<\/span><span style=\"color: #000000;\">Com vivien els nostres avis? La Culla era una de les masies m\u00e9s importants de la rodalia de Manresa. A trav\u00e9s d\u2019activitats o d\u2019un recorregut per la casa, podrem comparar el nostre model de vida amb el d\u2019aquelles persones que hi van viure fa molts anys i con\u00e8ixer l\u2019origen i l\u2019obtenci\u00f3 d\u2019alguns dels nostres aliments, dins d\u2019un model de producci\u00f3 d\u2019autosufici\u00e8ncia.<\/span><\/p>\n<p><strong>Qu\u00e8 trobem al rebost de La Culla?\u00a0<\/strong>(2 dies) <strong>(CM)<br \/>\n<\/strong><\/p>\n<table style=\"border-color: #000000; background-color: #fcfcfc; height: 148px;\" width=\"584\">\n<tbody>\n<tr style=\"background-color: #c4c48d;\">\n<td style=\"text-align: center; width: 64px;\"><\/td>\n<td style=\"text-align: center; width: 312px;\">1r dia<\/td>\n<td style=\"text-align: center; width: 178px;\">2n dia<\/td>\n<\/tr>\n<tr>\n<td style=\"text-align: center; width: 64px;\">Mat\u00ed<\/td>\n<td style=\"text-align: center; width: 312px;\">L&#8217;hort i la granja<\/td>\n<td style=\"text-align: center; width: 178px;\">El Parc del Sec\u00e0<\/td>\n<\/tr>\n<tr style=\"height: 2px; background-color: #dedede;\">\n<td style=\"text-align: center; width: 64px;\"><\/td>\n<td style=\"text-align: center; width: 312px;\"><\/td>\n<td style=\"text-align: center; width: 178px;\"><\/td>\n<\/tr>\n<tr>\n<td style=\"text-align: center; width: 64px;\">Tarda<\/td>\n<td style=\"text-align: center; width: 312px;\">La casa i el cistell de La Culla<\/td>\n<td style=\"text-align: center; width: 178px;\"><\/td>\n<\/tr>\n<\/tbody>\n<\/table>\n<p><strong><span style=\"color: #993366;\">LA VINYA: <\/strong>\u00a0<\/span><span style=\"color: #000000;\">Com es fa el vi? El fem igual avui que fa cent anys? Perqu\u00e8 el vi t\u00e9 alcohol? La casa de la Culla disposa d&#8217;una petita vinya i les instal\u00b7lacions tradicionals del proc\u00e9s d&#8217;elaboraci\u00f3 del vi que ens ajudaran a donar respost a les preguntes anteriors. Compararem les instal\u00b7lacions de la Culla\u00a0amb una metodologia de producci\u00f3 totalment actual quan visitem un Celler de la DO Pla de Bages i farem petites investigacions al laboratori per analitzar el vi des d&#8217;una altra \u00f2ptica.<\/span><\/p>\n<p><strong>De la vinya al celler. Per qu\u00e8 el vi t\u00e9 alcohol?<\/strong><\/p>\n<table style=\"height: 160px;\" width=\"591\">\n<tbody>\n<tr style=\"background-color: #c4c48d;\">\n<td style=\"text-align: center; width: 38px;\"><\/td>\n<td style=\"text-align: center; width: 204px;\">1r dia<\/td>\n<td style=\"text-align: center; width: 123px;\">2n dia<\/td>\n<td style=\"text-align: center; width: 179px;\">3r dia<\/td>\n<\/tr>\n<tr>\n<td style=\"text-align: center; width: 38px;\">Mat\u00ed<\/td>\n<td style=\"text-align: center; width: 204px;\">Descoberta de Manresa<\/td>\n<td style=\"text-align: center; width: 123px;\">Itinerari per la Vall del Flequer<\/td>\n<td style=\"text-align: center; width: 179px;\">Laboratori: observaci\u00f3 de llevats, destil\u00b7laci\u00f3 del vi i determinaci\u00f3 del seu grau alcoh\u00f2lic<\/td>\n<\/tr>\n<tr style=\"background-color: #dedede;\">\n<td style=\"text-align: center; width: 38px;\"><\/td>\n<td style=\"text-align: center; width: 204px;\"><\/td>\n<td style=\"text-align: center; width: 123px;\"><\/td>\n<td style=\"text-align: center; width: 179px;\"><\/td>\n<\/tr>\n<tr>\n<td style=\"text-align: center; width: 38px;\">Tarda<\/td>\n<td style=\"text-align: center; width: 204px;\">Visita a un celler de la DO Pla de Bages<\/td>\n<td style=\"text-align: center; width: 123px;\">El proc\u00e9s d&#8217;elaboraci\u00f3 del vi tradicional<\/td>\n<td style=\"text-align: center; width: 179px;\"><\/td>\n<\/tr>\n<\/tbody>\n<\/table>\n<p>&nbsp;<\/p>\n","protected":false},"excerpt":{"rendered":"<p>El Camp d\u2019Aprenentatge del Bages es troba en un entorn humanitzat. \u00c9s per aix\u00f2 que tant les estades, com els projectes compartits o les activitats d\u2019un dia amb centres de la comarca, tenen per objectiu donar a con\u00e8ixer i fomentar h\u00e0bits de minimitzaci\u00f3 de l\u2019impacte de les persones sobre el medi. Treballem de manera competencial [&hellip;]<\/p>\n","protected":false},"author":3,"featured_media":0,"parent":157,"menu_order":10,"comment_status":"closed","ping_status":"closed","template":"page-templates\/side-menu.php","meta":{"_bbp_topic_count":0,"_bbp_reply_count":0,"_bbp_total_topic_count":0,"_bbp_total_reply_count":0,"_bbp_voice_count":0,"_bbp_anonymous_reply_count":0,"_bbp_topic_count_hidden":0,"_bbp_reply_count_hidden":0,"_bbp_forum_subforum_count":0,"site-sidebar-layout":"default","site-content-layout":"","ast-site-content-layout":"","site-content-style":"default","site-sidebar-style":"default","ast-global-header-display":"","ast-banner-title-visibility":"","ast-main-header-display":"","ast-hfb-above-header-display":"","ast-hfb-below-header-display":"","ast-hfb-mobile-header-display":"","site-post-title":"","ast-breadcrumbs-content":"","ast-featured-img":"","footer-sml-layout":"","theme-transparent-header-meta":"","adv-header-id-meta":"","stick-header-meta":"","header-above-stick-meta":"","header-main-stick-meta":"","header-below-stick-meta":"","astra-migrate-meta-layouts":"default","ast-page-background-enabled":"default","ast-page-background-meta":{"desktop":{"background-color":"var(--ast-global-color-4)","background-image":"","background-repeat":"repeat","background-position":"center center","background-size":"auto","background-attachment":"scroll","background-type":"","background-media":"","overlay-type":"","overlay-color":"","overlay-opacity":"","overlay-gradient":""},"tablet":{"background-color":"","background-image":"","background-repeat":"repeat","background-position":"center center","background-size":"auto","background-attachment":"scroll","background-type":"","background-media":"","overlay-type":"","overlay-color":"","overlay-opacity":"","overlay-gradient":""},"mobile":{"background-color":"","background-image":"","background-repeat":"repeat","background-position":"center center","background-size":"auto","background-attachment":"scroll","background-type":"","background-media":"","overlay-type":"","overlay-color":"","overlay-opacity":"","overlay-gradient":""}},"ast-content-background-meta":{"desktop":{"background-color":"var(--ast-global-color-5)","background-image":"","background-repeat":"repeat","background-position":"center center","background-size":"auto","background-attachment":"scroll","background-type":"","background-media":"","overlay-type":"","overlay-color":"","overlay-opacity":"","overlay-gradient":""},"tablet":{"background-color":"var(--ast-global-color-5)","background-image":"","background-repeat":"repeat","background-position":"center center","background-size":"auto","background-attachment":"scroll","background-type":"","background-media":"","overlay-type":"","overlay-color":"","overlay-opacity":"","overlay-gradient":""},"mobile":{"background-color":"var(--ast-global-color-5)","background-image":"","background-repeat":"repeat","background-position":"center center","background-size":"auto","background-attachment":"scroll","background-type":"","background-media":"","overlay-type":"","overlay-color":"","overlay-opacity":"","overlay-gradient":""}},"footnotes":""},"class_list":["post-8578","page","type-page","status-publish","hentry"],"post_mailing_queue_ids":[],"_links":{"self":[{"href":"https:\/\/serveiseducatius.xtec.cat\/cda-bages\/wp-json\/wp\/v2\/pages\/8578","targetHints":{"allow":["GET"]}}],"collection":[{"href":"https:\/\/serveiseducatius.xtec.cat\/cda-bages\/wp-json\/wp\/v2\/pages"}],"about":[{"href":"https:\/\/serveiseducatius.xtec.cat\/cda-bages\/wp-json\/wp\/v2\/types\/page"}],"author":[{"embeddable":true,"href":"https:\/\/serveiseducatius.xtec.cat\/cda-bages\/wp-json\/wp\/v2\/users\/3"}],"replies":[{"embeddable":true,"href":"https:\/\/serveiseducatius.xtec.cat\/cda-bages\/wp-json\/wp\/v2\/comments?post=8578"}],"version-history":[{"count":4,"href":"https:\/\/serveiseducatius.xtec.cat\/cda-bages\/wp-json\/wp\/v2\/pages\/8578\/revisions"}],"predecessor-version":[{"id":9328,"href":"https:\/\/serveiseducatius.xtec.cat\/cda-bages\/wp-json\/wp\/v2\/pages\/8578\/revisions\/9328"}],"up":[{"embeddable":true,"href":"https:\/\/serveiseducatius.xtec.cat\/cda-bages\/wp-json\/wp\/v2\/pages\/157"}],"wp:attachment":[{"href":"https:\/\/serveiseducatius.xtec.cat\/cda-bages\/wp-json\/wp\/v2\/media?parent=8578"}],"curies":[{"name":"wp","href":"https:\/\/api.w.org\/{rel}","templated":true}]}}