{"id":10417,"date":"2025-07-08T16:52:51","date_gmt":"2025-07-08T14:52:51","guid":{"rendered":"https:\/\/serveiseducatius.xtec.cat\/cda-bages\/?page_id=10417"},"modified":"2025-09-05T15:01:47","modified_gmt":"2025-09-05T13:01:47","slug":"la-nostra-historia","status":"publish","type":"page","link":"https:\/\/serveiseducatius.xtec.cat\/cda-bages\/presentacio\/la-nostra-historia\/","title":{"rendered":"La nostra hist\u00f2ria"},"content":{"rendered":"\n<div class=\"wp-block-getwid-tabs\" data-active-tab=\"0\"><ul class=\"wp-block-getwid-tabs__nav-links\"><\/ul>\n<div class=\"wp-block-getwid-tabs__nav-link\"><span class=\"wp-block-getwid-tabs__title-wrapper\"><a href=\"#\"><span class=\"wp-block-getwid-tabs__title\">El CdA<\/span><\/a><\/span><\/div><div class=\"wp-block-getwid-tabs__tab-content-wrapper\"><div class=\"wp-block-getwid-tabs__tab-content\">\n<p>La Casa de La Culla, propietat de l&#8217;ajuntament de Manresa, va obrir les seves portes com a equipament d&#8217;educaci\u00f3 ambiental el 1984. El primer ajuntament democr\u00e0tic de Manresa es va fer c\u00e0rrec de la rehabilitaci\u00f3 de la casa i va crear una comissi\u00f3 interdisciplinar (amb mestres, pagesos i bi\u00f2legs) a qui va encarregar el projecte de <strong>la Casa de la Natura del Bages<\/strong>.<\/p>\n\n\n\n<p>El 1991 la gesti\u00f3 de la Culla passa de l&#8217;ajuntament de Manresa al Consell Comarcal del Bages.<\/p>\n\n\n\n<p>El 1993, arrel d&#8217;un conveni entre el Consell Comarcal del Bages i el Departament d&#8217;Educaci\u00f3 de la Generalitat, es crea el <strong>Camp d&#8217;Aprenentatge del Bages<\/strong>, que segueix fent educaci\u00f3 ambiental formant part de la xarxa de Camps d&#8217;Aprenentatge de Catalunya.<\/p>\n\n\n\n<p>A partir del 2002 s&#8217;estableix un acord de col\u00b7laboraci\u00f3 entre el Camp d&#8217;Aprenentatge del Bages i el <strong>Consorci del Bages per a la gesti\u00f3 de residus<\/strong>, que segueix vigent.<\/p>\n\n\n\n<p>De forma semblant, el 2005, s&#8217;estableix un acord de col\u00b7laboraci\u00f3 amb l&#8217;<strong>Aig\u00fces de Manresa<\/strong> i posteriorment, el 2011, l&#8217;acord s&#8217;estableix amb la <strong>Fundaci\u00f3 Aig\u00fces de Manresa-Junta de la S\u00e8quia<\/strong>.<\/p>\n\n\n\n<p>Les tres entitats fem <strong>Xarxa al Bages per l&#8217;Educaci\u00f3 Ambiental<\/strong>.<\/p>\n\n\n\n<figure class=\"wp-block-image alignleft size-full is-resized\"><a href=\"https:\/\/agora.xtec.cat\/form0476\/wp-content\/uploads\/usu3135\/2025\/02\/logo-nou.png\"><img decoding=\"async\" src=\"https:\/\/agora.xtec.cat\/form0476\/wp-content\/uploads\/usu3135\/2025\/02\/logo-nou.png\" alt=\"\" class=\"wp-image-1739\" style=\"width:155px;height:auto\"\/><\/a><\/figure>\n\n\n\n<p>El 2016 el Consell Comarcal rescindeix el conveni amb l&#8217;Ajuntament per gestionar la Casa de la Culla i la seva gesti\u00f3 passa a la Fundaci\u00f3 Aig\u00fces de Manresa-Junta de la S\u00e8quia.<\/p>\n<\/div><\/div>\n\n\n\n<div class=\"wp-block-getwid-tabs__nav-link\"><span class=\"wp-block-getwid-tabs__title-wrapper\"><a href=\"#\"><span class=\"wp-block-getwid-tabs__title\">La Culla<\/span><\/a><\/span><\/div><div class=\"wp-block-getwid-tabs__tab-content-wrapper\"><div class=\"wp-block-getwid-tabs__tab-content\">\n<p>La Culla \u00e9s una antiga masia fortificada envoltada d\u2019una hect\u00e0rea de conreu, t\u00edpica de la Catalunya central. Documentada ja en el segle XIV constitueix un darrer testimoni d\u2019una gran finca agr\u00e0ria especialitzada, a finals del s. XIX, en el conreu de la vinya i l\u2019elaboraci\u00f3 de vi. Actualment integrada a la trama urbana \u00e9s un dels edificis singulars de Manresa<\/p>\n\n\n\n<div class=\"wp-block-buttons is-layout-flex wp-block-buttons-is-layout-flex\">\n<div class=\"wp-block-button\"><a class=\"wp-block-button__link has-text-align-center wp-element-button\" href=\"https:\/\/drive.google.com\/file\/d\/0BzWPKr0lE8MKNjF2N2tNVDlXYUU\/edit?usp=sharing\">Per saber-ne m\u00e9s<\/a><\/div>\n<\/div>\n\n\n\n<p><\/p>\n<\/div><\/div>\n<\/div>\n","protected":false},"excerpt":{"rendered":"","protected":false},"author":3,"featured_media":0,"parent":8514,"menu_order":0,"comment_status":"closed","ping_status":"closed","template":"","meta":{"_bbp_topic_count":0,"_bbp_reply_count":0,"_bbp_total_topic_count":0,"_bbp_total_reply_count":0,"_bbp_voice_count":0,"_bbp_anonymous_reply_count":0,"_bbp_topic_count_hidden":0,"_bbp_reply_count_hidden":0,"_bbp_forum_subforum_count":0,"site-sidebar-layout":"default","site-content-layout":"","ast-site-content-layout":"default","site-content-style":"default","site-sidebar-style":"default","ast-global-header-display":"","ast-banner-title-visibility":"","ast-main-header-display":"","ast-hfb-above-header-display":"","ast-hfb-below-header-display":"","ast-hfb-mobile-header-display":"","site-post-title":"","ast-breadcrumbs-content":"","ast-featured-img":"","footer-sml-layout":"","theme-transparent-header-meta":"","adv-header-id-meta":"","stick-header-meta":"","header-above-stick-meta":"","header-main-stick-meta":"","header-below-stick-meta":"","astra-migrate-meta-layouts":"set","ast-page-background-enabled":"default","ast-page-background-meta":{"desktop":{"background-color":"var(--ast-global-color-4)","background-image":"","background-repeat":"repeat","background-position":"center center","background-size":"auto","background-attachment":"scroll","background-type":"","background-media":"","overlay-type":"","overlay-color":"","overlay-opacity":"","overlay-gradient":""},"tablet":{"background-color":"","background-image":"","background-repeat":"repeat","background-position":"center center","background-size":"auto","background-attachment":"scroll","background-type":"","background-media":"","overlay-type":"","overlay-color":"","overlay-opacity":"","overlay-gradient":""},"mobile":{"background-color":"","background-image":"","background-repeat":"repeat","background-position":"center center","background-size":"auto","background-attachment":"scroll","background-type":"","background-media":"","overlay-type":"","overlay-color":"","overlay-opacity":"","overlay-gradient":""}},"ast-content-background-meta":{"desktop":{"background-color":"var(--ast-global-color-5)","background-image":"","background-repeat":"repeat","background-position":"center center","background-size":"auto","background-attachment":"scroll","background-type":"","background-media":"","overlay-type":"","overlay-color":"","overlay-opacity":"","overlay-gradient":""},"tablet":{"background-color":"var(--ast-global-color-5)","background-image":"","background-repeat":"repeat","background-position":"center center","background-size":"auto","background-attachment":"scroll","background-type":"","background-media":"","overlay-type":"","overlay-color":"","overlay-opacity":"","overlay-gradient":""},"mobile":{"background-color":"var(--ast-global-color-5)","background-image":"","background-repeat":"repeat","background-position":"center center","background-size":"auto","background-attachment":"scroll","background-type":"","background-media":"","overlay-type":"","overlay-color":"","overlay-opacity":"","overlay-gradient":""}},"footnotes":""},"class_list":["post-10417","page","type-page","status-publish","hentry"],"post_mailing_queue_ids":[],"_links":{"self":[{"href":"https:\/\/serveiseducatius.xtec.cat\/cda-bages\/wp-json\/wp\/v2\/pages\/10417","targetHints":{"allow":["GET"]}}],"collection":[{"href":"https:\/\/serveiseducatius.xtec.cat\/cda-bages\/wp-json\/wp\/v2\/pages"}],"about":[{"href":"https:\/\/serveiseducatius.xtec.cat\/cda-bages\/wp-json\/wp\/v2\/types\/page"}],"author":[{"embeddable":true,"href":"https:\/\/serveiseducatius.xtec.cat\/cda-bages\/wp-json\/wp\/v2\/users\/3"}],"replies":[{"embeddable":true,"href":"https:\/\/serveiseducatius.xtec.cat\/cda-bages\/wp-json\/wp\/v2\/comments?post=10417"}],"version-history":[{"count":5,"href":"https:\/\/serveiseducatius.xtec.cat\/cda-bages\/wp-json\/wp\/v2\/pages\/10417\/revisions"}],"predecessor-version":[{"id":10493,"href":"https:\/\/serveiseducatius.xtec.cat\/cda-bages\/wp-json\/wp\/v2\/pages\/10417\/revisions\/10493"}],"up":[{"embeddable":true,"href":"https:\/\/serveiseducatius.xtec.cat\/cda-bages\/wp-json\/wp\/v2\/pages\/8514"}],"wp:attachment":[{"href":"https:\/\/serveiseducatius.xtec.cat\/cda-bages\/wp-json\/wp\/v2\/media?parent=10417"}],"curies":[{"name":"wp","href":"https:\/\/api.w.org\/{rel}","templated":true}]}}

La nostra història

<div class="wp-block-getwid-tabs" data-active-tab="0"><ul class="wp-block-getwid-tabs__nav-links"></ul>
<div class="wp-block-getwid-tabs__nav-link"><span class="wp-block-getwid-tabs__title-wrapper"><a href="#"><span class="wp-block-getwid-tabs__title">El CdA</span></a></span></div><div class="wp-block-getwid-tabs__tab-content-wrapper"><div class="wp-block-getwid-tabs__tab-content">
<p>La Casa de La Culla, propietat de l&#8217;ajuntament de Manresa, va obrir les seves portes com a equipament d&#8217;educació ambiental el 1984. El primer ajuntament democràtic de Manresa es va fer càrrec de la rehabilitació de la casa i va crear una comissió interdisciplinar (amb mestres, pagesos i biòlegs) a qui va encarregar el projecte de <strong>la Casa de la Natura del Bages</strong>.</p>



<p>El 1991 la gestió de la Culla passa de l&#8217;ajuntament de Manresa al Consell Comarcal del Bages.</p>



<p>El 1993, arrel d&#8217;un conveni entre el Consell Comarcal del Bages i el Departament d&#8217;Educació de la Generalitat, es crea el <strong>Camp d&#8217;Aprenentatge del Bages</strong>, que segueix fent educació ambiental formant part de la xarxa de Camps d&#8217;Aprenentatge de Catalunya.</p>



<p>A partir del 2002 s&#8217;estableix un acord de col·laboració entre el Camp d&#8217;Aprenentatge del Bages i el <strong>Consorci del Bages per a la gestió de residus</strong>, que segueix vigent.</p>



<p>De forma semblant, el 2005, s&#8217;estableix un acord de col·laboració amb l&#8217;<strong>Aigües de Manresa</strong> i posteriorment, el 2011, l&#8217;acord s&#8217;estableix amb la <strong>Fundació Aigües de Manresa-Junta de la Sèquia</strong>.</p>



<p>Les tres entitats fem <strong>Xarxa al Bages per l&#8217;Educació Ambiental</strong>.</p>



<figure class="wp-block-image alignleft size-full is-resized"><a href="https://agora.xtec.cat/form0476/wp-content/uploads/usu3135/2025/02/logo-nou.png"><img decoding="async" src="https://agora.xtec.cat/form0476/wp-content/uploads/usu3135/2025/02/logo-nou.png" alt="" class="wp-image-1739" style="width:155px;height:auto"/></a></figure>



<p>El 2016 el Consell Comarcal rescindeix el conveni amb l&#8217;Ajuntament per gestionar la Casa de la Culla i la seva gestió passa a la Fundació Aigües de Manresa-Junta de la Sèquia.</p>
</div></div>



<div class="wp-block-getwid-tabs__nav-link"><span class="wp-block-getwid-tabs__title-wrapper"><a href="#"><span class="wp-block-getwid-tabs__title">La Culla</span></a></span></div><div class="wp-block-getwid-tabs__tab-content-wrapper"><div class="wp-block-getwid-tabs__tab-content">
<p>La Culla és una antiga masia fortificada envoltada d’una hectàrea de conreu, típica de la Catalunya central. Documentada ja en el segle XIV constitueix un darrer testimoni d’una gran finca agrària especialitzada, a finals del s. XIX, en el conreu de la vinya i l’elaboració de vi. Actualment integrada a la trama urbana és un dels edificis singulars de Manresa</p>



<div class="wp-block-buttons is-layout-flex wp-block-buttons-is-layout-flex">
<div class="wp-block-button"><a class="wp-block-button__link has-text-align-center wp-element-button" href="https://drive.google.com/file/d/0BzWPKr0lE8MKNjF2N2tNVDlXYUU/edit?usp=sharing">Per saber-ne més</a></div>
</div>



<p></p>
</div></div>
</div>
